{"id":145,"date":"2014-09-24T13:59:11","date_gmt":"2014-09-24T11:59:11","guid":{"rendered":"http:\/\/semmelweis.hu\/gyogyszereszeti-intezet\/?page_id=145"},"modified":"2024-12-09T14:00:51","modified_gmt":"2024-12-09T13:00:51","slug":"szakdolgozati_temak","status":"publish","type":"page","link":"https:\/\/semmelweis.hu\/gyogyszereszeti-intezet\/oktatas\/szakdolgozati_temak\/","title":{"rendered":"Szakdolgozat"},"content":{"rendered":"<p><a href=\"https:\/\/semmelweis.hu\/gyogyszereszeti-intezet\/files\/2021\/09\/Szakdolgozat-k\u00e9relem-MINTA_magyar.doc\">Szakdolgozat k\u00e9relem minta<\/a><\/p>\n<p style=\"text-align: left\"><a href=\"https:\/\/semmelweis.hu\/gyogyszereszeti-intezet\/files\/2024\/12\/Szakdolgozat-cimek_-2024.pdf\">V\u00e1laszthat\u00f3 szakdolgozati t\u00e9m\u00e1k a Gy\u00f3gyszer\u00e9szeti Int\u00e9zetben, 2024\/2025<\/a><\/p>\n<p>&nbsp;<\/p>\n<p>&nbsp;<\/p>\n<p>&nbsp;<\/p>\n<p>&nbsp;<\/p>\n<p>&nbsp;<\/p>\n","protected":false},"excerpt":{"rendered":"<p><a href=\"https:\/\/semmelweis.hu\/gyogyszereszeti-intezet\/files\/2021\/09\/Szakdolgozat-k\u00e9relem-MINTA_magyar.doc\">Szakdolgozat k\u00e9relem minta<\/a><br \/>\n<a href=\"https:\/\/semmelweis.hu\/gyogyszereszeti-intezet\/files\/2024\/12\/Szakdolgozat-cimek_-2024.pdf\">V\u00e1laszthat\u00f3 szakdolgozati t\u00e9m\u00e1k a Gy\u00f3gyszer\u00e9szeti Int\u00e9zetben, 2024\/2025<\/a><br \/>\n&nbsp;<br \/>\n&nbsp;<br \/>\n&nbsp;<br \/>\n&nbsp;<br \/>\n&nbsp;<\/p>\n","protected":false},"author":114,"featured_media":0,"parent":7,"menu_order":13,"comment_status":"closed","ping_status":"closed","template":"","meta":{"_acf_changed":false,"footnotes":""},"categories":[],"tags":[],"class_list":["post-145","page","type-page","status-publish","hentry"],"acf":[],"_links":{"self":[{"href":"https:\/\/semmelweis.hu\/gyogyszereszeti-intezet\/wp-json\/wp\/v2\/pages\/145","targetHints":{"allow":["GET"]}}],"collection":[{"href":"https:\/\/semmelweis.hu\/gyogyszereszeti-intezet\/wp-json\/wp\/v2\/pages"}],"about":[{"href":"https:\/\/semmelweis.hu\/gyogyszereszeti-intezet\/wp-json\/wp\/v2\/types\/page"}],"author":[{"embeddable":true,"href":"https:\/\/semmelweis.hu\/gyogyszereszeti-intezet\/wp-json\/wp\/v2\/users\/114"}],"replies":[{"embeddable":true,"href":"https:\/\/semmelweis.hu\/gyogyszereszeti-intezet\/wp-json\/wp\/v2\/comments?post=145"}],"version-history":[{"count":10,"href":"https:\/\/semmelweis.hu\/gyogyszereszeti-intezet\/wp-json\/wp\/v2\/pages\/145\/revisions"}],"predecessor-version":[{"id":1623,"href":"https:\/\/semmelweis.hu\/gyogyszereszeti-intezet\/wp-json\/wp\/v2\/pages\/145\/revisions\/1623"}],"up":[{"embeddable":true,"href":"https:\/\/semmelweis.hu\/gyogyszereszeti-intezet\/wp-json\/wp\/v2\/pages\/7"}],"wp:attachment":[{"href":"https:\/\/semmelweis.hu\/gyogyszereszeti-intezet\/wp-json\/wp\/v2\/media?parent=145"}],"wp:term":[{"taxonomy":"category","embeddable":true,"href":"https:\/\/semmelweis.hu\/gyogyszereszeti-intezet\/wp-json\/wp\/v2\/categories?post=145"},{"taxonomy":"post_tag","embeddable":true,"href":"https:\/\/semmelweis.hu\/gyogyszereszeti-intezet\/wp-json\/wp\/v2\/tags?post=145"}],"curies":[{"name":"wp","href":"https:\/\/api.w.org\/{rel}","templated":true}]}}