{"id":1302,"date":"2020-09-23T14:54:03","date_gmt":"2020-09-23T12:54:03","guid":{"rendered":"https:\/\/semmelweis.hu\/gyogyszereszeti-intezet\/?page_id=1302"},"modified":"2022-10-25T11:40:36","modified_gmt":"2022-10-25T09:40:36","slug":"fizikai-kemia","status":"publish","type":"page","link":"https:\/\/semmelweis.hu\/gyogyszereszeti-intezet\/oktatas\/fizikai-kemia\/","title":{"rendered":"Fizikai K\u00e9mia"},"content":{"rendered":"<p align=\"justify\">A t\u00e1rgy c\u00e9lja a gy\u00f3gyszer\u00e9szi ismeretekhez sz\u00fcks\u00e9ges fizikai-k\u00e9miai alapok elsaj\u00e1t\u00edt\u00e1sa. A fizikai k\u00e9mia ismerete biztos alapot ad a gy\u00f3gyszerk\u00e9sz\u00edt\u00e9s elj\u00e1r\u00e1sainak \u00e9s gy\u00f3gyszerellen\u0151rz\u00e9s m\u00f3dszereinek, illetve a gy\u00f3gyszerek szervezetbeni sors\u00e1nak a meg\u00e9rt\u00e9s\u00e9hez.<\/p>\n<p align=\"left\"><strong>El\u0151ad\u00e1s tematika (heti bont\u00e1sban):<\/strong><\/p>\n<ol>\n<li>\n<p style=\"text-align: justify\" align=\"justify\">A k\u00e9miai termodinamika alapjai I. (Jellemz\u0151 temodinamikai mennyis\u00e9gek, bels\u0151 energia, entr\u00f3pia I, II f\u0151t\u00e9tel )<\/p>\n<\/li>\n<li>\n<p style=\"text-align: justify\" align=\"justify\">A k\u00e9miai termodinamika alapjai II. (III f\u0151t\u00e9tel, entr\u00f3pia statisztikus \u00e9rtelmez\u00e9se, k\u00f6rnyezeti hat\u00e1sok, entalpia, szabadenergia, szabadentalpia, folyamatok ir\u00e1nya)<\/p>\n<\/li>\n<li>\n<p align=\"justify\">G\u00e1zok, folyad\u00e9kok, szil\u00e1rd anyagok fizikai tulajdons\u00e1gai \u00e9s \u00e1llapotv\u00e1ltoz\u00e1sai (f\u00e1zist\u00f6rv\u00e9ny, g\u00e1zt\u00f6rv\u00e9nyek, amorf \u00e9s krist\u00e1lyos anyagok, morfol\u00f3gia, polimorfizmus)<\/p>\n<\/li>\n<li>\n<p align=\"justify\">Oldatok \u00e9s elegyek (elegyed\u00e9si szabadentalpia, k\u00e9miai potenci\u00e1l, aktivit\u00e1s, ide\u00e1lis \u00e9s nemide\u00e1lis elegyek, oldhat\u00f3s\u00e1g, szolvat\u00e1ci\u00f3, hidrat\u00e1ci\u00f3, szolubiliz\u00e1ci\u00f3, kolligat\u00edv tulajdons\u00e1gok, )<\/p>\n<\/li>\n<li>\n<p align=\"justify\">Szintetikus \u00e9s biopolimerek (prim,, sec,, tert., \u00e9s kvaterner szerkezetek, rugalmass\u00e1g, \u00fcvegesed\u00e9s, oldhat\u00f3s\u00e1g, frakcion\u00e1l\u00e1s, g\u00e9lesed\u00e9s\u2026.<\/p>\n<\/li>\n<li>\n<p align=\"justify\">Fizikai egyens\u00falyok (f\u00e1zisegyens\u00falyok, megoszl\u00e1s, sz\u00e9telegyed\u00e9s, megoszl\u00e1si h\u00e1nyados)<\/p>\n<\/li>\n<li>\n<p align=\"justify\">Homog\u00e9n reakci\u00f3k kinetik\u00e1ja (rend\u0171s\u00e9g, molekularit\u00e1s, sebess\u00e9gi egyenlet, katal\u00edzis, inhibici\u00f3, autokatal\u00edzis, enzimreakci\u00f3k kinetik\u00e1ja)<\/p>\n<\/li>\n<li>\n<p align=\"justify\">K\u00e9miai egyens\u00faly (egyens\u00falyi \u00e1llad\u00f3, egyszer\u0171 \u00e9s \u00f6sszetett egyens\u00falyok, ligandum egyens\u00falyok, kooperat\u00edv egyens\u00falyok)<\/p>\n<\/li>\n<li>\n<p align=\"justify\">Elektrolit oldatok tulajdons\u00e1gai (disszoci\u00e1ci\u00f3, savass\u00e1g, b\u00e1zisoss\u00e1g, kolligat\u00edv tulajdons\u00e1gok)<\/p>\n<\/li>\n<li>\n<p align=\"justify\">Heterog\u00e9n k\u00e9miai reakci\u00f3k kinetik\u00e1ja, elektrok\u00e9mia alapjai<\/p>\n<\/li>\n<li>\n<p align=\"justify\">Hat\u00e1rfel\u00fcleti jelens\u00e9gek (adh\u00e9zi\u00f3, fel\u00fcleti fesz\u00fclts\u00e9g, nedvesed\u00e9s, adszorpci\u00f3, izoterm\u00e1k)<\/p>\n<\/li>\n<li>\n<p align=\"justify\">Transzportjelens\u00e9gek I. (diff\u00fazi\u00f3. \u00e1tad\u00e1sos transzport, membr\u00e1n diff\u00fazi\u00f3, ozm\u00f3zis., permeabilit\u00e1s.<\/p>\n<\/li>\n<li>\n<p align=\"justify\">Transzportjelens\u00e9gek II.(reol\u00f3gia, viszkozit\u00e1s, Newtoni \u00e9s nem-Newtoni folyad\u00e9kok, \u00e1raml\u00e1si profil, h\u0151vezet\u00e9s)<\/p>\n<\/li>\n<li>\n<p align=\"justify\">Heterog\u00e9n folyamatok (fajlagos fel\u00fclet, adszorpci\u00f3, deszorpci\u00f3, old\u00e1si kinetika, aprit\u00e1s, elektr\u00f3dok, elektr\u00f3dreakci\u00f3k kinetik\u00e1ja)<\/p>\n<\/li>\n<\/ol>\n","protected":false},"excerpt":{"rendered":"<p>A t\u00e1rgy c\u00e9lja a gy\u00f3gyszer\u00e9szi ismeretekhez sz\u00fcks\u00e9ges fizikai-k\u00e9miai alapok elsaj\u00e1t\u00edt\u00e1sa. A fizikai k\u00e9mia ismerete biztos alapot ad a gy\u00f3gyszerk\u00e9sz\u00edt\u00e9s elj\u00e1r\u00e1sainak \u00e9s gy\u00f3gyszerellen\u0151rz\u00e9s m\u00f3dszereinek, illetve a gy\u00f3gyszerek szervezetbeni sors\u00e1nak a meg\u00e9rt\u00e9s\u00e9hez. El\u0151ad\u00e1s tematika (heti bont\u00e1sban): A k\u00e9miai termodinamika alapjai I. (Jellemz\u0151 temodinamikai mennyis\u00e9gek, bels\u0151 energia, entr\u00f3pia I, II f\u0151t\u00e9tel ) A k\u00e9miai termodinamika alapjai II. (III &hellip;<\/p>\n","protected":false},"author":114,"featured_media":0,"parent":7,"menu_order":3,"comment_status":"closed","ping_status":"closed","template":"","meta":{"_acf_changed":false,"footnotes":""},"categories":[],"tags":[],"class_list":["post-1302","page","type-page","status-publish","hentry"],"acf":[],"_links":{"self":[{"href":"https:\/\/semmelweis.hu\/gyogyszereszeti-intezet\/wp-json\/wp\/v2\/pages\/1302","targetHints":{"allow":["GET"]}}],"collection":[{"href":"https:\/\/semmelweis.hu\/gyogyszereszeti-intezet\/wp-json\/wp\/v2\/pages"}],"about":[{"href":"https:\/\/semmelweis.hu\/gyogyszereszeti-intezet\/wp-json\/wp\/v2\/types\/page"}],"author":[{"embeddable":true,"href":"https:\/\/semmelweis.hu\/gyogyszereszeti-intezet\/wp-json\/wp\/v2\/users\/114"}],"replies":[{"embeddable":true,"href":"https:\/\/semmelweis.hu\/gyogyszereszeti-intezet\/wp-json\/wp\/v2\/comments?post=1302"}],"version-history":[{"count":2,"href":"https:\/\/semmelweis.hu\/gyogyszereszeti-intezet\/wp-json\/wp\/v2\/pages\/1302\/revisions"}],"predecessor-version":[{"id":1306,"href":"https:\/\/semmelweis.hu\/gyogyszereszeti-intezet\/wp-json\/wp\/v2\/pages\/1302\/revisions\/1306"}],"up":[{"embeddable":true,"href":"https:\/\/semmelweis.hu\/gyogyszereszeti-intezet\/wp-json\/wp\/v2\/pages\/7"}],"wp:attachment":[{"href":"https:\/\/semmelweis.hu\/gyogyszereszeti-intezet\/wp-json\/wp\/v2\/media?parent=1302"}],"wp:term":[{"taxonomy":"category","embeddable":true,"href":"https:\/\/semmelweis.hu\/gyogyszereszeti-intezet\/wp-json\/wp\/v2\/categories?post=1302"},{"taxonomy":"post_tag","embeddable":true,"href":"https:\/\/semmelweis.hu\/gyogyszereszeti-intezet\/wp-json\/wp\/v2\/tags?post=1302"}],"curies":[{"name":"wp","href":"https:\/\/api.w.org\/{rel}","templated":true}]}}