{"id":1261,"date":"2020-05-19T16:48:38","date_gmt":"2020-05-19T14:48:38","guid":{"rendered":"https:\/\/semmelweis.hu\/gyogyszereszeti-intezet\/?page_id=1261"},"modified":"2020-10-26T08:42:54","modified_gmt":"2020-10-26T07:42:54","slug":"verlauf-des-fernunterrichts","status":"publish","type":"page","link":"https:\/\/semmelweis.hu\/gyogyszereszeti-intezet\/de\/fernunterricht\/verlauf-des-fernunterrichts\/","title":{"rendered":"Verlauf des Fernunterrichts"},"content":{"rendered":"<h1><strong>Informationen \u00fcber den Verlauf des Fernunterrichts in Bezug auf <em>Pharmazeutische Technologie<\/em><\/strong><\/h1>\n<ul>\n<li>Der Unterricht beginnt am 23. M\u00e4rz mit der 7. Unterrichtswoche in Form von Fernunterricht.<\/li>\n<li>In jedem Jahrgang gilt der urspr\u00fcngliche Stundenplan (nach mitteleurop\u00e4ischer Zeit), aber wir werden die M\u00f6glichkeit in Zukunft der Konsultation und Nachholung des Fernunterrichts bieten.<\/li>\n<li>Die Meisterung des Vorlesungslehrstoffs wird \u00fcber Powerpoint Folien, Multimedia-Erg\u00e4nzung und das \u201eZoom\u201d System und\/oder Moodle Sytem versichert werden. Die Teilnahme im Fernunterricht (\u201eZoom-meeting\u201d) wird mit einem Internetlink (erg\u00e4nzt mit meeting ID und Passwort) geholfen, der den Studierenden zur Verf\u00fcgung durch NEPTUN gestellt wird.<\/li>\n<li>Der Unterricht des praktischen Lehrstoffs wird \u00fcber Powerpoint Folien, Multimedia-Erg\u00e4nzung und das \u201eZoom\u201d System und\/oder Moodle System durchgef\u00fchrt werden. Diese, mit Fernunterricht vorbereitete Praktika k\u00f6nnen hoffentlich reibungslos und schnell nach der Aufhebung der Gef\u00e4hrdungszeit nachgeholt werden. Die gew\u00f6hnliche Protokolle und weitere Unterrichtsmaterialen sollen nach der bez\u00fcglichen Anweisung elektronisch gesendet werden.<\/li>\n<li>Die Durchf\u00fchrung der im Laufe des Semesters stattfindenden Leistungsnachweise und Pr\u00fcfungen erfolgt \u00fcber das \u201eZoom\u201d System und\/oder Moodle Sytem. In Bezug auf die technischen Details erhalten Sie gesondert Informationen.<\/li>\n<\/ul>\n<p>&nbsp;<\/p>\n<p><a href=\"https:\/\/semmelweis.hu\/gyogyszereszeti-intezet\/files\/2020\/04\/Pharmazeutische_Technologie_II_2019-2020_II-v2.pdf\"><strong>Pharmazeutische Technologie II. (III. Jahrgang) Fernunterricht<\/strong><\/a><\/p>\n<p><a href=\"https:\/\/semmelweis.hu\/gyogyszereszeti-intezet\/files\/2020\/03\/Pharmazeutische_technologie_IV_2019-20_2.pdf\"><strong>Pharmazeutische Technologie IV. (IV. Jahrgang) Fernunterricht<\/strong><\/a><\/p>\n<p><a href=\"https:\/\/semmelweis.hu\/gyogyszereszeti-intezet\/files\/2020\/04\/Arzneiformenlehre-Vorlesungen_2019_20_II-v3.pdf\"><strong>Arzneiformenlehre (II. Jahrgang) Fernunterricht<\/strong><\/a><\/p>\n","protected":false},"excerpt":{"rendered":"<p>Informationen \u00fcber den Verlauf des Fernunterrichts in Bezug auf Pharmazeutische Technologie Der Unterricht beginnt am 23. M\u00e4rz mit der 7. Unterrichtswoche in Form von Fernunterricht. In jedem Jahrgang gilt der urspr\u00fcngliche Stundenplan (nach mitteleurop\u00e4ischer Zeit), aber wir werden die M\u00f6glichkeit in Zukunft der Konsultation und Nachholung des Fernunterrichts bieten. Die Meisterung des Vorlesungslehrstoffs wird \u00fcber &hellip;<\/p>\n","protected":false},"author":114,"featured_media":0,"parent":1147,"menu_order":1,"comment_status":"closed","ping_status":"closed","template":"","meta":{"_acf_changed":false,"footnotes":""},"categories":[],"tags":[],"class_list":["post-1261","page","type-page","status-publish","hentry"],"acf":[],"_links":{"self":[{"href":"https:\/\/semmelweis.hu\/gyogyszereszeti-intezet\/wp-json\/wp\/v2\/pages\/1261","targetHints":{"allow":["GET"]}}],"collection":[{"href":"https:\/\/semmelweis.hu\/gyogyszereszeti-intezet\/wp-json\/wp\/v2\/pages"}],"about":[{"href":"https:\/\/semmelweis.hu\/gyogyszereszeti-intezet\/wp-json\/wp\/v2\/types\/page"}],"author":[{"embeddable":true,"href":"https:\/\/semmelweis.hu\/gyogyszereszeti-intezet\/wp-json\/wp\/v2\/users\/114"}],"replies":[{"embeddable":true,"href":"https:\/\/semmelweis.hu\/gyogyszereszeti-intezet\/wp-json\/wp\/v2\/comments?post=1261"}],"version-history":[{"count":4,"href":"https:\/\/semmelweis.hu\/gyogyszereszeti-intezet\/wp-json\/wp\/v2\/pages\/1261\/revisions"}],"predecessor-version":[{"id":1342,"href":"https:\/\/semmelweis.hu\/gyogyszereszeti-intezet\/wp-json\/wp\/v2\/pages\/1261\/revisions\/1342"}],"up":[{"embeddable":true,"href":"https:\/\/semmelweis.hu\/gyogyszereszeti-intezet\/wp-json\/wp\/v2\/pages\/1147"}],"wp:attachment":[{"href":"https:\/\/semmelweis.hu\/gyogyszereszeti-intezet\/wp-json\/wp\/v2\/media?parent=1261"}],"wp:term":[{"taxonomy":"category","embeddable":true,"href":"https:\/\/semmelweis.hu\/gyogyszereszeti-intezet\/wp-json\/wp\/v2\/categories?post=1261"},{"taxonomy":"post_tag","embeddable":true,"href":"https:\/\/semmelweis.hu\/gyogyszereszeti-intezet\/wp-json\/wp\/v2\/tags?post=1261"}],"curies":[{"name":"wp","href":"https:\/\/api.w.org\/{rel}","templated":true}]}}