{"id":11,"date":"2012-06-19T06:53:51","date_gmt":"2012-06-19T06:53:51","guid":{"rendered":"http:\/\/semmelweis-egyetem.hu\/gyogyszereszeti-intezet\/?page_id=11"},"modified":"2022-10-25T11:46:25","modified_gmt":"2022-10-25T09:46:25","slug":"kotelezo-es-ajanlott-irodalom","status":"publish","type":"page","link":"https:\/\/semmelweis.hu\/gyogyszereszeti-intezet\/oktatas\/kotelezo-es-ajanlott-irodalom\/","title":{"rendered":"K\u00f6telez\u0151 \u00e9s aj\u00e1nlott irodalom"},"content":{"rendered":"<p><strong>A tananyag elsaj\u00e1t\u00edt\u00e1s\u00e1hoz felhaszn\u00e1lhat\u00f3 jegyzetek, tank\u00f6nyvek, seg\u00e9dletek \u00e9s szakirodalom list\u00e1ja: <\/strong><\/p>\n<p><em>Tank\u00f6nyv:<\/em><\/p>\n<p>D\u00e9vay A, Antal I: A gy\u00f3gyszeres ter\u00e1pia biofarm\u00e1ciai alapjai (Medicina K\u00f6nyvkiad\u00f3, 2009).<\/p>\n<p><em>Jegyzet III. \u00e9ves hallgat\u00f3k sz\u00e1m\u00e1ra:<\/em><\/p>\n<p>Hajd\u00fa M., Vajd\u00e1n\u00e9-Benedek. V., Antal I., Klebovich I.: Gy\u00f3gyszert\u00e1ri gy\u00f3gyszerk\u00e9sz\u00edt\u00e9s, v\u00e9nyk\u00e9sz\u00edt\u00e9stan. Egyetemi jegyzet. Semmelweis Kiad\u00f3, Budapest, 1-128 (2005)<\/p>\n<p><em>Jegyzet IV. \u00e9ves hallgat\u00f3k sz\u00e1m\u00e1ra:<\/em><\/p>\n<ul>\n<li>Antal I., Dred\u00e1n J., Fekete P., Lengyel M., Balogh E., Marton S., Zelk\u00f3 R., Klebovich I.: K\u00f6z\u00e9p\u00fczemi gy\u00f3gyszertechnol\u00f3giai m\u0171veletek \u00e9s gy\u00f3gyszerk\u00e9sz\u00edt\u00e9si elj\u00e1r\u00e1sok, Egyetemi jegyzet, Semmelweis Kiad\u00f3, Budapest, 2007.<\/li>\n<li>Stampf Gy., Nikolics M., Kov\u00e1cs K., Antal I., Klebovich I.: Parenter\u00e1lis gy\u00f3gyszerform\u00e1k \u00e9s k\u00e9sz\u00edtm\u00e9nyek. Egyetemi jegyzet, Semmelweis Kiad\u00f3, Budapest, 2007.<\/li>\n<li>Antal I., Klebovich I., Lud\u00e1nyi K.: K\u00e9miai ellen\u0151rz\u0151 vizsg\u00e1latok a gy\u00f3gyszertechnol\u00f3gi\u00e1ban. Egyetemi jegyzet, Semmelweis Kiad\u00f3, Budapest, 2012.<\/li>\n<li>Cs\u00f3ka G., Marton S., Budai M., Antal I., Klebovich I.: A gy\u00f3gyszertechnol\u00f3gia fizikai ellen\u0151rz\u0151 vizsg\u00e1latai. Egyetemi jegyzet, Semmelweis Kiad\u00f3, Budapest, 2008.<\/li>\n<\/ul>\n","protected":false},"excerpt":{"rendered":"<p>A tananyag elsaj\u00e1t\u00edt\u00e1s\u00e1hoz felhaszn\u00e1lhat\u00f3 jegyzetek, tank\u00f6nyvek, seg\u00e9dletek \u00e9s szakirodalom list\u00e1ja: Tank\u00f6nyv: D\u00e9vay A, Antal I: A gy\u00f3gyszeres ter\u00e1pia biofarm\u00e1ciai alapjai (Medicina K\u00f6nyvkiad\u00f3, 2009). Jegyzet III. \u00e9ves hallgat\u00f3k sz\u00e1m\u00e1ra: Hajd\u00fa M., Vajd\u00e1n\u00e9-Benedek. V., Antal I., Klebovich I.: Gy\u00f3gyszert\u00e1ri gy\u00f3gyszerk\u00e9sz\u00edt\u00e9s, v\u00e9nyk\u00e9sz\u00edt\u00e9stan. Egyetemi jegyzet. Semmelweis Kiad\u00f3, Budapest, 1-128 (2005) Jegyzet IV. \u00e9ves hallgat\u00f3k sz\u00e1m\u00e1ra: Antal I., Dred\u00e1n J., &hellip;<\/p>\n","protected":false},"author":8,"featured_media":0,"parent":7,"menu_order":12,"comment_status":"open","ping_status":"open","template":"","meta":{"_acf_changed":false,"footnotes":""},"categories":[],"tags":[],"class_list":["post-11","page","type-page","status-publish","hentry"],"acf":[],"_links":{"self":[{"href":"https:\/\/semmelweis.hu\/gyogyszereszeti-intezet\/wp-json\/wp\/v2\/pages\/11","targetHints":{"allow":["GET"]}}],"collection":[{"href":"https:\/\/semmelweis.hu\/gyogyszereszeti-intezet\/wp-json\/wp\/v2\/pages"}],"about":[{"href":"https:\/\/semmelweis.hu\/gyogyszereszeti-intezet\/wp-json\/wp\/v2\/types\/page"}],"author":[{"embeddable":true,"href":"https:\/\/semmelweis.hu\/gyogyszereszeti-intezet\/wp-json\/wp\/v2\/users\/8"}],"replies":[{"embeddable":true,"href":"https:\/\/semmelweis.hu\/gyogyszereszeti-intezet\/wp-json\/wp\/v2\/comments?post=11"}],"version-history":[{"count":5,"href":"https:\/\/semmelweis.hu\/gyogyszereszeti-intezet\/wp-json\/wp\/v2\/pages\/11\/revisions"}],"predecessor-version":[{"id":957,"href":"https:\/\/semmelweis.hu\/gyogyszereszeti-intezet\/wp-json\/wp\/v2\/pages\/11\/revisions\/957"}],"up":[{"embeddable":true,"href":"https:\/\/semmelweis.hu\/gyogyszereszeti-intezet\/wp-json\/wp\/v2\/pages\/7"}],"wp:attachment":[{"href":"https:\/\/semmelweis.hu\/gyogyszereszeti-intezet\/wp-json\/wp\/v2\/media?parent=11"}],"wp:term":[{"taxonomy":"category","embeddable":true,"href":"https:\/\/semmelweis.hu\/gyogyszereszeti-intezet\/wp-json\/wp\/v2\/categories?post=11"},{"taxonomy":"post_tag","embeddable":true,"href":"https:\/\/semmelweis.hu\/gyogyszereszeti-intezet\/wp-json\/wp\/v2\/tags?post=11"}],"curies":[{"name":"wp","href":"https:\/\/api.w.org\/{rel}","templated":true}]}}