{"id":6,"date":"2012-01-26T14:13:08","date_gmt":"2012-01-26T14:13:08","guid":{"rendered":"http:\/\/semmelweis-egyetem.hu\/gyermekfogaszat\/?page_id=6"},"modified":"2024-06-17T13:04:47","modified_gmt":"2024-06-17T11:04:47","slug":"altalanos-informaciok","status":"publish","type":"page","link":"https:\/\/semmelweis.hu\/gyermekfogaszat\/altalanos-informaciok\/","title":{"rendered":"Klinik\u00e1nk bemutat\u00e1sa"},"content":{"rendered":"<p><a href=\"https:\/\/semmelweis.hu\/gyermekfogaszat\/files\/2021\/03\/RS128300_C19A2795-scr.jpg\"><img loading=\"lazy\" decoding=\"async\" class=\"alignright size-medium wp-image-2013\" src=\"https:\/\/semmelweis.hu\/gyermekfogaszat\/files\/2021\/03\/RS128300_C19A2795-scr-400x267.jpg\" alt=\"\" width=\"400\" height=\"267\" srcset=\"https:\/\/semmelweis.hu\/gyermekfogaszat\/files\/2021\/03\/RS128300_C19A2795-scr-400x267.jpg 400w, https:\/\/semmelweis.hu\/gyermekfogaszat\/files\/2021\/03\/RS128300_C19A2795-scr-1024x683.jpg 1024w, https:\/\/semmelweis.hu\/gyermekfogaszat\/files\/2021\/03\/RS128300_C19A2795-scr-768x512.jpg 768w, https:\/\/semmelweis.hu\/gyermekfogaszat\/files\/2021\/03\/RS128300_C19A2795-scr-450x300.jpg 450w, https:\/\/semmelweis.hu\/gyermekfogaszat\/files\/2021\/03\/RS128300_C19A2795-scr.jpg 1200w\" sizes=\"auto, (max-width: 400px) 100vw, 400px\" \/><\/a>A Semmelweis Egyetem Gyermekfog\u00e1szati \u00e9s Fogszab\u00e1lyoz\u00e1si Klinik\u00e1ja, mint minden egyetemi klinika, h\u00e1rmas feladatk\u00f6rt l\u00e1t el, ez a fels\u0151oktat\u00e1s, a betegell\u00e1t\u00e1s \u00e9s a tudom\u00e1nyos kutat\u00e1si tev\u00e9kenys\u00e9g.\u00a0<\/p>\n<p>Klinik\u00e1nk a gyermekfog\u00e1szat \u00e9s a fogszab\u00e1lyoz\u00e1s orsz\u00e1gosan elismert k\u00f6zpontja, ennek megfelel\u0151en a betegell\u00e1t\u00e1sban megalakul\u00e1sa \u00f3ta az orsz\u00e1g eg\u00e9sz ter\u00fclet\u00e9r\u0151l fogad speci\u00e1lis kezel\u00e9st ig\u00e9nyl\u0151 p\u00e1cienseket. Int\u00e9zm\u00e9ny\u00fcnkben rendelkez\u00e9sre \u00e1llnak a leg\u00fajabb fog\u00e1szati anyagok \u00e9s eszk\u00f6z\u00f6k, melyek biztos\u00edtj\u00e1k a sz\u00ednvonalas gy\u00f3gy\u00edt\u00f3 \u2013 megel\u0151z\u0151 tev\u00e9kenys\u00e9get.<\/p>\n<p>A mindennapi rutin feladatok mellett, kiemelt szakambulanci\u00e1t m\u0171k\u00f6dtet\u00fcnk a tej- \u00e9s marad\u00f3fogak baleseti s\u00e9r\u00fcl\u00e9seinek komplex ell\u00e1t\u00e1s\u00e1ra. Ezen bel\u00fcl els\u0151k\u00e9nt v\u00e9gezt\u00fck \u00e9s ismertett\u00fck a m\u00e9g fejl\u0151d\u00e9sben l\u00e9v\u0151 elhalt marad\u00f3 fogak gy\u00f6k\u00e9rkezel\u00e9s\u00e9t az 1970-es \u00e9vekben.<\/p>\n<p>Biztos\u00edtjuk a fejl\u0151d\u00e9si rendelleness\u00e9ggel sz\u00fcletett, illetve sziszt\u00e9m\u00e1s betegs\u00e9gben szenved\u0151 gyermekek komplex ell\u00e1t\u00e1s\u00e1t (pl. ajak-sz\u00e1jpadhasad\u00e9k, ectodermalis dysplasia, cs\u00edrahi\u00e1ny, sz\u00e1mfeletti fogak, zom\u00e1nc-defektusok stb.), ami a szuvas vagy rendellenes szerkezet\u0171 fogak kezel\u00e9se mellett az esetleg sz\u00fcks\u00e9ges gyermekkori fogp\u00f3tl\u00e1sok elk\u00e9sz\u00edt\u00e9s\u00e9t \u00e9s a fogszab\u00e1lyoz\u00f3 kezel\u00e9st is jelenti.<\/p>\n<p>1981-ben bevezett\u00fck klinik\u00e1nkon a fogyat\u00e9kkal \u00e9l\u0151 gyermekek \u00e1ltal\u00e1nos \u00e9rz\u00e9stelen\u00edt\u00e9sben t\u00f6rt\u00e9n\u0151 kezel\u00e9s\u00e9t. Az ell\u00e1t\u00e1s kiterjed szinte minden fog\u00e1szati beavatkoz\u00e1sra.\u00a0<\/p>\n<p>Fogszab\u00e1lyoz\u00e1sb\u00f3l els\u0151k k\u00f6z\u00f6tt alkalmaztuk Magyarorsz\u00e1gon a 70-es \u00e9vek elej\u00e9n az akkor \u00fajnak sz\u00e1m\u00edt\u00f3 multiband, majd k\u00e9s\u0151bb a multibond technik\u00e1kat. Az ajak-\u00e9s sz\u00e1jpadhasad\u00e9kos gyermekek komplex ell\u00e1t\u00e1s\u00e1ban a m\u00e9lyh\u00fazott lemez alkalmaz\u00e1s\u00e1val \u00fatt\u00f6r\u0151 munk\u00e1t v\u00e9gezt\u00fcnk.<\/p>\n<p>Fogszab\u00e1lyoz\u00f3 \u00e9s \u00e1llcsontortop\u00e9diai kezel\u00e9seket v\u00e9gz\u00fcnk minden koroszt\u00e1lyban gyermekkort\u00f3l feln\u0151ttkorig. A kivehet\u0151 \u00e9s r\u00f6gz\u00edtett k\u00e9sz\u00fcl\u00e9kek, ill. a kett\u0151 kombin\u00e1lt alkalmaz\u00e1sa a rendelleness\u00e9g form\u00e1j\u00e1t\u00f3l \u00e9s s\u00falyoss\u00e1g\u00e1t\u00f3l, valamint a p\u00e1ciens \u00e9letkor\u00e1t\u00f3l f\u00fcgg. A sz\u00e1jseb\u00e9szeti r\u00e9szleg, ill. az Arc- \u00c1llcsont- Sz\u00e1jseb\u00e9szeti \u00e9s Fog\u00e1szati Klinika szakorvosaival szoros egy\u00fcttm\u0171k\u00f6d\u00e9sben ell\u00e1tjuk azokat a p\u00e1cienseket, akikn\u00e9l a rendelleness\u00e9g a fogszab\u00e1lyoz\u00f3 kezel\u00e9s mellett sz\u00e1jseb\u00e9szeti beavatkoz\u00e1st is ig\u00e9nyel. A sz\u00fcks\u00e9gletek, a lehet\u0151s\u00e9gek \u00e9s az ig\u00e9nyek figyelembe v\u00e9tel\u00e9vel alkalmazzuk a legmodernebb fogszab\u00e1lyoz\u00f3 m\u00f3dszereket.<\/p>\n<p>Magas sz\u00ednvonal\u00fa gy\u00f3gy\u00edt\u00f3-megel\u0151z\u0151 tev\u00e9kenys\u00e9g\u00fcnk alapfelt\u00e9tele a j\u00f3l k\u00e9pzett szakemberg\u00e1rda. Orvosaink jelent\u0151s r\u00e9sze h\u00e1rom szakvizsg\u00e1val (fog- \u00e9s sz\u00e1jbetegs\u00e9gek, gyermekfog\u00e1szat, fogszab\u00e1lyoz\u00e1s) rendelkezik. Nyolc koll\u00e9g\u00e1nknak van tudom\u00e1nyos fokozata (PhD, kandidatura), h\u00e1rman habilit\u00e1ltak.<strong>\u00a0<\/strong><\/p>\n<p>A gradu\u00e1lis oktat\u00e1s sor\u00e1n IV. \u00e9s V. \u00e9vfolyamos fogorvostanhallgat\u00f3k oktat\u00e1s\u00e1t v\u00e9gezz\u00fck. A Klinika r\u00e9szt vesz a posztgradu\u00e1lis oktat\u00e1sban is, hazai \u00e9s k\u00fclf\u00f6ldi koll\u00e9g\u00e1kat k\u00e9pez\u00fcnk ki mindk\u00e9t szak\u00e1gazatb\u00f3l. Oktat\u00f3ink rendszeresen tartanak el\u0151ad\u00e1sokat a szakk\u00e9pz\u00e9s keret\u00e9ben a t\u00f6rzsk\u00e9pz\u00e9si \u00e9s a k\u00f6telez\u0151 szinten tart\u00f3 tanfolyamokon \u00e9s egy\u00e9b szakmai tov\u00e1bbk\u00e9pz\u00e9seken. A Klinika vezet\u0151i \u00e9s szakorvosai tagjai a Szakvizsgabizotts\u00e1goknak mindk\u00e9t szak\u00e1gazatban, \u00e9s akt\u00edvan r\u00e9szt vesznek a hazai \u00e9s nemzetk\u00f6zi fogorvosi szakmai t\u00e1rsas\u00e1gok munk\u00e1j\u00e1ban.<\/p>\n<p style=\"text-align: justify\">Klinik\u00e1nkon t\u00f6bb t\u00e9m\u00e1ban folyamatosan fut\u00f3 kutat\u00e1sokat v\u00e9gz\u00fcnk, melybe a hallgat\u00f3k is sikeresen kapcsol\u00f3dnak be. A Klinika volt TDK-hallgat\u00f3i k\u00f6z\u00fcl sokan tov\u00e1bb az Kar k\u00f6tel\u00e9k\u00e9ben v\u00e9gzik szakk\u00e9pz\u00e9s\u00fcket, \u0151k \u00e1ltal\u00e1ban az oktat\u00e1si ut\u00e1np\u00f3tl\u00e1s jel\u00f6ltek \u00e9s v\u00e1lasztj\u00e1k az egyetemi oktat\u00e1st \u00e9letp\u00e1ly\u00e1nak.<\/p>\n","protected":false},"excerpt":{"rendered":"<p>A klinika fogorvostanhallgat\u00f3k oktat\u00e1s\u00e1t v\u00e9gzi gyermekfog\u00e1szatb\u00f3l \u00e9s fogszab\u00e1lyoz\u00e1sb\u00f3l. A gyermekfog\u00e1szatban nagy s\u00falyt helyez\u00fcnk a tej- \u00e9s a marad\u00f3fogak fejl\u0151d\u00e9si rendelleness\u00e9geire, a fogv\u00e1lt\u00e1s mechanizmus\u00e1ra, az \u00e1ltal\u00e1nos gyermekbetegs\u00e9geket k\u00eds\u00e9r\u0151 fogazati elv\u00e1ltoz\u00e1sokra, valamint a gyermekfog\u00e1szati komplex prevenci\u00f3ra.<br \/>\nFogszab\u00e1lyoz\u00e1sban megk\u00fcl\u00f6nb\u00f6ztetett figyelmet ford\u00edtunk a craniofacialis komplexum n\u00f6veked\u00e9s\u00e9re \u00e9s fejl\u0151d\u00e9s\u00e9re, a fogszab\u00e1lyoz\u00f3 kezel\u00e9s alapelveire, a biol\u00f3giai \u00e9s mechanikai adotts\u00e1gokra, az ajak- \u00e9s sz\u00e1jpadhasad\u00e9k komplex kezel\u00e9s\u00e9re, a fogszab\u00e1lyoz\u00f3 kezel\u00e9seknek a parodontiumra gyakorolt hat\u00e1s\u00e1ra, valamint a fogazati rendelleness\u00e9gek megel\u0151z\u00e9s\u00e9nek lehet\u0151s\u00e9geire.<\/p>\n","protected":false},"author":102206,"featured_media":2013,"parent":0,"menu_order":1,"comment_status":"closed","ping_status":"closed","template":"","meta":{"_acf_changed":false,"footnotes":""},"categories":[],"tags":[],"class_list":["post-6","page","type-page","status-publish","has-post-thumbnail","hentry"],"acf":[],"_links":{"self":[{"href":"https:\/\/semmelweis.hu\/gyermekfogaszat\/wp-json\/wp\/v2\/pages\/6","targetHints":{"allow":["GET"]}}],"collection":[{"href":"https:\/\/semmelweis.hu\/gyermekfogaszat\/wp-json\/wp\/v2\/pages"}],"about":[{"href":"https:\/\/semmelweis.hu\/gyermekfogaszat\/wp-json\/wp\/v2\/types\/page"}],"author":[{"embeddable":true,"href":"https:\/\/semmelweis.hu\/gyermekfogaszat\/wp-json\/wp\/v2\/users\/102206"}],"replies":[{"embeddable":true,"href":"https:\/\/semmelweis.hu\/gyermekfogaszat\/wp-json\/wp\/v2\/comments?post=6"}],"version-history":[{"count":11,"href":"https:\/\/semmelweis.hu\/gyermekfogaszat\/wp-json\/wp\/v2\/pages\/6\/revisions"}],"predecessor-version":[{"id":2362,"href":"https:\/\/semmelweis.hu\/gyermekfogaszat\/wp-json\/wp\/v2\/pages\/6\/revisions\/2362"}],"wp:featuredmedia":[{"embeddable":true,"href":"https:\/\/semmelweis.hu\/gyermekfogaszat\/wp-json\/wp\/v2\/media\/2013"}],"wp:attachment":[{"href":"https:\/\/semmelweis.hu\/gyermekfogaszat\/wp-json\/wp\/v2\/media?parent=6"}],"wp:term":[{"taxonomy":"category","embeddable":true,"href":"https:\/\/semmelweis.hu\/gyermekfogaszat\/wp-json\/wp\/v2\/categories?post=6"},{"taxonomy":"post_tag","embeddable":true,"href":"https:\/\/semmelweis.hu\/gyermekfogaszat\/wp-json\/wp\/v2\/tags?post=6"}],"curies":[{"name":"wp","href":"https:\/\/api.w.org\/{rel}","templated":true}]}}