{"id":90,"date":"2026-05-19T11:49:23","date_gmt":"2026-05-19T09:49:23","guid":{"rendered":"https:\/\/semmelweis.hu\/gsi\/?page_id=90"},"modified":"2026-09-03T12:38:07","modified_gmt":"2026-09-03T10:38:07","slug":"omhv","status":"publish","type":"page","link":"https:\/\/semmelweis.hu\/gsi\/oktatas\/omhv\/","title":{"rendered":"OMHV Int\u00e9zked\u00e9si terv"},"content":{"rendered":"<h3>A Genetikai, Sejt- \u00e9s Immunbiol\u00f3giai Int\u00e9zet int\u00e9zked\u00e9si terve az Oktat\u00f3i Munka Hallgat\u00f3i V\u00e9lem\u00e9nyez\u00e9se (OMHV) kapcs\u00e1n az Int\u00e9zet \u00e1ltal oktatott t\u00e1rgyak vonatkoz\u00e1s\u00e1ban<\/h3>\n<h5>2025\/26. 2. f\u00e9l\u00e9v<\/h5>\n<ul>\n<li><a href=\"https:\/\/semmelweis.hu\/gsi\/files\/2026\/09\/OMHV_Int_Terv_2025-26-2_FOK_Genetika.pdf\" target=\"_blank\" rel=\"noopener\">FOK Genetika \u00e9s genomika<\/a><\/li>\n<li><a href=\"https:\/\/semmelweis.hu\/gsi\/files\/2026\/09\/OMHV_Int_Terv_2025-26-2_GYTK_Genetika.pdf\" target=\"_blank\" rel=\"noopener\">GYTK Genetika<\/a><\/li>\n<\/ul>\n<h5>2025\/26. 1. f\u00e9l\u00e9v<\/h5>\n<ul>\n<li><a href=\"https:\/\/semmelweis.hu\/gsi\/files\/2026\/07\/OMHV_Int_Terv_2025-26-1_AOK_OGI.pdf\" target=\"_blank\" rel=\"noopener\">AOK Orvosi genetika \u00e9s immunol\u00f3gia I.<\/a><\/li>\n<li><a href=\"https:\/\/semmelweis.hu\/gsi\/files\/2026\/07\/OMHV_Int_Terv_2025-26-1_AOK_Sejttan.pdf\" target=\"_blank\" rel=\"noopener\">AOK Sejttan<\/a><\/li>\n<li><a href=\"https:\/\/semmelweis.hu\/gsi\/files\/2026\/07\/OMHV_Int_Terv_2025-26-1_FOK_Immun.pdf\" target=\"_blank\" rel=\"noopener\">FOK Immunol\u00f3gia alapjai<\/a><\/li>\n<li><a href=\"https:\/\/semmelweis.hu\/gsi\/files\/2026\/07\/OMHV_Int_Terv_2025-26-1_FOK_Sejttan.pdf\" target=\"_blank\" rel=\"noopener\">FOK Sejttan<\/a><\/li>\n<li>\n<p><a href=\"https:\/\/semmelweis.hu\/gsi\/files\/2026\/07\/OMHV_Int_Terv_2025-26-1_GYTK_Sejtbiologia.pdf\" target=\"_blank\" rel=\"noopener\">GYTK Sejtbiol\u00f3gia<\/a><\/p>\n<\/li>\n<\/ul>\n","protected":false},"excerpt":{"rendered":"<p>A Genetikai, Sejt- \u00e9s Immunbiol\u00f3giai Int\u00e9zet int\u00e9zked\u00e9si terve az Oktat\u00f3i Munka Hallgat\u00f3i V\u00e9lem\u00e9nyez\u00e9se (OMHV) kapcs\u00e1n az Int\u00e9zet \u00e1ltal oktatott t\u00e1rgyak vonatkoz\u00e1s\u00e1ban<br \/>\n2025\/26. 2. f\u00e9l\u00e9v<\/p>\n<p><a href=\"https:\/\/semmelweis.hu\/gsi\/files\/2026\/09\/OMHV_Int_Terv_2025-26-2_FOK_Genetika.pdf\" target=\"_blank\" rel=\"noopener\">FOK Genetika \u00e9s genomika<\/a><br \/>\n<a href=\"https:\/\/semmelweis.hu\/gsi\/files\/2026\/09\/OMHV_Int_Terv_2025-26-2_GYTK_Genetika.pdf\" target=\"_blank\" rel=\"noopener\">GYTK Genetika<\/a><\/p>\n<p>2025\/26. 1. f\u00e9l\u00e9v<\/p>\n<p><a href=\"https:\/\/semmelweis.hu\/gsi\/files\/2026\/07\/OMHV_Int_Terv_2025-26-1_AOK_OGI.pdf\" target=\"_blank\" rel=\"noopener\">AOK Orvosi genetika \u00e9s immunol\u00f3gia I.<\/a><br \/>\n<a href=\"https:\/\/semmelweis.hu\/gsi\/files\/2026\/07\/OMHV_Int_Terv_2025-26-1_AOK_Sejttan.pdf\" target=\"_blank\" rel=\"noopener\">AOK Sejttan<\/a><br \/>\n<a href=\"https:\/\/semmelweis.hu\/gsi\/files\/2026\/07\/OMHV_Int_Terv_2025-26-1_FOK_Immun.pdf\" target=\"_blank\" rel=\"noopener\">FOK Immunol\u00f3gia alapjai<\/a><br \/>\n<a href=\"https:\/\/semmelweis.hu\/gsi\/files\/2026\/07\/OMHV_Int_Terv_2025-26-1_FOK_Sejttan.pdf\" target=\"_blank\" rel=\"noopener\">FOK Sejttan<\/a><\/p>\n<p><a href=\"https:\/\/semmelweis.hu\/gsi\/files\/2026\/07\/OMHV_Int_Terv_2025-26-1_GYTK_Sejtbiologia.pdf\" target=\"_blank\" rel=\"noopener\">GYTK Sejtbiol\u00f3gia<\/a><\/p>\n","protected":false},"author":102170,"featured_media":0,"parent":72,"menu_order":3,"comment_status":"closed","ping_status":"closed","template":"template-fullwidth.php","meta":{"_acf_changed":false,"footnotes":""},"categories":[],"tags":[],"class_list":["post-90","page","type-page","status-publish","hentry"],"acf":[],"_links":{"self":[{"href":"https:\/\/semmelweis.hu\/gsi\/wp-json\/wp\/v2\/pages\/90","targetHints":{"allow":["GET"]}}],"collection":[{"href":"https:\/\/semmelweis.hu\/gsi\/wp-json\/wp\/v2\/pages"}],"about":[{"href":"https:\/\/semmelweis.hu\/gsi\/wp-json\/wp\/v2\/types\/page"}],"author":[{"embeddable":true,"href":"https:\/\/semmelweis.hu\/gsi\/wp-json\/wp\/v2\/users\/102170"}],"replies":[{"embeddable":true,"href":"https:\/\/semmelweis.hu\/gsi\/wp-json\/wp\/v2\/comments?post=90"}],"version-history":[{"count":6,"href":"https:\/\/semmelweis.hu\/gsi\/wp-json\/wp\/v2\/pages\/90\/revisions"}],"predecessor-version":[{"id":824,"href":"https:\/\/semmelweis.hu\/gsi\/wp-json\/wp\/v2\/pages\/90\/revisions\/824"}],"up":[{"embeddable":true,"href":"https:\/\/semmelweis.hu\/gsi\/wp-json\/wp\/v2\/pages\/72"}],"wp:attachment":[{"href":"https:\/\/semmelweis.hu\/gsi\/wp-json\/wp\/v2\/media?parent=90"}],"wp:term":[{"taxonomy":"category","embeddable":true,"href":"https:\/\/semmelweis.hu\/gsi\/wp-json\/wp\/v2\/categories?post=90"},{"taxonomy":"post_tag","embeddable":true,"href":"https:\/\/semmelweis.hu\/gsi\/wp-json\/wp\/v2\/tags?post=90"}],"curies":[{"name":"wp","href":"https:\/\/api.w.org\/{rel}","templated":true}]}}

OMHV Intézkedési terv

<h3>A Genetikai, Sejt- és Immunbiológiai Intézet intézkedési terve az Oktatói Munka Hallgatói Véleményezése (OMHV) kapcsán az Intézet által oktatott tárgyak vonatkozásában</h3>
<h5>2025/26. 2. félév</h5>
<ul>
<li><a href="https://semmelweis.hu/gsi/files/2026/09/OMHV_Int_Terv_2025-26-2_FOK_Genetika.pdf" target="_blank" rel="noopener">FOK Genetika és genomika</a></li>
<li><a href="https://semmelweis.hu/gsi/files/2026/09/OMHV_Int_Terv_2025-26-2_GYTK_Genetika.pdf" target="_blank" rel="noopener">GYTK Genetika</a></li>
</ul>
<h5>2025/26. 1. félév</h5>
<ul>
<li><a href="https://semmelweis.hu/gsi/files/2026/07/OMHV_Int_Terv_2025-26-1_AOK_OGI.pdf" target="_blank" rel="noopener">AOK Orvosi genetika és immunológia I.</a></li>
<li><a href="https://semmelweis.hu/gsi/files/2026/07/OMHV_Int_Terv_2025-26-1_AOK_Sejttan.pdf" target="_blank" rel="noopener">AOK Sejttan</a></li>
<li><a href="https://semmelweis.hu/gsi/files/2026/07/OMHV_Int_Terv_2025-26-1_FOK_Immun.pdf" target="_blank" rel="noopener">FOK Immunológia alapjai</a></li>
<li><a href="https://semmelweis.hu/gsi/files/2026/07/OMHV_Int_Terv_2025-26-1_FOK_Sejttan.pdf" target="_blank" rel="noopener">FOK Sejttan</a></li>
<li>
<p><a href="https://semmelweis.hu/gsi/files/2026/07/OMHV_Int_Terv_2025-26-1_GYTK_Sejtbiologia.pdf" target="_blank" rel="noopener">GYTK Sejtbiológia</a></p>
</li>
</ul>

<p>A Genetikai, Sejt- és Immunbiológiai Intézet intézkedési terve az Oktatói Munka Hallgatói Véleményezése (OMHV) kapcsán az Intézet által oktatott tárgyak vonatkozásában<br />
2025/26. 2. félév</p>
<p><a href="https://semmelweis.hu/gsi/files/2026/09/OMHV_Int_Terv_2025-26-2_FOK_Genetika.pdf" target="_blank" rel="noopener">FOK Genetika és genomika</a><br />
<a href="https://semmelweis.hu/gsi/files/2026/09/OMHV_Int_Terv_2025-26-2_GYTK_Genetika.pdf" target="_blank" rel="noopener">GYTK Genetika</a></p>
<p>2025/26. 1. félév</p>
<p><a href="https://semmelweis.hu/gsi/files/2026/07/OMHV_Int_Terv_2025-26-1_AOK_OGI.pdf" target="_blank" rel="noopener">AOK Orvosi genetika és immunológia I.</a><br />
<a href="https://semmelweis.hu/gsi/files/2026/07/OMHV_Int_Terv_2025-26-1_AOK_Sejttan.pdf" target="_blank" rel="noopener">AOK Sejttan</a><br />
<a href="https://semmelweis.hu/gsi/files/2026/07/OMHV_Int_Terv_2025-26-1_FOK_Immun.pdf" target="_blank" rel="noopener">FOK Immunológia alapjai</a><br />
<a href="https://semmelweis.hu/gsi/files/2026/07/OMHV_Int_Terv_2025-26-1_FOK_Sejttan.pdf" target="_blank" rel="noopener">FOK Sejttan</a></p>
<p><a href="https://semmelweis.hu/gsi/files/2026/07/OMHV_Int_Terv_2025-26-1_GYTK_Sejtbiologia.pdf" target="_blank" rel="noopener">GYTK Sejtbiológia</a></p>
