{"id":88,"date":"2026-05-19T11:45:21","date_gmt":"2026-05-19T09:45:21","guid":{"rendered":"https:\/\/semmelweis.hu\/gsi\/?page_id=88"},"modified":"2026-09-03T12:37:58","modified_gmt":"2026-09-03T10:37:58","slug":"szakdolgozat","status":"publish","type":"page","link":"https:\/\/semmelweis.hu\/gsi\/oktatas\/szakdolgozat\/","title":{"rendered":"Szakdolgozat"},"content":{"rendered":"<h2>Szakdolgozat c\u00edmek a 2025\/26. tan\u00e9vben<\/h2>\n<ul>\n<li>\n<p><span style=\"font-family: Montserrat\">Sz\u00edvizomk\u00e1rosod\u00e1s molekul\u00e1ris markereinek vizsg\u00e1lata (AOK, GYTK)<br \/>\n<\/span>t\u00e9mavezet\u0151: Dr. Hegyesi Hargita<\/p>\n<\/li>\n<li>\n<p><span style=\"font-family: Montserrat\">Endot\u00e9l progenitor sejt eredet\u0171 extracellul\u00e1ris vezikul\u00e1k ter\u00e1pi\u00e1s lehet\u0151s\u00e9gei sz\u00edvbetegs\u00e9gekben (AOK, GYTK)<br \/>\n<\/span>t\u00e9mavezet\u0151: Dr. Hegyesi Hargita<\/p>\n<\/li>\n<li>\n<p><span style=\"font-family: Montserrat\">Embrion\u00e1lis \u0151ssejt extracellul\u00e1ris vezikul\u00e1k immunszab\u00e1lyoz\u00f3 szerepe (AOK, GYTK)<br \/>\n<\/span>t\u00e9mavezet\u0151: Dr. Hegyesi Hargita<\/p>\n<\/li>\n<li>\n<p><span style=\"font-family: Montserrat\">Kemoter\u00e1pi\u00e1s szerek hat\u00e1sa a kardiomiocita makrof\u00e1g kommunik\u00e1ci\u00f3ra (AOK, GYTK)<br \/>\n<\/span>t\u00e9mavezet\u0151: Dr. Hegyesi Hargita<\/p>\n<\/li>\n<li>\n<p><span style=\"font-family: Montserrat\">Gy\u00f3gyszerjel\u00f6lt molekul\u00e1k hat\u00e1sainak vizsg\u00e1lata az autof\u00e1gi\u00e1ra (GYTK)<br \/>\n<\/span>t\u00e9mavezet\u0151: Dr. Visnovitz Tam\u00e1s<\/p>\n<\/li>\n<li>\n<p><span style=\"font-family: Montserrat\">Az immunter\u00e1pia lehet\u0151s\u00e9gei vastag- \u00e9s v\u00e9gb\u00e9lr\u00e1kban (GYTK)<br \/>\n<\/span>t\u00e9mavezet\u0151: Dr. Wiener Zolt\u00e1n<\/p>\n<p>\u00a0<\/li>\n<\/ul>\n<div class=\"fontos_div\">\n<p>A t\u00e9mavezet\u0151vel val\u00f3 el\u0151zetes egyeztet\u00e9s alapj\u00e1n m\u00e1s t\u00e9m\u00e1t is ki lehet dolgozni, ha ehhez az int\u00e9zetigazgat\u00f3 hozz\u00e1j\u00e1rul.\u00a0<br \/>\nA kor\u00e1bban helyez\u00e9st el\u00e9rt rektori p\u00e1lyamunka szakdolgozatk\u00e9nt t\u00f6rt\u00e9n\u0151 megv\u00e9d\u00e9s\u00e9t a Kar D\u00e9k\u00e1nj\u00e1val kell enged\u00e9lyeztetni.<\/p>\n<\/div>\n","protected":false},"excerpt":{"rendered":"<p>Szakdolgozat c\u00edmek a 2025\/26. tan\u00e9vben Sz\u00edvizomk\u00e1rosod\u00e1s molekul\u00e1ris markereinek vizsg\u00e1lata (AOK, GYTK) t\u00e9mavezet\u0151: Dr. Hegyesi Hargita Endot\u00e9l progenitor sejt eredet\u0171 extracellul\u00e1ris vezikul\u00e1k ter\u00e1pi\u00e1s lehet\u0151s\u00e9gei sz\u00edvbetegs\u00e9gekben (AOK, GYTK) t\u00e9mavezet\u0151: Dr. Hegyesi Hargita Embrion\u00e1lis \u0151ssejt extracellul\u00e1ris vezikul\u00e1k immunszab\u00e1lyoz\u00f3 szerepe (AOK, GYTK) t\u00e9mavezet\u0151: Dr. Hegyesi Hargita Kemoter\u00e1pi\u00e1s szerek hat\u00e1sa a kardiomiocita makrof\u00e1g kommunik\u00e1ci\u00f3ra (AOK, GYTK) t\u00e9mavezet\u0151: Dr. Hegyesi Hargita &hellip;<\/p>\n","protected":false},"author":102170,"featured_media":0,"parent":72,"menu_order":2,"comment_status":"closed","ping_status":"closed","template":"template-fullwidth.php","meta":{"_acf_changed":false,"footnotes":""},"categories":[],"tags":[],"class_list":["post-88","page","type-page","status-publish","hentry"],"acf":[],"_links":{"self":[{"href":"https:\/\/semmelweis.hu\/gsi\/wp-json\/wp\/v2\/pages\/88","targetHints":{"allow":["GET"]}}],"collection":[{"href":"https:\/\/semmelweis.hu\/gsi\/wp-json\/wp\/v2\/pages"}],"about":[{"href":"https:\/\/semmelweis.hu\/gsi\/wp-json\/wp\/v2\/types\/page"}],"author":[{"embeddable":true,"href":"https:\/\/semmelweis.hu\/gsi\/wp-json\/wp\/v2\/users\/102170"}],"replies":[{"embeddable":true,"href":"https:\/\/semmelweis.hu\/gsi\/wp-json\/wp\/v2\/comments?post=88"}],"version-history":[{"count":6,"href":"https:\/\/semmelweis.hu\/gsi\/wp-json\/wp\/v2\/pages\/88\/revisions"}],"predecessor-version":[{"id":838,"href":"https:\/\/semmelweis.hu\/gsi\/wp-json\/wp\/v2\/pages\/88\/revisions\/838"}],"up":[{"embeddable":true,"href":"https:\/\/semmelweis.hu\/gsi\/wp-json\/wp\/v2\/pages\/72"}],"wp:attachment":[{"href":"https:\/\/semmelweis.hu\/gsi\/wp-json\/wp\/v2\/media?parent=88"}],"wp:term":[{"taxonomy":"category","embeddable":true,"href":"https:\/\/semmelweis.hu\/gsi\/wp-json\/wp\/v2\/categories?post=88"},{"taxonomy":"post_tag","embeddable":true,"href":"https:\/\/semmelweis.hu\/gsi\/wp-json\/wp\/v2\/tags?post=88"}],"curies":[{"name":"wp","href":"https:\/\/api.w.org\/{rel}","templated":true}]}}

<h2>Szakdolgozat címek a 2025/26. tanévben</h2>
<ul>
<li>
<p><span style="font-family: Montserrat">Szívizomkárosodás molekuláris markereinek vizsgálata (AOK, GYTK)<br />
</span>témavezető: Dr. Hegyesi Hargita</p>
</li>
<li>
<p><span style="font-family: Montserrat">Endotél progenitor sejt eredetű extracelluláris vezikulák terápiás lehetőségei szívbetegségekben (AOK, GYTK)<br />
</span>témavezető: Dr. Hegyesi Hargita</p>
</li>
<li>
<p><span style="font-family: Montserrat">Embrionális őssejt extracelluláris vezikulák immunszabályozó szerepe (AOK, GYTK)<br />
</span>témavezető: Dr. Hegyesi Hargita</p>
</li>
<li>
<p><span style="font-family: Montserrat">Kemoterápiás szerek hatása a kardiomiocita makrofág kommunikációra (AOK, GYTK)<br />
</span>témavezető: Dr. Hegyesi Hargita</p>
</li>
<li>
<p><span style="font-family: Montserrat">Gyógyszerjelölt molekulák hatásainak vizsgálata az autofágiára (GYTK)<br />
</span>témavezető: Dr. Visnovitz Tamás</p>
</li>
<li>
<p><span style="font-family: Montserrat">Az immunterápia lehetőségei vastag- és végbélrákban (GYTK)<br />
</span>témavezető: Dr. Wiener Zoltán</p>
<p> </li>
</ul>
<div class="fontos_div">
<p>A témavezetővel való előzetes egyeztetés alapján más témát is ki lehet dolgozni, ha ehhez az intézetigazgató hozzájárul. <br />
A korábban helyezést elért rektori pályamunka szakdolgozatként történő megvédését a Kar Dékánjával kell engedélyeztetni.</p>
</div>

<p>Szakdolgozat címek a 2025/26. tanévben Szívizomkárosodás molekuláris markereinek vizsgálata (AOK, GYTK) témavezető: Dr. Hegyesi Hargita Endotél progenitor sejt eredetű extracelluláris vezikulák terápiás lehetőségei szívbetegségekben (AOK, GYTK) témavezető: Dr. Hegyesi Hargita Embrionális őssejt extracelluláris vezikulák immunszabályozó szerepe (AOK, GYTK) témavezető: Dr. Hegyesi Hargita Kemoterápiás szerek hatása a kardiomiocita makrofág kommunikációra (AOK, GYTK) témavezető: Dr. Hegyesi Hargita &hellip;</p>
