{"id":645,"date":"2026-08-24T14:52:32","date_gmt":"2026-08-24T12:52:32","guid":{"rendered":"https:\/\/semmelweis.hu\/gsi\/?page_id=645"},"modified":"2026-09-04T17:01:42","modified_gmt":"2026-09-04T15:01:42","slug":"unterricht","status":"publish","type":"page","link":"https:\/\/semmelweis.hu\/gsi\/de\/unterricht\/","title":{"rendered":"Informationen und Nachrichten"},"content":{"rendered":"<div class=\"keretes w-100\">\n<p>Die Studierenden des ersten und zweiten Studienjahres der Fakult\u00e4t f\u00fcr Allgemeinmedizin, der Fakult\u00e4t f\u00fcr Zahnmedizin und der Fakult\u00e4t f\u00fcr Pharmazie werden von unserem Institut auf Ungarisch, Englisch und Deutsch unterrichtet.<\/p>\n<\/div>\n<h2>Kurse, die wir anbieten:<\/h2>\n<h5>DM<\/h5>\n<ul>\n<li>Biologie f\u00fcr Mediziner<\/li>\n<li>Medizinische Genetik und Immunologie I-II<\/li>\n<\/ul>\n<h5>DZ<\/h5>\n<ul>\n<li>Biologie f\u00fcr Mediziner<\/li>\n<li>Genetik und Genomik<\/li>\n<li>Grundlagen der Immunologie<\/li>\n<\/ul>\n<h5>DP<\/h5>\n<ul>\n<li>Biologie<\/li>\n<li>Genetik<\/li>\n<li>Grundlagen der Immunologie<\/li>\n<\/ul>\n<p>&nbsp;<\/p>\n<div class=\"fontos_div\">\n<p>Kursmaterialien f\u00fcr das laufende akademische Jahr, einschlie\u00dflich Vorlesungs- und Praktikumsmaterialien sowie Pr\u00fcfungsfragen f\u00fcr die Zwischen- und Abschlusspr\u00fcfung, sind auf <a href=\"https:\/\/itc.semmelweis.hu\/moodle\/login\/index.php?lang=de\" target=\"_blank\" rel=\"noopener\">dem E-Learning-System der Universit\u00e4t<\/a> verf\u00fcgbar.<\/p>\n<\/div>\n<p>&nbsp;<\/p>\n<h2>Zust\u00e4ndig f\u00fcr die Studenten<\/h2>\n<p><span style=\"font-family: Montserrat\"><strong>Dr. Erna Pap<\/strong><\/span><br \/>\n<i class=\"fa-solid fa-location-dot\"><\/i>\u00a0 \u00a0NET VI. 620.<br \/>\n<i class=\"fa-solid fa-phone\"><\/i>\u00a0 +36 1 210 2930 \/ 56251<br \/>\n<i class=\"fa-regular fa-envelope\"><\/i>\u00a0 <a href=\"mailto:pap.erna@semmelweis.hu\">pap.erna@semmelweis.hu<\/a><br \/>\n\u00a0<\/p>\n<h2>Studentensekretariat des Instituts<\/h2>\n<p><strong><span style=\"font-family: Montserrat\">M\u00e1ria Moln\u00e1r<\/span><br \/>\n<\/strong> <i class=\"fa-solid fa-location-dot\"><\/i>\u00a0 \u00a0NET VI. 623.<br \/>\n<i class=\"fa-solid fa-phone\"><\/i>\u00a0 +36 1 210 2950, +36 1 210 2930 \/ 56235<br \/>\n<i class=\"fa-regular fa-envelope\"><\/i>\u00a0 <a href=\"mailto:nemethne.maria@semmelweis.hu\">nemethne.maria@semmelweis.hu<\/a><\/p>\n<p><strong><span style=\"font-family: Montserrat\">Andrea Kov\u00e1cs<\/span><br \/>\n<\/strong> <i class=\"fa-solid fa-location-dot\"><\/i>\u00a0 \u00a0NET VI. 623.<br \/>\n<i class=\"fa-solid fa-phone\"><\/i>\u00a0 +36 1 210 2950, +36 1 210 2930 \/ 56253<br \/>\n<i class=\"fa-regular fa-envelope\"><\/i>\u00a0 <a href=\"mailto:kovacs.andrea2@semmelweis.hu\">kovacs.andrea2@semmelweis.hu<\/a><\/p>\n<style>\n           #page-grid .card-body > .line-clamp-box.excerpt{\n        width: inherit;\n        max-width: inherit;\n        display:flex;\n        min-height: 2.4em;\n        flex-direction: column;\n        justify-content: space-around;\n        background-color: #D6E4EA;\n        min-height: 3.4rem;\n        font-family: \"Montserrat\", sans-serif;\n    }\n\n    #page-grid a:hover .card-body > .line-clamp-box.excerpt {\n        background-color: #fff;\n        color: #313B40;\n    }\n\n    #page-grid .card-body .line-clamp-box.excerpt section{\n        max-width: inherit;\n        display: -webkit-box;\n        -webkit-line-clamp: 2;\n        -webkit-box-orient: vertical;\n        overflow: hidden;\n        text-overflow: ellipsis;\n        hyphens: auto;\n        margin: auto;\n        \n    }\n    .line-clamp-box.excerpt section, .line-clamp-box.excerpt section p{\n        font-size:0.8em;\n    }\n    \n<\/style>\n    <section id=\"page-grid\">\n        <section class=\"d-block d-md-flex title-row my-3 ml-0 ml-md-1\">\n<div class=\"section-title  mb-1 \">\n<h2>\n    N\u00fctzliche Seiten\n<\/h2>\n<\/div>\n<\/section>\n        <div class=\"row row-cols-1 row-cols-md-2 row-cols-lg-2 no-gutters mx-0 \">    <div class =\"col  mb-2 card-wrapper\">\n        <a class=\"d-flex flex-fill card-link-warapper m-md-1\" href=\"https:\/\/semmelweis.hu\/gsi\/de\/unterricht\/thesis\/\">\n            <div class=\"card border border-secondary se-border flex-fill\">\n                <div class=\"row no-gutters mx-0 d-flex flex-nowrap flex-md-wrap align-items-center\">\n                    <div class =\"  col-5 col-md-12  d-none  d-md-none d-md-none  bg-image  card-image justify-content-center\">\n                        <img class='wp-post-image img-fluid landscape' src='https:\/\/semmelweis.hu\/gsi\/wp-content\/themes\/se18\/dist\/images\/svg\/bg-image.svg' \/>\n                    <\/div>\n                    <div class=\"card-body  col flex-column  col-md-12 p-0\">\n                        <div class=\"line-clamp-box p-3\">\n                            <h5 class=\"ml-0 ml-sm-1 mt-2 align-items-center\"  >Thesis<\/h5>\n                        <\/div>\n                        \n                    <\/div>\n                <\/div>\n\n            <\/div>\n        <\/a>\n    <\/div>    <div class =\"col  mb-2 card-wrapper\">\n        <a class=\"d-flex flex-fill card-link-warapper m-md-1\" href=\"https:\/\/semmelweis.hu\/gsi\/de\/unterricht\/feedback\/\">\n            <div class=\"card border border-secondary se-border flex-fill\">\n                <div class=\"row no-gutters mx-0 d-flex flex-nowrap flex-md-wrap align-items-center\">\n                    <div class =\"  col-5 col-md-12  d-none  d-md-none d-md-none  bg-image  card-image justify-content-center\">\n                        <img class='wp-post-image img-fluid landscape' src='https:\/\/semmelweis.hu\/gsi\/wp-content\/themes\/se18\/dist\/images\/svg\/bg-image.svg' \/>\n                    <\/div>\n                    <div class=\"card-body  col flex-column  col-md-12 p-0\">\n                        <div class=\"line-clamp-box p-3\">\n                            <h5 class=\"ml-0 ml-sm-1 mt-2 align-items-center\"  >Aktionsplan basierend auf dem Feedback der Studierenden<\/h5>\n                        <\/div>\n                        \n                    <\/div>\n                <\/div>\n\n            <\/div>\n        <\/a>\n    <\/div>        <\/div>\n    <\/section>\n","protected":false},"excerpt":{"rendered":"<p>Die Studierenden des ersten und zweiten Studienjahres der Fakult\u00e4t f\u00fcr Allgemeinmedizin, der Fakult\u00e4t f\u00fcr Zahnmedizin und der Fakult\u00e4t f\u00fcr Pharmazie werden von unserem Institut auf Ungarisch, Englisch und Deutsch unterrichtet. Kurse, die wir anbieten: DM Biologie f\u00fcr Mediziner Medizinische Genetik und Immunologie I-II DZ Biologie f\u00fcr Mediziner Genetik und Genomik Grundlagen der Immunologie DP Biologie &hellip;<\/p>\n","protected":false},"author":102170,"featured_media":0,"parent":0,"menu_order":0,"comment_status":"closed","ping_status":"closed","template":"template-fullwidth.php","meta":{"_acf_changed":false,"footnotes":""},"categories":[],"tags":[],"class_list":["post-645","page","type-page","status-publish","hentry"],"acf":[],"_links":{"self":[{"href":"https:\/\/semmelweis.hu\/gsi\/wp-json\/wp\/v2\/pages\/645","targetHints":{"allow":["GET"]}}],"collection":[{"href":"https:\/\/semmelweis.hu\/gsi\/wp-json\/wp\/v2\/pages"}],"about":[{"href":"https:\/\/semmelweis.hu\/gsi\/wp-json\/wp\/v2\/types\/page"}],"author":[{"embeddable":true,"href":"https:\/\/semmelweis.hu\/gsi\/wp-json\/wp\/v2\/users\/102170"}],"replies":[{"embeddable":true,"href":"https:\/\/semmelweis.hu\/gsi\/wp-json\/wp\/v2\/comments?post=645"}],"version-history":[{"count":9,"href":"https:\/\/semmelweis.hu\/gsi\/wp-json\/wp\/v2\/pages\/645\/revisions"}],"predecessor-version":[{"id":1524,"href":"https:\/\/semmelweis.hu\/gsi\/wp-json\/wp\/v2\/pages\/645\/revisions\/1524"}],"wp:attachment":[{"href":"https:\/\/semmelweis.hu\/gsi\/wp-json\/wp\/v2\/media?parent=645"}],"wp:term":[{"taxonomy":"category","embeddable":true,"href":"https:\/\/semmelweis.hu\/gsi\/wp-json\/wp\/v2\/categories?post=645"},{"taxonomy":"post_tag","embeddable":true,"href":"https:\/\/semmelweis.hu\/gsi\/wp-json\/wp\/v2\/tags?post=645"}],"curies":[{"name":"wp","href":"https:\/\/api.w.org\/{rel}","templated":true}]}}

<div class="keretes w-100">
<p>Die Studierenden des ersten und zweiten Studienjahres der Fakultät für Allgemeinmedizin, der Fakultät für Zahnmedizin und der Fakultät für Pharmazie werden von unserem Institut auf Ungarisch, Englisch und Deutsch unterrichtet.</p>
</div>
<h2>Kurse, die wir anbieten:</h2>
<h5>DM</h5>
<ul>
<li>Biologie für Mediziner</li>
<li>Medizinische Genetik und Immunologie I-II</li>
</ul>
<h5>DZ</h5>
<ul>
<li>Biologie für Mediziner</li>
<li>Genetik und Genomik</li>
<li>Grundlagen der Immunologie</li>
</ul>
<h5>DP</h5>
<ul>
<li>Biologie</li>
<li>Genetik</li>
<li>Grundlagen der Immunologie</li>
</ul>
<p>&nbsp;</p>
<div class="fontos_div">
<p>Kursmaterialien für das laufende akademische Jahr, einschließlich Vorlesungs- und Praktikumsmaterialien sowie Prüfungsfragen für die Zwischen- und Abschlussprüfung, sind auf <a href="https://itc.semmelweis.hu/moodle/login/index.php?lang=de" target="_blank" rel="noopener">dem E-Learning-System der Universität</a> verfügbar.</p>
</div>
<p>&nbsp;</p>
<h2>Zuständig für die Studenten</h2>
<p><span style="font-family: Montserrat"><strong>Dr. Erna Pap</strong></span><br />
<i class="fa-solid fa-location-dot"></i>   NET VI. 620.<br />
<i class="fa-solid fa-phone"></i>  +36 1 210 2930 / 56251<br />
<i class="fa-regular fa-envelope"></i>  <a href="mailto:pap.erna@semmelweis.hu">pap.erna@semmelweis.hu</a><br />
 </p>
<h2>Studentensekretariat des Instituts</h2>
<p><strong><span style="font-family: Montserrat">Mária Molnár</span><br />
</strong> <i class="fa-solid fa-location-dot"></i>   NET VI. 623.<br />
<i class="fa-solid fa-phone"></i>  +36 1 210 2950, +36 1 210 2930 / 56235<br />
<i class="fa-regular fa-envelope"></i>  <a href="mailto:nemethne.maria@semmelweis.hu">nemethne.maria@semmelweis.hu</a></p>
<p><strong><span style="font-family: Montserrat">Andrea Kovács</span><br />
</strong> <i class="fa-solid fa-location-dot"></i>   NET VI. 623.<br />
<i class="fa-solid fa-phone"></i>  +36 1 210 2950, +36 1 210 2930 / 56253<br />
<i class="fa-regular fa-envelope"></i>  <a href="mailto:kovacs.andrea2@semmelweis.hu">kovacs.andrea2@semmelweis.hu</a></p>
<style>
           #page-grid .card-body > .line-clamp-box.excerpt{
        width: inherit;
        max-width: inherit;
        display:flex;
        min-height: 2.4em;
        flex-direction: column;
        justify-content: space-around;
        background-color: #D6E4EA;
        min-height: 3.4rem;
        font-family: "Montserrat", sans-serif;
    }

    #page-grid a:hover .card-body > .line-clamp-box.excerpt {
        background-color: #fff;
        color: #313B40;
    }

    #page-grid .card-body .line-clamp-box.excerpt section{
        max-width: inherit;
        display: -webkit-box;
        -webkit-line-clamp: 2;
        -webkit-box-orient: vertical;
        overflow: hidden;
        text-overflow: ellipsis;
        hyphens: auto;
        margin: auto;
        
    }
    .line-clamp-box.excerpt section, .line-clamp-box.excerpt section p{
        font-size:0.8em;
    }
    
</style>
    <section id="page-grid">
        <section class="d-block d-md-flex title-row my-3 ml-0 ml-md-1">
<div class="section-title  mb-1 ">
<h2>
    Nützliche Seiten
</h2>
</div>
</section>
        <div class="row row-cols-1 row-cols-md-2 row-cols-lg-2 no-gutters mx-0 ">    <div class ="col  mb-2 card-wrapper">
        <a class="d-flex flex-fill card-link-warapper m-md-1" href="https://semmelweis.hu/gsi/de/unterricht/thesis/">
            <div class="card border border-secondary se-border flex-fill">
                <div class="row no-gutters mx-0 d-flex flex-nowrap flex-md-wrap align-items-center">
                    <div class ="  col-5 col-md-12  d-none  d-md-none d-md-none  bg-image  card-image justify-content-center">
                        <img class='wp-post-image img-fluid landscape' src='https://semmelweis.hu/gsi/wp-content/themes/se18/dist/images/svg/bg-image.svg' />
                    </div>
                    <div class="card-body  col flex-column  col-md-12 p-0">
                        <div class="line-clamp-box p-3">
                            <h5 class="ml-0 ml-sm-1 mt-2 align-items-center"  >Thesis</h5>
                        </div>
                        
                    </div>
                </div>

            </div>
        </a>
    </div>    <div class ="col  mb-2 card-wrapper">
        <a class="d-flex flex-fill card-link-warapper m-md-1" href="https://semmelweis.hu/gsi/de/unterricht/feedback/">
            <div class="card border border-secondary se-border flex-fill">
                <div class="row no-gutters mx-0 d-flex flex-nowrap flex-md-wrap align-items-center">
                    <div class ="  col-5 col-md-12  d-none  d-md-none d-md-none  bg-image  card-image justify-content-center">
                        <img class='wp-post-image img-fluid landscape' src='https://semmelweis.hu/gsi/wp-content/themes/se18/dist/images/svg/bg-image.svg' />
                    </div>
                    <div class="card-body  col flex-column  col-md-12 p-0">
                        <div class="line-clamp-box p-3">
                            <h5 class="ml-0 ml-sm-1 mt-2 align-items-center"  >Aktionsplan basierend auf dem Feedback der Studierenden</h5>
                        </div>
                        
                    </div>
                </div>

            </div>
        </a>
    </div>        </div>
    </section>

<p>Die Studierenden des ersten und zweiten Studienjahres der Fakultät für Allgemeinmedizin, der Fakultät für Zahnmedizin und der Fakultät für Pharmazie werden von unserem Institut auf Ungarisch, Englisch und Deutsch unterrichtet. Kurse, die wir anbieten: DM Biologie für Mediziner Medizinische Genetik und Immunologie I-II DZ Biologie für Mediziner Genetik und Genomik Grundlagen der Immunologie DP Biologie &hellip;</p>
