{"id":571,"date":"2026-08-19T15:28:08","date_gmt":"2026-08-19T13:28:08","guid":{"rendered":"https:\/\/semmelweis.hu\/gsi\/?page_id=571"},"modified":"2026-08-24T17:15:24","modified_gmt":"2026-08-24T15:15:24","slug":"2019-2-1-7-era-net-2021-00015","status":"publish","type":"page","link":"https:\/\/semmelweis.hu\/gsi\/rolunk\/palyazatok\/2019-2-1-7-era-net-2021-00015\/","title":{"rendered":"2019-2.1.7-ERA-NET-2021-00015 (2022-2025)"},"content":{"rendered":"<h2>V\u00e9rplazma extracellul\u00e1ris vezikul\u00e1k (EV-k): kulcst\u00e9nyez\u0151k a prec\u00edzi\u00f3s medicin\u00e1ban glioblastoma eset\u00e9n<\/h2>\n<h3>2019-2.1.7-ERA-NET-2021-00015 p\u00e1ly\u00e1zati t\u00e1mogat\u00e1ssal<\/h3>\n<p><em>2019-2.1.7-ERA-NET-2021-00015 (2022. febru\u00e1r 1 &#8211; 2025. janu\u00e1r 31)<\/em><\/p>\n<p><strong>T\u00e9mavezet\u0151:<\/strong> Dr. Buz\u00e1s Edit<\/p>\n<p><strong>T\u00e1mogat\u00e1s \u00f6sszege:<\/strong> 47 578 989 forint<\/p>\n<p><strong>T\u00e1mogat\u00f3:<\/strong> Nemzeti Kutat\u00e1si, Fejleszt\u00e9si \u00e9s Innov\u00e1ci\u00f3s Alap<\/p>\n<p>A \u201dV\u00e9rplazma extracellul\u00e1ris vezikul\u00e1k (EV-k): kulcst\u00e9nyez\u0151k a prec\u00edzi\u00f3s medicin\u00e1ban glioblastoma eset\u00e9n\u201d c\u00edm\u0171 NKFIH \u00e1ltal t\u00e1mogatott kutat\u00e1si projekt, mely az Eur\u00f3pai Uni\u00f3 ERAPERMED2020-104 Acronym: EV-glio \u201dPlasma extracellular vesicles (EVs): the key for precision medicine in Glioblastoma\u201d t\u00e1mogatott p\u00e1ly\u00e1zata nyom\u00e1n val\u00f3sulhat meg ( Joint Transnational Call for Proposals (2021) for \u201eMultidisciplinary Research Projects on Personalized Medicine \u2013 Development of Clinical Support Tools for Personalised Medicine Implementation (ERA Net Grant 779282). A hazai t\u00e1mogat\u00e1sra az \u201eERA-NET COFUND \u00e9s EJP COFUND programok k\u00f6z\u00f6s nemzetk\u00f6zi p\u00e1ly\u00e1zati felh\u00edv\u00e1saiban sikeresen szerepl\u0151 magyar szervezetek t\u00e1mogat\u00e1s\u00e1ra c\u00edm\u0171 p\u00e1ly\u00e1zathoz (2021)\u201d keret\u00e9ben sor.<\/p>\n<p>A projekt megval\u00f3s\u00edt\u00e1sa az al\u00e1bbi nemzetk\u00f6zi partnerek egy\u00fcttm\u0171k\u00f6d\u00e9s\u00e9vel t\u00f6rt\u00e9nik: Fondazione IRCCS Neurologico Carlo Besta, Instituto Europeo di Oncologia, Tel Aviv University, CIC BioGUNE Instituto de Investigatci\u00f3n Sanitaria de Navarra, Clinica Universidad de Navarra valamint a Semmelweis Egyetem.<\/p>\n<p>A projekt sor\u00e1n olyan protokoll ker\u00fcl kidolgoz\u00e1sra, mely seg\u00edts\u00e9g\u00e9vel nemzetk\u00f6zi kollabor\u00e1ci\u00f3ban glioblastom\u00e1s betegekt\u0151l \u00e9s eg\u00e9szs\u00e9ges szem\u00e9lyekt\u0151l sz\u00e1rmaz\u00f3 kering\u0151 extracellul\u00e1ris vezikula protein biomarker jel\u00f6lt molekul\u00e1k azonos\u00edt\u00e1s\u00e1ra t\u00f6rt\u00e9nik meg.<\/p>\n<p><a href=\"https:\/\/semmelweis.hu\/mediasarok\/2025\/02\/24\/kulcstenyezok-a-precizios-medicinaban-elorelepes-a-biomarker-vizsgalatokban\/\">Sajt\u00f3k\u00f6zlem\u00e9ny a lez\u00e1rult p\u00e1ly\u00e1zatr\u00f3l &gt;&gt;&gt;<\/a><\/p>\n<p>A projekt keret\u00e9ben beszerzett <strong>Eppendorf asztali centrifuga<\/strong>, amely n\u00e9lk\u00fcl\u00f6zhetetlen\u00fcl sz\u00fcks\u00e9ges az extracellul\u00e1ris vezikul\u00e1k mos\u00e1s\u00e1hoz\/ protein korona mentes\u00edt\u00e9s\u00e9hez:<\/p>\n<p><a href=\"https:\/\/semmelweis.hu\/gsi\/files\/2026\/08\/Eppendorf_centrifuga_front.jpg\"><img loading=\"lazy\" decoding=\"async\" class=\"wp-image-574 size-medium alignleft\" src=\"https:\/\/semmelweis.hu\/gsi\/files\/2026\/08\/Eppendorf_centrifuga_front-300x400.jpg\" alt=\"\" width=\"300\" height=\"400\" srcset=\"https:\/\/semmelweis.hu\/gsi\/files\/2026\/08\/Eppendorf_centrifuga_front-300x400.jpg 300w, https:\/\/semmelweis.hu\/gsi\/files\/2026\/08\/Eppendorf_centrifuga_front-768x1024.jpg 768w, https:\/\/semmelweis.hu\/gsi\/files\/2026\/08\/Eppendorf_centrifuga_front-753x1004.jpg 753w, https:\/\/semmelweis.hu\/gsi\/files\/2026\/08\/Eppendorf_centrifuga_front.jpg 900w\" sizes=\"auto, (max-width: 300px) 100vw, 300px\" \/><\/a><a href=\"https:\/\/semmelweis.hu\/gsi\/files\/2026\/08\/Eppendorf_centrifuga.jpg\"><img loading=\"lazy\" decoding=\"async\" class=\"wp-image-573 size-medium alignleft\" src=\"https:\/\/semmelweis.hu\/gsi\/files\/2026\/08\/Eppendorf_centrifuga-300x400.jpg\" alt=\"\" width=\"300\" height=\"400\" srcset=\"https:\/\/semmelweis.hu\/gsi\/files\/2026\/08\/Eppendorf_centrifuga-300x400.jpg 300w, https:\/\/semmelweis.hu\/gsi\/files\/2026\/08\/Eppendorf_centrifuga-768x1024.jpg 768w, https:\/\/semmelweis.hu\/gsi\/files\/2026\/08\/Eppendorf_centrifuga-753x1004.jpg 753w, https:\/\/semmelweis.hu\/gsi\/files\/2026\/08\/Eppendorf_centrifuga.jpg 900w\" sizes=\"auto, (max-width: 300px) 100vw, 300px\" \/><\/a><img loading=\"lazy\" decoding=\"async\" class=\"wp-image-572 size-medium alignleft\" src=\"https:\/\/semmelweis.hu\/gsi\/files\/2026\/08\/Eppendorf_centrifuga_hat-300x400.jpg\" alt=\"\" width=\"300\" height=\"400\" srcset=\"https:\/\/semmelweis.hu\/gsi\/files\/2026\/08\/Eppendorf_centrifuga_hat-300x400.jpg 300w, https:\/\/semmelweis.hu\/gsi\/files\/2026\/08\/Eppendorf_centrifuga_hat-768x1024.jpg 768w, https:\/\/semmelweis.hu\/gsi\/files\/2026\/08\/Eppendorf_centrifuga_hat-753x1004.jpg 753w, https:\/\/semmelweis.hu\/gsi\/files\/2026\/08\/Eppendorf_centrifuga_hat.jpg 900w\" sizes=\"auto, (max-width: 300px) 100vw, 300px\" \/><\/p>\n<hr \/>\n<p style=\"text-align: right\">*** A projektet t\u00e1mogatta: ***<\/p>\n<p><a href=\"https:\/\/semmelweis.hu\/gsi\/files\/2026\/08\/Flag_of_Europe.png\"><img loading=\"lazy\" decoding=\"async\" class=\"alignright wp-image-583\" src=\"https:\/\/semmelweis.hu\/gsi\/files\/2026\/08\/Flag_of_Europe-400x267.png\" alt=\"\" width=\"250\" height=\"167\" srcset=\"https:\/\/semmelweis.hu\/gsi\/files\/2026\/08\/Flag_of_Europe-400x267.png 400w, https:\/\/semmelweis.hu\/gsi\/files\/2026\/08\/Flag_of_Europe-203x135.png 203w, https:\/\/semmelweis.hu\/gsi\/files\/2026\/08\/Flag_of_Europe.png 427w\" sizes=\"auto, (max-width: 250px) 100vw, 250px\" \/><\/a><\/p>\n<p><a href=\"https:\/\/semmelweis.hu\/gsi\/files\/2026\/08\/NKFIA_projekt.png\"><img loading=\"lazy\" decoding=\"async\" class=\"alignright wp-image-584\" src=\"https:\/\/semmelweis.hu\/gsi\/files\/2026\/08\/NKFIA_projekt-400x170.png\" alt=\"\" width=\"250\" height=\"106\" srcset=\"https:\/\/semmelweis.hu\/gsi\/files\/2026\/08\/NKFIA_projekt-400x170.png 400w, https:\/\/semmelweis.hu\/gsi\/files\/2026\/08\/NKFIA_projekt.png 672w\" sizes=\"auto, (max-width: 250px) 100vw, 250px\" \/><\/a><\/p>\n","protected":false},"excerpt":{"rendered":"<p>V\u00e9rplazma extracellul\u00e1ris vezikul\u00e1k (EV-k): kulcst\u00e9nyez\u0151k a prec\u00edzi\u00f3s medicin\u00e1ban glioblastoma eset\u00e9n<\/p>\n","protected":false},"author":102560,"featured_media":0,"parent":149,"menu_order":5,"comment_status":"closed","ping_status":"closed","template":"","meta":{"_acf_changed":false,"footnotes":""},"categories":[],"tags":[],"class_list":["post-571","page","type-page","status-publish","hentry"],"acf":[],"_links":{"self":[{"href":"https:\/\/semmelweis.hu\/gsi\/wp-json\/wp\/v2\/pages\/571","targetHints":{"allow":["GET"]}}],"collection":[{"href":"https:\/\/semmelweis.hu\/gsi\/wp-json\/wp\/v2\/pages"}],"about":[{"href":"https:\/\/semmelweis.hu\/gsi\/wp-json\/wp\/v2\/types\/page"}],"author":[{"embeddable":true,"href":"https:\/\/semmelweis.hu\/gsi\/wp-json\/wp\/v2\/users\/102560"}],"replies":[{"embeddable":true,"href":"https:\/\/semmelweis.hu\/gsi\/wp-json\/wp\/v2\/comments?post=571"}],"version-history":[{"count":10,"href":"https:\/\/semmelweis.hu\/gsi\/wp-json\/wp\/v2\/pages\/571\/revisions"}],"predecessor-version":[{"id":687,"href":"https:\/\/semmelweis.hu\/gsi\/wp-json\/wp\/v2\/pages\/571\/revisions\/687"}],"up":[{"embeddable":true,"href":"https:\/\/semmelweis.hu\/gsi\/wp-json\/wp\/v2\/pages\/149"}],"wp:attachment":[{"href":"https:\/\/semmelweis.hu\/gsi\/wp-json\/wp\/v2\/media?parent=571"}],"wp:term":[{"taxonomy":"category","embeddable":true,"href":"https:\/\/semmelweis.hu\/gsi\/wp-json\/wp\/v2\/categories?post=571"},{"taxonomy":"post_tag","embeddable":true,"href":"https:\/\/semmelweis.hu\/gsi\/wp-json\/wp\/v2\/tags?post=571"}],"curies":[{"name":"wp","href":"https:\/\/api.w.org\/{rel}","templated":true}]}}

<h2>Vérplazma extracelluláris vezikulák (EV-k): kulcstényezők a precíziós medicinában glioblastoma esetén</h2>
<h3>2019-2.1.7-ERA-NET-2021-00015 pályázati támogatással</h3>
<p><em>2019-2.1.7-ERA-NET-2021-00015 (2022. február 1 &#8211; 2025. január 31)</em></p>
<p><strong>Témavezető:</strong> Dr. Buzás Edit</p>
<p><strong>Támogatás összege:</strong> 47 578 989 forint</p>
<p><strong>Támogató:</strong> Nemzeti Kutatási, Fejlesztési és Innovációs Alap</p>
<p>A ”Vérplazma extracelluláris vezikulák (EV-k): kulcstényezők a precíziós medicinában glioblastoma esetén” című NKFIH által támogatott kutatási projekt, mely az Európai Unió ERAPERMED2020-104 Acronym: EV-glio ”Plasma extracellular vesicles (EVs): the key for precision medicine in Glioblastoma” támogatott pályázata nyomán valósulhat meg ( Joint Transnational Call for Proposals (2021) for „Multidisciplinary Research Projects on Personalized Medicine – Development of Clinical Support Tools for Personalised Medicine Implementation (ERA Net Grant 779282). A hazai támogatásra az „ERA-NET COFUND és EJP COFUND programok közös nemzetközi pályázati felhívásaiban sikeresen szereplő magyar szervezetek támogatására című pályázathoz (2021)” keretében sor.</p>
<p>A projekt megvalósítása az alábbi nemzetközi partnerek együttműködésével történik: Fondazione IRCCS Neurologico Carlo Besta, Instituto Europeo di Oncologia, Tel Aviv University, CIC BioGUNE Instituto de Investigatción Sanitaria de Navarra, Clinica Universidad de Navarra valamint a Semmelweis Egyetem.</p>
<p>A projekt során olyan protokoll kerül kidolgozásra, mely segítségével nemzetközi kollaborációban glioblastomás betegektől és egészséges személyektől származó keringő extracelluláris vezikula protein biomarker jelölt molekulák azonosítására történik meg.</p>
<p><a href="https://semmelweis.hu/mediasarok/2025/02/24/kulcstenyezok-a-precizios-medicinaban-elorelepes-a-biomarker-vizsgalatokban/">Sajtóközlemény a lezárult pályázatról &gt;&gt;&gt;</a></p>
<p>A projekt keretében beszerzett <strong>Eppendorf asztali centrifuga</strong>, amely nélkülözhetetlenül szükséges az extracelluláris vezikulák mosásához/ protein korona mentesítéséhez:</p>
<p><a href="https://semmelweis.hu/gsi/files/2026/08/Eppendorf_centrifuga_front.jpg"><img loading="lazy" decoding="async" class="wp-image-574 size-medium alignleft" src="https://semmelweis.hu/gsi/files/2026/08/Eppendorf_centrifuga_front-300x400.jpg" alt="" width="300" height="400" srcset="https://semmelweis.hu/gsi/files/2026/08/Eppendorf_centrifuga_front-300x400.jpg 300w, https://semmelweis.hu/gsi/files/2026/08/Eppendorf_centrifuga_front-768x1024.jpg 768w, https://semmelweis.hu/gsi/files/2026/08/Eppendorf_centrifuga_front-753x1004.jpg 753w, https://semmelweis.hu/gsi/files/2026/08/Eppendorf_centrifuga_front.jpg 900w" sizes="auto, (max-width: 300px) 100vw, 300px" /></a><a href="https://semmelweis.hu/gsi/files/2026/08/Eppendorf_centrifuga.jpg"><img loading="lazy" decoding="async" class="wp-image-573 size-medium alignleft" src="https://semmelweis.hu/gsi/files/2026/08/Eppendorf_centrifuga-300x400.jpg" alt="" width="300" height="400" srcset="https://semmelweis.hu/gsi/files/2026/08/Eppendorf_centrifuga-300x400.jpg 300w, https://semmelweis.hu/gsi/files/2026/08/Eppendorf_centrifuga-768x1024.jpg 768w, https://semmelweis.hu/gsi/files/2026/08/Eppendorf_centrifuga-753x1004.jpg 753w, https://semmelweis.hu/gsi/files/2026/08/Eppendorf_centrifuga.jpg 900w" sizes="auto, (max-width: 300px) 100vw, 300px" /></a><img loading="lazy" decoding="async" class="wp-image-572 size-medium alignleft" src="https://semmelweis.hu/gsi/files/2026/08/Eppendorf_centrifuga_hat-300x400.jpg" alt="" width="300" height="400" srcset="https://semmelweis.hu/gsi/files/2026/08/Eppendorf_centrifuga_hat-300x400.jpg 300w, https://semmelweis.hu/gsi/files/2026/08/Eppendorf_centrifuga_hat-768x1024.jpg 768w, https://semmelweis.hu/gsi/files/2026/08/Eppendorf_centrifuga_hat-753x1004.jpg 753w, https://semmelweis.hu/gsi/files/2026/08/Eppendorf_centrifuga_hat.jpg 900w" sizes="auto, (max-width: 300px) 100vw, 300px" /></p>
<hr />
<p style="text-align: right">*** A projektet támogatta: ***</p>
<p><a href="https://semmelweis.hu/gsi/files/2026/08/Flag_of_Europe.png"><img loading="lazy" decoding="async" class="alignright wp-image-583" src="https://semmelweis.hu/gsi/files/2026/08/Flag_of_Europe-400x267.png" alt="" width="250" height="167" srcset="https://semmelweis.hu/gsi/files/2026/08/Flag_of_Europe-400x267.png 400w, https://semmelweis.hu/gsi/files/2026/08/Flag_of_Europe-203x135.png 203w, https://semmelweis.hu/gsi/files/2026/08/Flag_of_Europe.png 427w" sizes="auto, (max-width: 250px) 100vw, 250px" /></a></p>
<p><a href="https://semmelweis.hu/gsi/files/2026/08/NKFIA_projekt.png"><img loading="lazy" decoding="async" class="alignright wp-image-584" src="https://semmelweis.hu/gsi/files/2026/08/NKFIA_projekt-400x170.png" alt="" width="250" height="106" srcset="https://semmelweis.hu/gsi/files/2026/08/NKFIA_projekt-400x170.png 400w, https://semmelweis.hu/gsi/files/2026/08/NKFIA_projekt.png 672w" sizes="auto, (max-width: 250px) 100vw, 250px" /></a></p>

<p>Vérplazma extracelluláris vezikulák (EV-k): kulcstényezők a precíziós medicinában glioblastoma esetén</p>
