{"id":568,"date":"2026-08-19T14:49:06","date_gmt":"2026-08-19T12:49:06","guid":{"rendered":"https:\/\/semmelweis.hu\/gsi\/?page_id=568"},"modified":"2026-08-24T17:10:51","modified_gmt":"2026-08-24T15:10:51","slug":"nvkp_16-0007","status":"publish","type":"page","link":"https:\/\/semmelweis.hu\/gsi\/rolunk\/palyazatok\/nvkp_16-0007\/","title":{"rendered":"NVKP_16-0007 (2017-2020)"},"content":{"rendered":"<h2><a href=\"https:\/\/semmelweis.hu\/gsi\/files\/2026\/08\/szechenyi2020_logo.png\"><img loading=\"lazy\" decoding=\"async\" class=\"wp-image-560 alignright\" src=\"https:\/\/semmelweis.hu\/gsi\/files\/2026\/08\/szechenyi2020_logo.png\" alt=\"\" width=\"214\" height=\"150\" \/><\/a>Anyagtudom\u00e1nyi kutat\u00e1s \u00e9s fejleszt\u00e9s az extracellul\u00e1ris vezikula alap\u00fa orvosdiagnosztika megval\u00f3s\u00edt\u00e1s\u00e1hoz<\/h2>\n<p><em>NVKP_16-0007 p\u00e1ly\u00e1zati t\u00e1mogat\u00e1ssal<\/em><\/p>\n<p>A 2017. janu\u00e1rj\u00e1ban indult \u00e9s 2020. okt\u00f3ber 31-\u00e9n lez\u00e1rult projekt f\u0151 c\u00e9lkit\u0171z\u00e9se volt, hogy az extracellul\u00e1ris vezikul\u00e1knak (EV) egy \u00faj, v\u00e1rakoz\u00e1saink szerint jobb izol\u00e1l\u00e1si m\u00f3dszer\u00e9vel megteremtse a lehet\u0151s\u00e9g\u00e9t az EV-k diagnosztikai felhaszn\u00e1l\u00e1s\u00e1nak. Az ELKH TTK Anyag- \u00e9s K\u00f6rnyezetk\u00e9miai Int\u00e9zet, az USCOM, az Idaco Kft, valamint a Semmelweis Egyetem \u00e1ltal alkotott konzorcium keret\u00e9n bel\u00fcl a Semmelweis Egyetemen els\u0151sorban a pancreas tumorokra, valamint t\u00fcd\u0151r\u00e1kos betegekre f\u00f3kusz\u00e1lunk, \u00e9s a tumorsejtek \u00e1ltal kibocs\u00e1tott EV alpopul\u00e1ci\u00f3k sz\u00e9lesk\u00f6r\u0171 molekul\u00e1ris jellemz\u00e9s\u00e9t t\u0171zt\u00fck ki c\u00e9lul a legmodernebb, high-throughput m\u00f3dszerek \u00e9s organoidok felhaszn\u00e1l\u00e1s\u00e1val.<\/p>\n<p>A projektet a Semmelweis Egyetemen bel\u00fcl a Genetikai, Sejt- \u00e9s Immunbiol\u00f3giai Int\u00e9zet \u00e9s dr. Wiener Zolt\u00e1n koordin\u00e1lt\u00e1k.<\/p>\n<p><strong>R\u00e9sztvev\u0151k<\/strong><\/p>\n<ul>\n<li>ELKH TTK Anyag- \u00e9s K\u00f6rnyezetk\u00e9miai Int\u00e9zet (AKI), konzorciumvezet\u0151<\/li>\n<li>Semmelweis Egyetem (I. sz. Seb\u00e9szeti Klinika, Pulmonol\u00f3giai Klinika, Genetikai, Sejt- \u00e9s Immunbiol\u00f3giai Int\u00e9zet)<\/li>\n<li>IDACO Szolg\u00e1ltat\u00f3 \u00e9s Tan\u00e1csad\u00f3 Kft<\/li>\n<li>USCOM Kft<\/li>\n<\/ul>\n<p><strong>P\u00e9nz\u00fcgyi adatok<\/strong><\/p>\n<ul>\n<li>Teljes k\u00f6lts\u00e9gvet\u00e9s: 819 212 057 Ft<\/li>\n<li>Ebb\u0151l az NKFI Hivatal t\u00e1mogat\u00e1sa: 677 927 157 Ft (82,7 %)<\/li>\n<\/ul>\n<p><strong>Futamid\u0151<\/strong><\/p>\n<p>2017. janu\u00e1r 1 &#8211; 2020. okt\u00f3ber 31, a projekt lez\u00e1rult.<\/p>\n<p><strong>T\u00e1mogat\u00f3<\/strong><\/p>\n<p>Nemzeti Kutat\u00e1si, Fejleszt\u00e9si \u00e9s Innov\u00e1ci\u00f3s Alap<\/p>\n","protected":false},"excerpt":{"rendered":"<p>Anyagtudom\u00e1nyi kutat\u00e1s \u00e9s fejleszt\u00e9s az extracellul\u00e1ris vezikula alap\u00fa orvosdiagnosztika megval\u00f3s\u00edt\u00e1s\u00e1hoz<\/p>\n","protected":false},"author":102560,"featured_media":0,"parent":149,"menu_order":3,"comment_status":"closed","ping_status":"closed","template":"","meta":{"_acf_changed":false,"footnotes":""},"categories":[],"tags":[],"class_list":["post-568","page","type-page","status-publish","hentry"],"acf":[],"_links":{"self":[{"href":"https:\/\/semmelweis.hu\/gsi\/wp-json\/wp\/v2\/pages\/568","targetHints":{"allow":["GET"]}}],"collection":[{"href":"https:\/\/semmelweis.hu\/gsi\/wp-json\/wp\/v2\/pages"}],"about":[{"href":"https:\/\/semmelweis.hu\/gsi\/wp-json\/wp\/v2\/types\/page"}],"author":[{"embeddable":true,"href":"https:\/\/semmelweis.hu\/gsi\/wp-json\/wp\/v2\/users\/102560"}],"replies":[{"embeddable":true,"href":"https:\/\/semmelweis.hu\/gsi\/wp-json\/wp\/v2\/comments?post=568"}],"version-history":[{"count":2,"href":"https:\/\/semmelweis.hu\/gsi\/wp-json\/wp\/v2\/pages\/568\/revisions"}],"predecessor-version":[{"id":685,"href":"https:\/\/semmelweis.hu\/gsi\/wp-json\/wp\/v2\/pages\/568\/revisions\/685"}],"up":[{"embeddable":true,"href":"https:\/\/semmelweis.hu\/gsi\/wp-json\/wp\/v2\/pages\/149"}],"wp:attachment":[{"href":"https:\/\/semmelweis.hu\/gsi\/wp-json\/wp\/v2\/media?parent=568"}],"wp:term":[{"taxonomy":"category","embeddable":true,"href":"https:\/\/semmelweis.hu\/gsi\/wp-json\/wp\/v2\/categories?post=568"},{"taxonomy":"post_tag","embeddable":true,"href":"https:\/\/semmelweis.hu\/gsi\/wp-json\/wp\/v2\/tags?post=568"}],"curies":[{"name":"wp","href":"https:\/\/api.w.org\/{rel}","templated":true}]}}

<h2><a href="https://semmelweis.hu/gsi/files/2026/08/szechenyi2020_logo.png"><img loading="lazy" decoding="async" class="wp-image-560 alignright" src="https://semmelweis.hu/gsi/files/2026/08/szechenyi2020_logo.png" alt="" width="214" height="150" /></a>Anyagtudományi kutatás és fejlesztés az extracelluláris vezikula alapú orvosdiagnosztika megvalósításához</h2>
<p><em>NVKP_16-0007 pályázati támogatással</em></p>
<p>A 2017. januárjában indult és 2020. október 31-én lezárult projekt fő célkitűzése volt, hogy az extracelluláris vezikuláknak (EV) egy új, várakozásaink szerint jobb izolálási módszerével megteremtse a lehetőségét az EV-k diagnosztikai felhasználásának. Az ELKH TTK Anyag- és Környezetkémiai Intézet, az USCOM, az Idaco Kft, valamint a Semmelweis Egyetem által alkotott konzorcium keretén belül a Semmelweis Egyetemen elsősorban a pancreas tumorokra, valamint tüdőrákos betegekre fókuszálunk, és a tumorsejtek által kibocsátott EV alpopulációk széleskörű molekuláris jellemzését tűztük ki célul a legmodernebb, high-throughput módszerek és organoidok felhasználásával.</p>
<p>A projektet a Semmelweis Egyetemen belül a Genetikai, Sejt- és Immunbiológiai Intézet és dr. Wiener Zoltán koordinálták.</p>
<p><strong>Résztvevők</strong></p>
<ul>
<li>ELKH TTK Anyag- és Környezetkémiai Intézet (AKI), konzorciumvezető</li>
<li>Semmelweis Egyetem (I. sz. Sebészeti Klinika, Pulmonológiai Klinika, Genetikai, Sejt- és Immunbiológiai Intézet)</li>
<li>IDACO Szolgáltató és Tanácsadó Kft</li>
<li>USCOM Kft</li>
</ul>
<p><strong>Pénzügyi adatok</strong></p>
<ul>
<li>Teljes költségvetés: 819 212 057 Ft</li>
<li>Ebből az NKFI Hivatal támogatása: 677 927 157 Ft (82,7 %)</li>
</ul>
<p><strong>Futamidő</strong></p>
<p>2017. január 1 &#8211; 2020. október 31, a projekt lezárult.</p>
<p><strong>Támogató</strong></p>
<p>Nemzeti Kutatási, Fejlesztési és Innovációs Alap</p>

<p>Anyagtudományi kutatás és fejlesztés az extracelluláris vezikula alapú orvosdiagnosztika megvalósításához</p>
