{"id":424,"date":"2026-08-23T12:41:44","date_gmt":"2026-08-23T10:41:44","guid":{"rendered":"https:\/\/semmelweis.hu\/gsi\/?page_id=424"},"modified":"2026-08-27T12:33:28","modified_gmt":"2026-08-27T10:33:28","slug":"genregulacio","status":"publish","type":"page","link":"https:\/\/semmelweis.hu\/gsi\/kutatas\/genregulacio\/","title":{"rendered":"G\u00e9nregul\u00e1ci\u00f3 Kutat\u00f3csoport"},"content":{"rendered":"<h2>Vezet\u0151: Dr. Orb\u00e1n Tam\u00e1s<\/h2>\n<p>&nbsp;<\/p>\n<div class=\"responsive-tabs\">\n<h2 class=\"tabtitle\">Tagok<\/h2>\n<div class=\"tabcontent\">\n\n<h2>Tagok<\/h2>\n\r\n<div id=\"telefonkonyv\"><div class=\"tel-results col-12 px-0\"><p class=\"desc mb-1\"><span>Ha hib\u00e1s, vagy hi\u00e1nyz\u00f3 adatot tal\u00e1l, k\u00e9rj\u00fck jelezze szervezeti egys\u00e9g\u00fcnk titk\u00e1rs\u00e1g\u00e1n.<\/span><\/p>\r\n                <p class=\"desc\"><em>A telefonk\u00f6nyvben tal\u00e1lhat\u00f3 adatok nem haszn\u00e1lhat\u00f3k fel az 1995. \u00e9vi CXIX. t\u00f6rv\u00e9ny szerinti kutat\u00e1s \u00e9s k\u00f6zvetlen \u00fczletszerz\u00e9s c\u00e9lj\u00e1ra.<\/em><\/p>\r\n            <div class=\"row mx-0 py-2 result-line emp-leader\" data-name=\"orban tamas\">\r\n            <div class=\"col col-12 px-0 d-flex flex-row flex-lg-row-reverse\"><div class=\"row mx-0 pr-2 result-line-content align-items-center\">\r\n                        <div class=\"col-12 col-md-8 px-0 pr-lg-3\">\r\n                            <a class=\"emp-name\" target=\"_blank\" href=\"https:\/\/semmelweis.hu\/telefonkonyv?emp_id=25496\">Dr. Orb\u00e1n Tam\u00e1s<\/a>\r\n                            <br \/><span class=\"emp-phone\">egyetemi docens<\/span><\/div>\r\n                        <div class=\"col-12 col-md-4 px-0\"><span class=\"emp-phone\"><i class=\"fa fa-phone\" aria-hidden=\"true\"><\/i>56253<\/span><span class=\"emp-email\"><i class=\"fa fa-envelope-o\" aria-hidden=\"true\"><\/i>orban.tamas.istvan<i class=\"fa fa-at m-0 text-body\"><\/i>semmelweis.hu<\/span>\r\n                        <\/div>\r\n                    <\/div>\r\n                \r\n                    <div class=\"portre ml-auto mr-lg-3\" style=\"background-image: url(https:\/\/semmelweis.hu\/wp-content\/telefon\/data\/emp\/portre\/25496.jpg);\">\r\n                        &nbsp;\r\n                    <\/div>\r\n            <\/div>\r\n\r\n                <div class=\"col-12 col-md-6 px-0 d-none\"><span class=\"emp-phone\"><i class=\"fa fa-phone\" aria-hidden=\"true\"><\/i>56253<\/span><span class=\"emp-email\"><i class=\"fa fa-envelope-o\" aria-hidden=\"true\"><\/i>orban.tamas.istvan<i class=\"fa fa-at m-0 text-body\"><\/i>semmelweis.hu<\/span>\r\n                <\/div>\r\n\r\n\r\n        <\/div>\r\n            <div class=\"row mx-0 py-2 result-line \" data-name=\"laczko-rigo reka\">\r\n            <div class=\"col col-12 px-0 d-flex flex-row flex-lg-row-reverse\"><div class=\"row mx-0 pr-2 result-line-content align-items-center\">\r\n                        <div class=\"col-12 col-md-8 px-0 pr-lg-3\">\r\n                            <a class=\"emp-name\" target=\"_blank\" href=\"https:\/\/semmelweis.hu\/telefonkonyv?emp_id=26903\">Dr. Laczk\u00f3-Rig\u00f3 R\u00e9ka<\/a>\r\n                            <br \/><span class=\"emp-phone\">tudom\u00e1nyos munkat\u00e1rs<\/span><\/div>\r\n                        <div class=\"col-12 col-md-4 px-0\"><span class=\"emp-phone\"><i class=\"fa fa-phone\" aria-hidden=\"true\"><\/i>56253<\/span><span class=\"emp-email\"><i class=\"fa fa-envelope-o\" aria-hidden=\"true\"><\/i>laczko.rigo.reka<i class=\"fa fa-at m-0 text-body\"><\/i>semmelweis.hu<\/span>\r\n                        <\/div>\r\n                    <\/div>\r\n                \r\n                    <div class=\"portre ml-auto mr-lg-3\" style=\"background-image: url(https:\/\/semmelweis.hu\/wp-content\/telefon\/data\/emp\/portre\/26903.jpg);\">\r\n                        &nbsp;\r\n                    <\/div>\r\n            <\/div>\r\n\r\n                <div class=\"col-12 col-md-6 px-0 d-none\"><span class=\"emp-phone\"><i class=\"fa fa-phone\" aria-hidden=\"true\"><\/i>56253<\/span><span class=\"emp-email\"><i class=\"fa fa-envelope-o\" aria-hidden=\"true\"><\/i>laczko.rigo.reka<i class=\"fa fa-at m-0 text-body\"><\/i>semmelweis.hu<\/span>\r\n                <\/div>\r\n\r\n\r\n        <\/div>\r\n            <div class=\"row mx-0 py-2 result-line \" data-name=\"schamberger anita\">\r\n            <div class=\"col col-12 px-0 d-flex flex-row flex-lg-row-reverse\"><div class=\"row mx-0 pr-2 result-line-content align-items-center\">\r\n                        <div class=\"col-12 col-md-8 px-0 pr-lg-3\">\r\n                            <a class=\"emp-name\" target=\"_blank\" href=\"https:\/\/semmelweis.hu\/telefonkonyv?emp_id=25497\">Dr. Schamberger Anita<\/a>\r\n                            <br \/><span class=\"emp-phone\">tudom\u00e1nyos munkat\u00e1rs<\/span><\/div>\r\n                        <div class=\"col-12 col-md-4 px-0\"><span class=\"emp-phone\"><i class=\"fa fa-phone\" aria-hidden=\"true\"><\/i>56253<\/span><span class=\"emp-email\"><i class=\"fa fa-envelope-o\" aria-hidden=\"true\"><\/i>schamberger.anita<i class=\"fa fa-at m-0 text-body\"><\/i>semmelweis.hu<\/span>\r\n                        <\/div>\r\n                    <\/div>\r\n                \r\n                    <div class=\"portre ml-auto mr-lg-3\" style=\"background-image: url(https:\/\/semmelweis.hu\/wp-content\/telefon\/data\/emp\/portre\/25497.jpg);\">\r\n                        &nbsp;\r\n                    <\/div>\r\n            <\/div>\r\n\r\n                <div class=\"col-12 col-md-6 px-0 d-none\"><span class=\"emp-phone\"><i class=\"fa fa-phone\" aria-hidden=\"true\"><\/i>56253<\/span><span class=\"emp-email\"><i class=\"fa fa-envelope-o\" aria-hidden=\"true\"><\/i>schamberger.anita<i class=\"fa fa-at m-0 text-body\"><\/i>semmelweis.hu<\/span>\r\n                <\/div>\r\n\r\n\r\n        <\/div><\/div><\/div>\n<p>&nbsp;<\/p>\n\n<\/div><h2 class=\"tabtitle\">Publik\u00e1ci\u00f3k<\/h2>\n<div class=\"tabcontent\">\n\n<h2>Publik\u00e1ci\u00f3k<\/h2>\n<div class=\"keretes w-100\">\n<p><a href=\"https:\/\/m2.mtmt.hu\/gui2\/?type=authors&amp;mode=browse&amp;sel=10000148&amp;view=assortedList\" target=\"_blank\" rel=\"noopener\">Legfontosabb publik\u00e1ci\u00f3k \u2192<\/a><\/p>\n<p><a href=\"https:\/\/m2.mtmt.hu\/gui2\/?type=authors&amp;mode=browse&amp;sel=authors10000148\" target=\"_blank\" rel=\"noopener\">\u00d6sszes publik\u00e1ci\u00f3 \u2192\u00a0<\/a><\/p>\n<\/div>\n<p>&nbsp;<\/p>\n<\/div><\/div>\n","protected":false},"excerpt":{"rendered":"<p>Vezet\u0151: Dr. Orb\u00e1n Tam\u00e1s<\/p>\n","protected":false},"author":102170,"featured_media":0,"parent":135,"menu_order":4,"comment_status":"closed","ping_status":"closed","template":"template-fullwidth.php","meta":{"_acf_changed":false,"footnotes":""},"categories":[44],"tags":[],"class_list":["post-424","page","type-page","status-publish","hentry","category-kutatocsoportok"],"acf":[],"_links":{"self":[{"href":"https:\/\/semmelweis.hu\/gsi\/wp-json\/wp\/v2\/pages\/424","targetHints":{"allow":["GET"]}}],"collection":[{"href":"https:\/\/semmelweis.hu\/gsi\/wp-json\/wp\/v2\/pages"}],"about":[{"href":"https:\/\/semmelweis.hu\/gsi\/wp-json\/wp\/v2\/types\/page"}],"author":[{"embeddable":true,"href":"https:\/\/semmelweis.hu\/gsi\/wp-json\/wp\/v2\/users\/102170"}],"replies":[{"embeddable":true,"href":"https:\/\/semmelweis.hu\/gsi\/wp-json\/wp\/v2\/comments?post=424"}],"version-history":[{"count":6,"href":"https:\/\/semmelweis.hu\/gsi\/wp-json\/wp\/v2\/pages\/424\/revisions"}],"predecessor-version":[{"id":784,"href":"https:\/\/semmelweis.hu\/gsi\/wp-json\/wp\/v2\/pages\/424\/revisions\/784"}],"up":[{"embeddable":true,"href":"https:\/\/semmelweis.hu\/gsi\/wp-json\/wp\/v2\/pages\/135"}],"wp:attachment":[{"href":"https:\/\/semmelweis.hu\/gsi\/wp-json\/wp\/v2\/media?parent=424"}],"wp:term":[{"taxonomy":"category","embeddable":true,"href":"https:\/\/semmelweis.hu\/gsi\/wp-json\/wp\/v2\/categories?post=424"},{"taxonomy":"post_tag","embeddable":true,"href":"https:\/\/semmelweis.hu\/gsi\/wp-json\/wp\/v2\/tags?post=424"}],"curies":[{"name":"wp","href":"https:\/\/api.w.org\/{rel}","templated":true}]}}

Génreguláció Kutatócsoport

<h2>Vezető: Dr. Orbán Tamás</h2>
<p>&nbsp;</p>
<div class="responsive-tabs">
<h2 class="tabtitle">Tagok</h2>
<div class="tabcontent">

<h2>Tagok</h2>

<div id="telefonkonyv"><div class="tel-results col-12 px-0"><p class="desc mb-1"><span>Ha hibás, vagy hiányzó adatot talál, kérjük jelezze szervezeti egységünk titkárságán.</span></p>
                <p class="desc"><em>A telefonkönyvben található adatok nem használhatók fel az 1995. évi CXIX. törvény szerinti kutatás és közvetlen üzletszerzés céljára.</em></p>
            <div class="row mx-0 py-2 result-line emp-leader" data-name="orban tamas">
            <div class="col col-12 px-0 d-flex flex-row flex-lg-row-reverse"><div class="row mx-0 pr-2 result-line-content align-items-center">
                        <div class="col-12 col-md-8 px-0 pr-lg-3">
                            <a class="emp-name" target="_blank" href="https://semmelweis.hu/telefonkonyv?emp_id=25496">Dr. Orbán Tamás</a>
                            <br /><span class="emp-phone">egyetemi docens</span></div>
                        <div class="col-12 col-md-4 px-0"><span class="emp-phone"><i class="fa fa-phone" aria-hidden="true"></i>56253</span><span class="emp-email"><i class="fa fa-envelope-o" aria-hidden="true"></i>orban.tamas.istvan<i class="fa fa-at m-0 text-body"></i>semmelweis.hu</span>
                        </div>
                    </div>
                
                    <div class="portre ml-auto mr-lg-3" style="background-image: url(https://semmelweis.hu/wp-content/telefon/data/emp/portre/25496.jpg);">
                        &nbsp;
                    </div>
            </div>

                <div class="col-12 col-md-6 px-0 d-none"><span class="emp-phone"><i class="fa fa-phone" aria-hidden="true"></i>56253</span><span class="emp-email"><i class="fa fa-envelope-o" aria-hidden="true"></i>orban.tamas.istvan<i class="fa fa-at m-0 text-body"></i>semmelweis.hu</span>
                </div>


        </div>
            <div class="row mx-0 py-2 result-line " data-name="laczko-rigo reka">
            <div class="col col-12 px-0 d-flex flex-row flex-lg-row-reverse"><div class="row mx-0 pr-2 result-line-content align-items-center">
                        <div class="col-12 col-md-8 px-0 pr-lg-3">
                            <a class="emp-name" target="_blank" href="https://semmelweis.hu/telefonkonyv?emp_id=26903">Dr. Laczkó-Rigó Réka</a>
                            <br /><span class="emp-phone">tudományos munkatárs</span></div>
                        <div class="col-12 col-md-4 px-0"><span class="emp-phone"><i class="fa fa-phone" aria-hidden="true"></i>56253</span><span class="emp-email"><i class="fa fa-envelope-o" aria-hidden="true"></i>laczko.rigo.reka<i class="fa fa-at m-0 text-body"></i>semmelweis.hu</span>
                        </div>
                    </div>
                
                    <div class="portre ml-auto mr-lg-3" style="background-image: url(https://semmelweis.hu/wp-content/telefon/data/emp/portre/26903.jpg);">
                        &nbsp;
                    </div>
            </div>

                <div class="col-12 col-md-6 px-0 d-none"><span class="emp-phone"><i class="fa fa-phone" aria-hidden="true"></i>56253</span><span class="emp-email"><i class="fa fa-envelope-o" aria-hidden="true"></i>laczko.rigo.reka<i class="fa fa-at m-0 text-body"></i>semmelweis.hu</span>
                </div>


        </div>
            <div class="row mx-0 py-2 result-line " data-name="schamberger anita">
            <div class="col col-12 px-0 d-flex flex-row flex-lg-row-reverse"><div class="row mx-0 pr-2 result-line-content align-items-center">
                        <div class="col-12 col-md-8 px-0 pr-lg-3">
                            <a class="emp-name" target="_blank" href="https://semmelweis.hu/telefonkonyv?emp_id=25497">Dr. Schamberger Anita</a>
                            <br /><span class="emp-phone">tudományos munkatárs</span></div>
                        <div class="col-12 col-md-4 px-0"><span class="emp-phone"><i class="fa fa-phone" aria-hidden="true"></i>56253</span><span class="emp-email"><i class="fa fa-envelope-o" aria-hidden="true"></i>schamberger.anita<i class="fa fa-at m-0 text-body"></i>semmelweis.hu</span>
                        </div>
                    </div>
                
                    <div class="portre ml-auto mr-lg-3" style="background-image: url(https://semmelweis.hu/wp-content/telefon/data/emp/portre/25497.jpg);">
                        &nbsp;
                    </div>
            </div>

                <div class="col-12 col-md-6 px-0 d-none"><span class="emp-phone"><i class="fa fa-phone" aria-hidden="true"></i>56253</span><span class="emp-email"><i class="fa fa-envelope-o" aria-hidden="true"></i>schamberger.anita<i class="fa fa-at m-0 text-body"></i>semmelweis.hu</span>
                </div>


        </div></div></div>
<p>&nbsp;</p>

</div><h2 class="tabtitle">Publikációk</h2>
<div class="tabcontent">

<h2>Publikációk</h2>
<div class="keretes w-100">
<p><a href="https://m2.mtmt.hu/gui2/?type=authors&amp;mode=browse&amp;sel=10000148&amp;view=assortedList" target="_blank" rel="noopener">Legfontosabb publikációk →</a></p>
<p><a href="https://m2.mtmt.hu/gui2/?type=authors&amp;mode=browse&amp;sel=authors10000148" target="_blank" rel="noopener">Összes publikáció → </a></p>
</div>
<p>&nbsp;</p>
</div></div>

<p>Vezető: Dr. Orbán Tamás</p>
