{"id":165,"date":"2026-07-28T22:55:49","date_gmt":"2026-07-28T20:55:49","guid":{"rendered":"https:\/\/semmelweis.hu\/gsi\/?page_id=165"},"modified":"2026-08-27T10:23:05","modified_gmt":"2026-08-27T08:23:05","slug":"minosegiranyitas","status":"publish","type":"page","link":"https:\/\/semmelweis.hu\/gsi\/rolunk\/minosegiranyitas\/","title":{"rendered":"Min\u0151s\u00e9gir\u00e1ny\u00edt\u00e1s"},"content":{"rendered":"<p>Az egyetem Integr\u00e1lt Ir\u00e1ny\u00edt\u00e1si Rendszer\u00e9r\u0151l b\u0151vebb inform\u00e1ci\u00f3t a Semmelweis Egyetem k\u00f6zponti honlapj\u00e1n tal\u00e1lhat, ahonnan a tan\u00fas\u00edtv\u00e1nyok is let\u00f6lthet\u0151k (dokumentumok f\u00fcl).<\/p>\n<p><a href=\"https:\/\/semmelweis.hu\/az-egyetemrol\/semmelweis-egyetem-minosegiranyitasi-rendszer\/\" target=\"_blank\" rel=\"noopener noreferrer\">Tov\u00e1bb az egyetem k\u00f6zponti honlapj\u00e1ra \u2192<\/a><\/p>\n<p>Az Int\u00e9zet Szervezeti \u00dcgyrendje \u00e9s Egys\u00e9gszint\u0171 M\u0171k\u00f6d\u00e9si Szab\u00e1lyzata a Semmelweis Egyetem Integr\u00e1lt Ir\u00e1ny\u00edt\u00e1si Rendszer alhonlapon \u00e9rhet\u0151 el.<\/p>\n<p><a href=\"https:\/\/semmelweis.hu\/minoseg\/mir-dokumentacio\/aok-intezetek\/genetikai-sejt-es-immunbiologiai-intezet-2\/\" target=\"_blank\" rel=\"noopener\">Tov\u00e1bb az Int\u00e9zet hat\u00e1lyos dokumentumaihoz \u2192<\/a><\/p>\n<p><strong><span style=\"color: #ff0000\">!<\/span>\u00a0<\/strong><strong>A fel\u00fclet csak az egyetem bels\u0151 h\u00e1l\u00f3zat\u00e1b\u00f3l \u00e9rhet\u0151 el.<\/strong><\/p>\n","protected":false},"excerpt":{"rendered":"<p>Az egyetem Integr\u00e1lt Ir\u00e1ny\u00edt\u00e1si Rendszer\u00e9r\u0151l b\u0151vebb inform\u00e1ci\u00f3t a Semmelweis Egyetem k\u00f6zponti honlapj\u00e1n tal\u00e1lhat, ahonnan a tan\u00fas\u00edtv\u00e1nyok is let\u00f6lthet\u0151k (dokumentumok f\u00fcl).<br \/>\n<a href=\"https:\/\/semmelweis.hu\/az-egyetemrol\/semmelweis-egyetem-minosegiranyitasi-rendszer\/\" target=\"_blank\" rel=\"noopener noreferrer\">Tov\u00e1bb az egyetem k\u00f6zponti honlapj\u00e1ra \u2192<\/a><br \/>\nAz Int\u00e9zet Szervezeti \u00dcgyrendje \u00e9s Egys\u00e9gszint\u0171 M\u0171k\u00f6d\u00e9si Szab\u00e1lyzata a Semmelweis Egyetem Integr\u00e1lt Ir\u00e1ny\u00edt\u00e1si Rendszer alhonlapon \u00e9rhet\u0151 el.<br \/>\n<a href=\"https:\/\/semmelweis.hu\/minoseg\/mir-dokumentacio\/aok-intezetek\/genetikai-sejt-es-immunbiologiai-intezet-2\/\" target=\"_blank\" rel=\"noopener\">Tov\u00e1bb az Int\u00e9zet hat\u00e1lyos dokumentumaihoz \u2192<\/a><br \/>\n!\u00a0A fel\u00fclet csak az egyetem bels\u0151 h\u00e1l\u00f3zat\u00e1b\u00f3l \u00e9rhet\u0151 el.<\/p>\n","protected":false},"author":102170,"featured_media":0,"parent":7,"menu_order":3,"comment_status":"closed","ping_status":"closed","template":"","meta":{"_acf_changed":false,"footnotes":""},"categories":[],"tags":[],"class_list":["post-165","page","type-page","status-publish","hentry"],"acf":[],"_links":{"self":[{"href":"https:\/\/semmelweis.hu\/gsi\/wp-json\/wp\/v2\/pages\/165","targetHints":{"allow":["GET"]}}],"collection":[{"href":"https:\/\/semmelweis.hu\/gsi\/wp-json\/wp\/v2\/pages"}],"about":[{"href":"https:\/\/semmelweis.hu\/gsi\/wp-json\/wp\/v2\/types\/page"}],"author":[{"embeddable":true,"href":"https:\/\/semmelweis.hu\/gsi\/wp-json\/wp\/v2\/users\/102170"}],"replies":[{"embeddable":true,"href":"https:\/\/semmelweis.hu\/gsi\/wp-json\/wp\/v2\/comments?post=165"}],"version-history":[{"count":1,"href":"https:\/\/semmelweis.hu\/gsi\/wp-json\/wp\/v2\/pages\/165\/revisions"}],"predecessor-version":[{"id":166,"href":"https:\/\/semmelweis.hu\/gsi\/wp-json\/wp\/v2\/pages\/165\/revisions\/166"}],"up":[{"embeddable":true,"href":"https:\/\/semmelweis.hu\/gsi\/wp-json\/wp\/v2\/pages\/7"}],"wp:attachment":[{"href":"https:\/\/semmelweis.hu\/gsi\/wp-json\/wp\/v2\/media?parent=165"}],"wp:term":[{"taxonomy":"category","embeddable":true,"href":"https:\/\/semmelweis.hu\/gsi\/wp-json\/wp\/v2\/categories?post=165"},{"taxonomy":"post_tag","embeddable":true,"href":"https:\/\/semmelweis.hu\/gsi\/wp-json\/wp\/v2\/tags?post=165"}],"curies":[{"name":"wp","href":"https:\/\/api.w.org\/{rel}","templated":true}]}}

Minőségirányítás

<p>Az egyetem Integrált Irányítási Rendszeréről bővebb információt a Semmelweis Egyetem központi honlapján találhat, ahonnan a tanúsítványok is letölthetők (dokumentumok fül).</p>
<p><a href="https://semmelweis.hu/az-egyetemrol/semmelweis-egyetem-minosegiranyitasi-rendszer/" target="_blank" rel="noopener noreferrer">Tovább az egyetem központi honlapjára →</a></p>
<p>Az Intézet Szervezeti Ügyrendje és Egységszintű Működési Szabályzata a Semmelweis Egyetem Integrált Irányítási Rendszer alhonlapon érhető el.</p>
<p><a href="https://semmelweis.hu/minoseg/mir-dokumentacio/aok-intezetek/genetikai-sejt-es-immunbiologiai-intezet-2/" target="_blank" rel="noopener">Tovább az Intézet hatályos dokumentumaihoz →</a></p>
<p><strong><span style="color: #ff0000">!</span> </strong><strong>A felület csak az egyetem belső hálózatából érhető el.</strong></p>

<p>Az egyetem Integrált Irányítási Rendszeréről bővebb információt a Semmelweis Egyetem központi honlapján találhat, ahonnan a tanúsítványok is letölthetők (dokumentumok fül).<br />
<a href="https://semmelweis.hu/az-egyetemrol/semmelweis-egyetem-minosegiranyitasi-rendszer/" target="_blank" rel="noopener noreferrer">Tovább az egyetem központi honlapjára →</a><br />
Az Intézet Szervezeti Ügyrendje és Egységszintű Működési Szabályzata a Semmelweis Egyetem Integrált Irányítási Rendszer alhonlapon érhető el.<br />
<a href="https://semmelweis.hu/minoseg/mir-dokumentacio/aok-intezetek/genetikai-sejt-es-immunbiologiai-intezet-2/" target="_blank" rel="noopener">Tovább az Intézet hatályos dokumentumaihoz →</a><br />
! A felület csak az egyetem belső hálózatából érhető el.</p>
