{"id":1537,"date":"2026-09-04T18:27:04","date_gmt":"2026-09-04T16:27:04","guid":{"rendered":"https:\/\/semmelweis.hu\/gsi\/?page_id=1537"},"modified":"2026-09-04T18:27:04","modified_gmt":"2026-09-04T16:27:04","slug":"dp-zellbiologie","status":"publish","type":"page","link":"https:\/\/semmelweis.hu\/gsi\/de\/unterricht\/dp-zellbiologie\/","title":{"rendered":"DP Zellbiologie"},"content":{"rendered":"<h2>Zellbiologie\u00a0(GYKGEN331E1N)<br \/>\nim Semester I. des Studienjahres 2026\/27<br \/>\nan der Fakult\u00e4t f\u00fcr Pharmazeutische Wissenschaften der Semmelweis Universit\u00e4t<\/h2>\n<div class=\"responsive-tabs\">\n<h2 class=\"tabtitle\">Informationen<\/h2>\n<div class=\"tabcontent\">\n\n<p>&nbsp;<\/p>\n<h3>Teilnahnme<\/h3>\n<p>Die Teilnahme an den Praktika ist obligatorisch. Im Falle von mehr als drei Abwesenheiten, unabh\u00e4ngig von den Gr\u00fcnden der Abwesenheiten, wird das Semester nicht anerkannt.\u00a0<\/p>\n<div class=\"fontos_div\">\n<p>Die Studierenden m\u00fcssen ihre An- und Abwesenheiten selbst verwalten. (Eigenverantwortung!) \u00a0<\/p>\n<\/div>\n<p>Die Fehlstunde kann NICHT in einer anderen Gruppe nachgeholt werden. Eine Ersatzteilnahme oder ein Wechsel zwischen den Gruppen ist NICHT erlaubt.<br \/>\nZweimaliges Zusp\u00e4tkommen von jeweils 10 Minuten entspricht einer Fehlstunde. Ein Zusp\u00e4tkommen von 20 Minuten gilt bereits als eine Fehlstunde.<\/p>\n<p>&nbsp;<\/p>\n<h3>Demonstration:<\/h3>\n<p>Im Laufe des Semesters werden zwei Demonstrationen \u00fcber das Moodle-System abgehalten.<br \/>\nDie erste Demonstration \u00a0findet in der <span style=\"color: #ff0000\">8. Semesterwoche (26-30. Oktober) im Rahmen der Praktika<\/span> statt. Die zweite Demonstration findet in der <span style=\"color: #ff0000\">14. Semesterwoche (7-11. Dezember) \u00a0ebenfalls im Rahmen der Praktika<\/span> statt.<\/p>\n<p>Die Demonstrationen bestehen aus Testfragen und Essayfragen.\u00a0 F\u00fcr jede Demonstration ist die maximale Punktzahl 30, d.h., dass f\u00fcr die zwei Demos 60 P. <\/p>\n<p>&nbsp;<\/p>\n<h3>Mindestkriterien:<\/h3>\n<p>Um die Unterschrift zu erhalten, m\u00fcssen die Studierenden w\u00e4hrend des Semesters von den zwei Demonstrationen mindestens <strong>30 %<\/strong> (kumulativ) (= 18 P) erreichen.\u00a0Das ist Voraussetzung f\u00fcr die Zulassung zum Kolloquium. Falls\u00a030% nicht erreicht wird,\u00a0bieten\u00a0 wir\u00a0zwei Nachholungsm\u00f6glichkeiten\u00a0in der ersten Woche der Pr\u00fcfungsperiode an.\u00a0Ab 85 % (= 51P) kann eine \u201esehr gut\u201d, ab 75 % (= 45P) eine \u201egut\u201d\u00a0Kolloquiumsendnote angeboten werden. (D.h., dass die Studierenden von dem Kolloquium befreit werden.)<\/p>\n<p>&nbsp;<\/p>\n<h3>Kolloquium:<\/h3>\n<p>Das\u00a0Kolloquium\u00a0f\u00fcr Studierende, die die Unterschrift erhalten haben aber keine Note\u00a0aufgrund der Demonstrationspunkte bekommen haben, findet am Ende des Semesters, in der Pr\u00fcfungsperiode statt. Die Pr\u00fcfung ist schriftlich, im Moodle-system mit pers\u00f6nlicher Anwesenheit. \u00a0Im Falle von nicht bestandenen Pr\u00fcfungen, gibt es noch eine schriftliche Versuchsm\u00f6glichkeit, aber die dritte muss nach den Universit\u00e4tsregeln m\u00fcndlich sein.<\/p>\n<p>Das Kolloquium besteht aus Testfragen sowie Essayfragen\/ Tabellen\/ Analyse von Abbildungen, Pr\u00e4paraten, usw. und wird mit Punkten bewertet. Um das Kolloquium zu bestehen muss man wenigstens 50%\u00a0 erreichen.<\/p>\n<p>0-29\u00a0\u00a0\u00a0\u00a0\u00a0\u00a0 1\u00a0 ungen\u00fcgend<\/p>\n<p>30-37\u00a0\u00a0\u00a0\u00a0 2\u00a0 ausreichend<\/p>\n<p>38-44\u00a0\u00a0\u00a0\u00a0 3\u00a0 befriedigend<\/p>\n<p>45-50\u00a0\u00a0\u00a0\u00a0 4 gut<\/p>\n<p>51-\u00a0\u00a0\u00a0\u00a0\u00a0\u00a0\u00a0\u00a0 5\u00a0 sehr gut<\/p>\n<p>&nbsp;<\/p>\n<h3>Kontakt<\/h3>\n<p>F\u00fcr alle Studienangelegenheiten ist\u00a0<strong>Dozentin <\/strong><a href=\"https:\/\/semmelweis.hu\/deutsch\/telefonbuch\/?emp_id=689\" target=\"_blank\" rel=\"noopener\">Dr. Erna Pap<\/a> zust\u00e4ndig.<\/p>\n<p>&nbsp;<\/p>\n<h3>Lehrmaterial zur Genetik<\/h3>\n<h4>verpflichtend:<\/h4>\n<ul>\n<li>\u201eBiologie f\u00fcr Mediziner\u201d &#8211; E-Buch des Institutes<\/li>\n<li>ausgew\u00e4hlte Kapitel vom E-Praktikumsbuch in Moodle<\/li>\n<\/ul>\n<h4>empfohlen:<\/h4>\n<ul>\n<li>Biologie Schnittalbum in Moodle<\/li>\n<\/ul>\n<p>&nbsp;<\/p>\n\n<\/div><h2 class=\"tabtitle\">Thematik<\/h2>\n<div class=\"tabcontent\">\n\n<h3>Thematik<\/h3>\n<table style=\"width: 100%\" width=\"100%\">\n<tbody>\n<tr>\n<td style=\"text-align: center;width: 19.0995%\" width=\"67\">\n<h5>2026\/27<\/h5>\n<h5>1. Semester<\/h5>\n<\/td>\n<td style=\"text-align: center;width: 36.6739%\" width=\"197\">\n<h5>Vorlesung<\/h5>\n<h5>Freitag 12:30-14:00, NET\u00a0L15<\/h5>\n<\/td>\n<td style=\"text-align: center;width: 44.154%\" width=\"236\">\n<h5>Praktikum<\/h5>\n<h5>Donnerstag 13:15-14:45, NET E20<\/h5>\n<\/td>\n<\/tr>\n<tr>\n<td style=\"text-align: center;width: 19.0995%\" width=\"67\">\n<p><strong>1. Woche<br \/>\n<\/strong>(Sept. 7-11)<\/p>\n<\/td>\n<td style=\"text-align: center;width: 36.6739%\" width=\"197\">\n<p>Makromolek\u00fcle<\/p>\n<\/td>\n<td style=\"text-align: center;width: 44.154%\" width=\"236\">\n<p>Das Lichtmikroskop. Lichtmikroskopische Mikrotechnik I-II.<\/p>\n<\/td>\n<\/tr>\n<tr>\n<td style=\"text-align: center;width: 19.0995%\" width=\"67\">\n<p><strong>2. Woche<\/strong><\/p>\n<p>(Sept. 14-18)<\/p>\n<\/td>\n<td style=\"text-align: center;width: 36.6739%\" width=\"197\">\n<p>Der Aufbau und die Funktionen der Zelle und der Zellmembran<\/p>\n<\/td>\n<td style=\"text-align: center;width: 44.154%\" width=\"236\">\n<p>Das Lichtmikroskop. Lichtmikroskopische Mikrotechnik I-II.<\/p>\n<\/td>\n<\/tr>\n<tr>\n<td style=\"text-align: center;width: 19.0995%\" width=\"67\">\n<p><strong>3. \u00a0Woche<\/strong><\/p>\n<p>(Sept. 21-25)<\/p>\n<\/td>\n<td style=\"text-align: center;width: 36.6739%\" width=\"197\">\n<p>Der Zellkern<\/p>\n<\/td>\n<td style=\"text-align: center;width: 44.154%\" width=\"236\">\n<p>Das Elektronenmikroskop.<br \/>\nElektronenmikroskopische Mikrotechnik<br \/>\nDer Zellkern I.<\/p>\n<\/td>\n<\/tr>\n<tr>\n<td style=\"text-align: center;width: 19.0995%\" width=\"67\">\n<p><strong>4. \u00a0Woche<\/strong><\/p>\n<p>(Sept. 28 &#8211; Okt. 2)<\/p>\n<\/td>\n<td style=\"text-align: center;width: 36.6739%\" width=\"197\">\n<p>Transkription, Translation<\/p>\n<\/td>\n<td style=\"text-align: center;width: 44.154%\" width=\"236\">\n<p>Der Zellkern II.<\/p>\n<\/td>\n<\/tr>\n<tr>\n<td style=\"text-align: center;width: 19.0995%\" width=\"67\">\n<p><strong>5. \u00a0Woche<\/strong><\/p>\n<p>(Okt. 5- 9)<\/p>\n<\/td>\n<td style=\"text-align: center;width: 36.6739%\" width=\"197\">\n<p>Das endoplasmatische Retikulum. Der Golgi-Apparat und die Sortierung der Proteine<\/p>\n<\/td>\n<td style=\"text-align: center;width: 44.154%\" width=\"236\">\n<p>Das endoplasmatische Retikulum<\/p>\n<\/td>\n<\/tr>\n<tr>\n<td style=\"text-align: center;width: 19.0995%\" width=\"67\">\n<p><strong>6. \u00a0Woche<\/strong><\/p>\n<p>(Okt. 12-16)<\/p>\n<\/td>\n<td style=\"text-align: center;width: 36.6739%\" width=\"197\">\n<p>Die Endozytose und der vesikul\u00e4re Transport<\/p>\n<\/td>\n<td style=\"text-align: center;width: 44.154%\" width=\"236\">\n<p>Golgi und Sekretion I.<\/p>\n<\/td>\n<\/tr>\n<tr>\n<td style=\"text-align: center;width: 19.0995%\" width=\"67\">\n<p><strong>7. \u00a0Woche<\/strong><\/p>\n<p>(Okt. 19-22)<\/p>\n<p><span style=\"color: #ff0000\">Okt. 23 &#8211; FERIEN<\/span><\/p>\n<\/td>\n<td style=\"text-align: center;width: 36.6739%\" width=\"197\">\n<p><span style=\"color: #ff0000\">FERIEN<\/span><\/p>\n<\/td>\n<td style=\"text-align: center;width: 44.154%\" width=\"236\">\n<p>Golgi und Sekretion II.<\/p>\n<\/td>\n<\/tr>\n<tr>\n<td style=\"text-align: center;width: 19.0995%\" width=\"67\">\n<p><strong>8. \u00a0Woche<\/strong><\/p>\n<p>(Okt. 26-30)<\/p>\n<\/td>\n<td style=\"text-align: center;width: 36.6739%\" width=\"197\">\n<p>Zytoskelett, Zellbewegung<\/p>\n<\/td>\n<td style=\"text-align: center;width: 44.154%\" width=\"236\">\n<p><span style=\"color: #ff0000\">DEMO I.<\/span><\/p>\n<p>Immunzytochemische F\u00e4rbungsmethoden<\/p>\n<\/td>\n<\/tr>\n<tr>\n<td style=\"text-align: center;width: 19.0995%\" width=\"67\">\n<p><strong>9. \u00a0Woche<\/strong><\/p>\n<p>(Nov.2-6)<\/p>\n<\/td>\n<td style=\"text-align: center;width: 36.6739%\" width=\"197\">\n<p>Die Zelladh\u00e4sion.<br \/>\nZellen im Gewebeverband<\/p>\n<\/td>\n<td style=\"text-align: center;width: 44.154%\" width=\"236\">\n<p>Endozytose. Die Energetik der Zelle I.<\/p>\n<\/td>\n<\/tr>\n<tr>\n<td style=\"text-align: center;width: 19.0995%\" width=\"67\">\n<p><strong>10. \u00a0Woche<\/strong><\/p>\n<p>(Nov. 9-13)<\/p>\n<\/td>\n<td style=\"text-align: center;width: 36.6739%\" width=\"197\">\n<p>Endosymbionte Organellen<\/p>\n<\/td>\n<td style=\"text-align: center;width: 44.154%\" width=\"236\">\n<p>\u00a0Die Energetik der Zelle II.<br \/>\nHistochemische Reaktionen<\/p>\n<\/td>\n<\/tr>\n<tr>\n<td style=\"text-align: center;width: 19.0995%\" width=\"67\">\n<p><strong>11. \u00a0Woche<\/strong><\/p>\n<p>(Nov. 16-20)<\/p>\n<\/td>\n<td style=\"text-align: center;width: 36.6739%\" width=\"197\">\n<p>Signal\u00fcbertragung I.<\/p>\n<\/td>\n<td style=\"text-align: center;width: 44.154%\" width=\"236\">\n<p>Differenzierungen der Zelloberfl\u00e4che<\/p>\n<\/td>\n<\/tr>\n<tr>\n<td style=\"text-align: center;width: 19.0995%\" width=\"67\">\n<p><strong>12. \u00a0Woche<\/strong><\/p>\n<p>(Nov. 23-27 )<\/p>\n<\/td>\n<td width=\"197\">\n<p align=\"center\">Signal\u00fcbertragung II.<\/p>\n<\/td>\n<td style=\"text-align: center;width: 44.154%\" width=\"236\">\n<p>Zellkulturen<\/p>\n<\/td>\n<\/tr>\n<tr>\n<td style=\"text-align: center;width: 19.0995%\" width=\"67\">\n<p><strong>13. \u00a0Woche<\/strong><\/p>\n<p>(30-Dez.4)<\/p>\n<\/td>\n<td style=\"text-align: center;width: 36.6739%\" width=\"197\">\n<p>Der Zellzyklus, DNA-Replikation<\/p>\n<\/td>\n<td style=\"text-align: center;width: 44.154%\" width=\"236\">\n<p>Mitose<\/p>\n<\/td>\n<\/tr>\n<tr>\n<td style=\"text-align: center;width: 19.0995%\" width=\"67\">\n<p><strong>14 \u00a0Woche<\/strong><\/p>\n<p>(Dez. 7-11)<\/p>\n<\/td>\n<td style=\"text-align: center;width: 36.6739%\" width=\"197\">\n<p>Die Alterung und der Tod der Zelle<\/p>\n<\/td>\n<td style=\"text-align: center;width: 44.154%\" width=\"236\">\n<p><span style=\"color: #ff0000\">DEMO II.<\/span><\/p>\n<p>Apoptose<\/p>\n<\/td>\n<\/tr>\n<\/tbody>\n<\/table>\n<p>&nbsp;<\/p>\n<\/div><\/div>\n","protected":false},"excerpt":{"rendered":"<p>Zellbiologie\u00a0(GYKGEN331E1N) im Semester I. des Studienjahres 2026\/27 an der Fakult\u00e4t f\u00fcr Pharmazeutische Wissenschaften der Semmelweis Universit\u00e4t &nbsp; Teilnahnme Die Teilnahme an den Praktika ist obligatorisch. Im Falle von mehr als drei Abwesenheiten, unabh\u00e4ngig von den Gr\u00fcnden der Abwesenheiten, wird das Semester nicht anerkannt.\u00a0 Die Studierenden m\u00fcssen ihre An- und Abwesenheiten selbst verwalten. (Eigenverantwortung!) \u00a0 Die &hellip;<\/p>\n","protected":false},"author":102170,"featured_media":0,"parent":645,"menu_order":17,"comment_status":"closed","ping_status":"closed","template":"template-fullwidth.php","meta":{"_acf_changed":false,"footnotes":""},"categories":[],"tags":[],"class_list":["post-1537","page","type-page","status-publish","hentry"],"acf":[],"_links":{"self":[{"href":"https:\/\/semmelweis.hu\/gsi\/wp-json\/wp\/v2\/pages\/1537","targetHints":{"allow":["GET"]}}],"collection":[{"href":"https:\/\/semmelweis.hu\/gsi\/wp-json\/wp\/v2\/pages"}],"about":[{"href":"https:\/\/semmelweis.hu\/gsi\/wp-json\/wp\/v2\/types\/page"}],"author":[{"embeddable":true,"href":"https:\/\/semmelweis.hu\/gsi\/wp-json\/wp\/v2\/users\/102170"}],"replies":[{"embeddable":true,"href":"https:\/\/semmelweis.hu\/gsi\/wp-json\/wp\/v2\/comments?post=1537"}],"version-history":[{"count":1,"href":"https:\/\/semmelweis.hu\/gsi\/wp-json\/wp\/v2\/pages\/1537\/revisions"}],"predecessor-version":[{"id":1538,"href":"https:\/\/semmelweis.hu\/gsi\/wp-json\/wp\/v2\/pages\/1537\/revisions\/1538"}],"up":[{"embeddable":true,"href":"https:\/\/semmelweis.hu\/gsi\/wp-json\/wp\/v2\/pages\/645"}],"wp:attachment":[{"href":"https:\/\/semmelweis.hu\/gsi\/wp-json\/wp\/v2\/media?parent=1537"}],"wp:term":[{"taxonomy":"category","embeddable":true,"href":"https:\/\/semmelweis.hu\/gsi\/wp-json\/wp\/v2\/categories?post=1537"},{"taxonomy":"post_tag","embeddable":true,"href":"https:\/\/semmelweis.hu\/gsi\/wp-json\/wp\/v2\/tags?post=1537"}],"curies":[{"name":"wp","href":"https:\/\/api.w.org\/{rel}","templated":true}]}}

<h2>Zellbiologie (GYKGEN331E1N)<br />
im Semester I. des Studienjahres 2026/27<br />
an der Fakultät für Pharmazeutische Wissenschaften der Semmelweis Universität</h2>
<div class="responsive-tabs">
<h2 class="tabtitle">Informationen</h2>
<div class="tabcontent">

<p>&nbsp;</p>
<h3>Teilnahnme</h3>
<p>Die Teilnahme an den Praktika ist obligatorisch. Im Falle von mehr als drei Abwesenheiten, unabhängig von den Gründen der Abwesenheiten, wird das Semester nicht anerkannt. </p>
<div class="fontos_div">
<p>Die Studierenden müssen ihre An- und Abwesenheiten selbst verwalten. (Eigenverantwortung!)  </p>
</div>
<p>Die Fehlstunde kann NICHT in einer anderen Gruppe nachgeholt werden. Eine Ersatzteilnahme oder ein Wechsel zwischen den Gruppen ist NICHT erlaubt.<br />
Zweimaliges Zuspätkommen von jeweils 10 Minuten entspricht einer Fehlstunde. Ein Zuspätkommen von 20 Minuten gilt bereits als eine Fehlstunde.</p>
<p>&nbsp;</p>
<h3>Demonstration:</h3>
<p>Im Laufe des Semesters werden zwei Demonstrationen über das Moodle-System abgehalten.<br />
Die erste Demonstration  findet in der <span style="color: #ff0000">8. Semesterwoche (26-30. Oktober) im Rahmen der Praktika</span> statt. Die zweite Demonstration findet in der <span style="color: #ff0000">14. Semesterwoche (7-11. Dezember)  ebenfalls im Rahmen der Praktika</span> statt.</p>
<p>Die Demonstrationen bestehen aus Testfragen und Essayfragen.  Für jede Demonstration ist die maximale Punktzahl 30, d.h., dass für die zwei Demos 60 P. </p>
<p>&nbsp;</p>
<h3>Mindestkriterien:</h3>
<p>Um die Unterschrift zu erhalten, müssen die Studierenden während des Semesters von den zwei Demonstrationen mindestens <strong>30 %</strong> (kumulativ) (= 18 P) erreichen. Das ist Voraussetzung für die Zulassung zum Kolloquium. Falls 30% nicht erreicht wird, bieten  wir zwei Nachholungsmöglichkeiten in der ersten Woche der Prüfungsperiode an. Ab 85 % (= 51P) kann eine „sehr gut”, ab 75 % (= 45P) eine „gut” Kolloquiumsendnote angeboten werden. (D.h., dass die Studierenden von dem Kolloquium befreit werden.)</p>
<p>&nbsp;</p>
<h3>Kolloquium:</h3>
<p>Das Kolloquium für Studierende, die die Unterschrift erhalten haben aber keine Note aufgrund der Demonstrationspunkte bekommen haben, findet am Ende des Semesters, in der Prüfungsperiode statt. Die Prüfung ist schriftlich, im Moodle-system mit persönlicher Anwesenheit.  Im Falle von nicht bestandenen Prüfungen, gibt es noch eine schriftliche Versuchsmöglichkeit, aber die dritte muss nach den Universitätsregeln mündlich sein.</p>
<p>Das Kolloquium besteht aus Testfragen sowie Essayfragen/ Tabellen/ Analyse von Abbildungen, Präparaten, usw. und wird mit Punkten bewertet. Um das Kolloquium zu bestehen muss man wenigstens 50%  erreichen.</p>
<p>0-29       1  ungenügend</p>
<p>30-37     2  ausreichend</p>
<p>38-44     3  befriedigend</p>
<p>45-50     4 gut</p>
<p>51-         5  sehr gut</p>
<p>&nbsp;</p>
<h3>Kontakt</h3>
<p>Für alle Studienangelegenheiten ist <strong>Dozentin </strong><a href="https://semmelweis.hu/deutsch/telefonbuch/?emp_id=689" target="_blank" rel="noopener">Dr. Erna Pap</a> zuständig.</p>
<p>&nbsp;</p>
<h3>Lehrmaterial zur Genetik</h3>
<h4>verpflichtend:</h4>
<ul>
<li>„Biologie für Mediziner” &#8211; E-Buch des Institutes</li>
<li>ausgewählte Kapitel vom E-Praktikumsbuch in Moodle</li>
</ul>
<h4>empfohlen:</h4>
<ul>
<li>Biologie Schnittalbum in Moodle</li>
</ul>
<p>&nbsp;</p>

</div><h2 class="tabtitle">Thematik</h2>
<div class="tabcontent">

<h3>Thematik</h3>
<table style="width: 100%" width="100%">
<tbody>
<tr>
<td style="text-align: center;width: 19.0995%" width="67">
<h5>2026/27</h5>
<h5>1. Semester</h5>
</td>
<td style="text-align: center;width: 36.6739%" width="197">
<h5>Vorlesung</h5>
<h5>Freitag 12:30-14:00, NET L15</h5>
</td>
<td style="text-align: center;width: 44.154%" width="236">
<h5>Praktikum</h5>
<h5>Donnerstag 13:15-14:45, NET E20</h5>
</td>
</tr>
<tr>
<td style="text-align: center;width: 19.0995%" width="67">
<p><strong>1. Woche<br />
</strong>(Sept. 7-11)</p>
</td>
<td style="text-align: center;width: 36.6739%" width="197">
<p>Makromoleküle</p>
</td>
<td style="text-align: center;width: 44.154%" width="236">
<p>Das Lichtmikroskop. Lichtmikroskopische Mikrotechnik I-II.</p>
</td>
</tr>
<tr>
<td style="text-align: center;width: 19.0995%" width="67">
<p><strong>2. Woche</strong></p>
<p>(Sept. 14-18)</p>
</td>
<td style="text-align: center;width: 36.6739%" width="197">
<p>Der Aufbau und die Funktionen der Zelle und der Zellmembran</p>
</td>
<td style="text-align: center;width: 44.154%" width="236">
<p>Das Lichtmikroskop. Lichtmikroskopische Mikrotechnik I-II.</p>
</td>
</tr>
<tr>
<td style="text-align: center;width: 19.0995%" width="67">
<p><strong>3.  Woche</strong></p>
<p>(Sept. 21-25)</p>
</td>
<td style="text-align: center;width: 36.6739%" width="197">
<p>Der Zellkern</p>
</td>
<td style="text-align: center;width: 44.154%" width="236">
<p>Das Elektronenmikroskop.<br />
Elektronenmikroskopische Mikrotechnik<br />
Der Zellkern I.</p>
</td>
</tr>
<tr>
<td style="text-align: center;width: 19.0995%" width="67">
<p><strong>4.  Woche</strong></p>
<p>(Sept. 28 &#8211; Okt. 2)</p>
</td>
<td style="text-align: center;width: 36.6739%" width="197">
<p>Transkription, Translation</p>
</td>
<td style="text-align: center;width: 44.154%" width="236">
<p>Der Zellkern II.</p>
</td>
</tr>
<tr>
<td style="text-align: center;width: 19.0995%" width="67">
<p><strong>5.  Woche</strong></p>
<p>(Okt. 5- 9)</p>
</td>
<td style="text-align: center;width: 36.6739%" width="197">
<p>Das endoplasmatische Retikulum. Der Golgi-Apparat und die Sortierung der Proteine</p>
</td>
<td style="text-align: center;width: 44.154%" width="236">
<p>Das endoplasmatische Retikulum</p>
</td>
</tr>
<tr>
<td style="text-align: center;width: 19.0995%" width="67">
<p><strong>6.  Woche</strong></p>
<p>(Okt. 12-16)</p>
</td>
<td style="text-align: center;width: 36.6739%" width="197">
<p>Die Endozytose und der vesikuläre Transport</p>
</td>
<td style="text-align: center;width: 44.154%" width="236">
<p>Golgi und Sekretion I.</p>
</td>
</tr>
<tr>
<td style="text-align: center;width: 19.0995%" width="67">
<p><strong>7.  Woche</strong></p>
<p>(Okt. 19-22)</p>
<p><span style="color: #ff0000">Okt. 23 &#8211; FERIEN</span></p>
</td>
<td style="text-align: center;width: 36.6739%" width="197">
<p><span style="color: #ff0000">FERIEN</span></p>
</td>
<td style="text-align: center;width: 44.154%" width="236">
<p>Golgi und Sekretion II.</p>
</td>
</tr>
<tr>
<td style="text-align: center;width: 19.0995%" width="67">
<p><strong>8.  Woche</strong></p>
<p>(Okt. 26-30)</p>
</td>
<td style="text-align: center;width: 36.6739%" width="197">
<p>Zytoskelett, Zellbewegung</p>
</td>
<td style="text-align: center;width: 44.154%" width="236">
<p><span style="color: #ff0000">DEMO I.</span></p>
<p>Immunzytochemische Färbungsmethoden</p>
</td>
</tr>
<tr>
<td style="text-align: center;width: 19.0995%" width="67">
<p><strong>9.  Woche</strong></p>
<p>(Nov.2-6)</p>
</td>
<td style="text-align: center;width: 36.6739%" width="197">
<p>Die Zelladhäsion.<br />
Zellen im Gewebeverband</p>
</td>
<td style="text-align: center;width: 44.154%" width="236">
<p>Endozytose. Die Energetik der Zelle I.</p>
</td>
</tr>
<tr>
<td style="text-align: center;width: 19.0995%" width="67">
<p><strong>10.  Woche</strong></p>
<p>(Nov. 9-13)</p>
</td>
<td style="text-align: center;width: 36.6739%" width="197">
<p>Endosymbionte Organellen</p>
</td>
<td style="text-align: center;width: 44.154%" width="236">
<p> Die Energetik der Zelle II.<br />
Histochemische Reaktionen</p>
</td>
</tr>
<tr>
<td style="text-align: center;width: 19.0995%" width="67">
<p><strong>11.  Woche</strong></p>
<p>(Nov. 16-20)</p>
</td>
<td style="text-align: center;width: 36.6739%" width="197">
<p>Signalübertragung I.</p>
</td>
<td style="text-align: center;width: 44.154%" width="236">
<p>Differenzierungen der Zelloberfläche</p>
</td>
</tr>
<tr>
<td style="text-align: center;width: 19.0995%" width="67">
<p><strong>12.  Woche</strong></p>
<p>(Nov. 23-27 )</p>
</td>
<td width="197">
<p align="center">Signalübertragung II.</p>
</td>
<td style="text-align: center;width: 44.154%" width="236">
<p>Zellkulturen</p>
</td>
</tr>
<tr>
<td style="text-align: center;width: 19.0995%" width="67">
<p><strong>13.  Woche</strong></p>
<p>(30-Dez.4)</p>
</td>
<td style="text-align: center;width: 36.6739%" width="197">
<p>Der Zellzyklus, DNA-Replikation</p>
</td>
<td style="text-align: center;width: 44.154%" width="236">
<p>Mitose</p>
</td>
</tr>
<tr>
<td style="text-align: center;width: 19.0995%" width="67">
<p><strong>14  Woche</strong></p>
<p>(Dez. 7-11)</p>
</td>
<td style="text-align: center;width: 36.6739%" width="197">
<p>Die Alterung und der Tod der Zelle</p>
</td>
<td style="text-align: center;width: 44.154%" width="236">
<p><span style="color: #ff0000">DEMO II.</span></p>
<p>Apoptose</p>
</td>
</tr>
</tbody>
</table>
<p>&nbsp;</p>
</div></div>

<p>Zellbiologie (GYKGEN331E1N) im Semester I. des Studienjahres 2026/27 an der Fakultät für Pharmazeutische Wissenschaften der Semmelweis Universität &nbsp; Teilnahnme Die Teilnahme an den Praktika ist obligatorisch. Im Falle von mehr als drei Abwesenheiten, unabhängig von den Gründen der Abwesenheiten, wird das Semester nicht anerkannt.  Die Studierenden müssen ihre An- und Abwesenheiten selbst verwalten. (Eigenverantwortung!)   Die &hellip;</p>
