{"id":17,"date":"2025-05-17T14:21:01","date_gmt":"2025-05-17T12:21:01","guid":{"rendered":"https:\/\/semmelweis.hu\/golyatabor\/?page_id=17"},"modified":"2025-11-17T14:53:29","modified_gmt":"2025-11-17T13:53:29","slug":"adatvedelmi-tajekoztato","status":"publish","type":"page","link":"https:\/\/semmelweis.hu\/golyatabor\/adatvedelmi-tajekoztato\/","title":{"rendered":"Adatv\u00e9delmi t\u00e1j\u00e9koztat\u00f3"},"content":{"rendered":"<h1 style=\"text-align: center;\">Adatv\u00e9delmi t\u00e1j\u00e9koztat\u00f3 a Semmelweis Egyetem Instruktor \u00d6ntev\u00e9keny Csoport \u00e1ltal szervezett 2025. \u00e9vi Egyetemi G\u00f3lyat\u00e1bor r\u00e9sztvev\u0151i adatainak kezel\u00e9s\u00e9vel kapcsolatosan<\/h1>\n<h2>I. A t\u00e1j\u00e9koztat\u00f3 c\u00e9lja<\/h2>\n<p>A Semmelweis Egyetem Instruktor \u00d6ntev\u00e9keny Csoportja elk\u00f6telezett abban, hogy m\u0171k\u00f6d\u00e9s\u00e9hez, feladatai ell\u00e1t\u00e1s\u00e1hoz, \u00edgy a 2025. \u00e9vi Semmelweis G\u00f3lyat\u00e1bor megszervez\u00e9s\u00e9hez sz\u00fcks\u00e9ges adatkezel\u00e9sek a vonatkoz\u00f3 jogszab\u00e1lyokkal \u00f6sszhangban, k\u00fcl\u00f6n\u00f6s figyelemmel az Eur\u00f3pai Parlament \u00e9s Tan\u00e1cs (EU) 2016\/679 sz\u00e1m\u00fa rendelet\u00e9ben (GDPR) foglaltaknak megfelel\u0151en az \u00e9rintett szem\u00e9lyek jogainak \u00e9s szabads\u00e1gainak maxim\u00e1lis figyelembev\u00e9tel\u00e9vel t\u00f6rt\u00e9njenek. Jelen t\u00e1j\u00e9koztat\u00f3 c\u00e9lja bemutatni az Instruktor \u00d6ntev\u00e9keny Csoport (tov\u00e1bbiakban \u201eI\u00d6CS\u201d) \u00e1ltal folytatott a 2025. \u00e9vi Semmelweis G\u00f3lyat\u00e1bor megszervez\u00e9s\u00e9vel \u00f6sszef\u00fcgg\u0151 adatkezel\u00e9sek \u00e9s adatt\u00e1rol\u00e1sok sor\u00e1n alkalmazott elveket \u00e9s \u00e1tfog\u00f3 k\u00e9pet adni az adatkezel\u00e9s folyamatair\u00f3l.<\/p>\n<p>Jelen t\u00e1j\u00e9koztat\u00f3 az I\u00d6CS irod\u00e1j\u00e1ban (1089 Budapest, Nagyv\u00e1rad t\u00e9r 4. \u2013 Hallgat\u00f3i Centrum, 1. iroda) megtekinthet\u0151, a <a href=\"https:\/\/iocs.hu\" target=\"_blank\" rel=\"noopener\">www.iocs.hu<\/a> \u00e9s a <a href=\"https:\/\/semmelweis.hu\/golyatabor\" target=\"_blank\" rel=\"noopener\">https:\/\/semmelweis.hu\/golyatabor<\/a> honlapokon el\u00e9rhet\u0151.<\/p>\n<h2>II. Alapfogalmak<\/h2>\n<p style=\"padding-left: 40px;\"><strong>Szem\u00e9lyes adat<\/strong><br \/>\nEgy azonos\u00edtott, vagy azonos\u00edthat\u00f3 szem\u00e9llyel kapcsolatba hozhat\u00f3 b\u00e1rmely inform\u00e1ci\u00f3.<\/p>\n<p style=\"padding-left: 40px;\"><strong>Adatkezel\u00e9s<\/strong><br \/>\nAz alkalmazott elj\u00e1r\u00e1st\u00f3l f\u00fcggetlen\u00fcl, az adatokon v\u00e9gzett b\u00e1rmely m\u0171velet, vagy m\u0171veletek \u00f6sszess\u00e9ge. Adatkezel\u00e9st csak olyan adatokon lehet v\u00e9gezni, amelyek valamely nyilv\u00e1ntart\u00e1si rendszer r\u00e9sz\u00e9t k\u00e9pezik, vagy amelyeket egy nyilv\u00e1ntart\u00e1si rendszer r\u00e9sz\u00e9v\u00e9 k\u00edv\u00e1nnak tenni az adat hordoz\u00f3j\u00e1t\u00f3l, a megjelen\u00e9si form\u00e1j\u00e1t\u00f3l f\u00fcggetlen\u00fcl.<\/p>\n<p style=\"padding-left: 40px;\"><strong>Adatkezel\u0151<\/strong><br \/>\nAz adatot feldolgoz\u00f3, vagy t\u00e1rol\u00f3 szem\u00e9ly, szervezet.<\/p>\n<p style=\"padding-left: 40px;\"><strong>Adatfeldolgoz\u00f3<\/strong><br \/>\nAz Adatkezel\u0151 megb\u00edz\u00e1s\u00e1b\u00f3l adatkezel\u00e9si m\u0171veletekhez kapcsol\u00f3d\u00f3 technikai feladatokat ell\u00e1t\u00f3 szem\u00e9ly, vagy szervezet. Tev\u00e9kenys\u00e9g\u00e9\u00e9rt az Adatkezel\u0151 felel\u0151s.<\/p>\n<p style=\"padding-left: 40px;\"><strong>\u00c9rintett<\/strong><br \/>\nAz a mag\u00e1nszem\u00e9ly, akinek a szem\u00e9lyes adataival az Adatkezel\u00e9s t\u00f6rt\u00e9nik.<\/p>\n<p style=\"padding-left: 40px;\"><strong>Harmadik f\u00e9l<\/strong><br \/>\nAz \u00c9rintetten, az Adatkezel\u0151n (ide\u00e9rtve a Semmelweis Egyetemet, az I\u00d6CS Egyes\u00fcletet \u00e9s a I\u00d6CS Egyes\u00fclet kiz\u00e1r\u00f3lagos tulajdon\u00e1ban \u00e1ll\u00f3 Instruktorok \u00d6ntev\u00e9keny Csoport Kft.-t is) k\u00edv\u00fcli harmadik szem\u00e9ly vagy szervezet.<\/p>\n<p style=\"padding-left: 40px;\"><strong>GDPR<\/strong><br \/>\nAz Eur\u00f3pai Parlament \u00e9s Tan\u00e1cs (EU) 2016\/679 sz. rendelete.<\/p>\n<h2>III. Adatkezel\u0151\u00a0<\/h2>\n<p><span style=\"font-weight: 400;\">E<\/span> t\u00e1j\u00e9koztat\u00f3 tekintet\u00e9ben adatkezel\u0151:\u00a0<\/p>\n<ul>\n<li aria-level=\"1\"><strong>Semmelweis Egyetem Instruktor \u00d6ntev\u00e9keny Csoportja<\/strong> (1089 Budapest, Nagyv\u00e1rad t\u00e9r 4.)<\/li>\n<li aria-level=\"1\"><strong>Instruktor \u00d6ntev\u00e9keny Csoport Egyes\u00fclet<\/strong> (1089 Budapest, Nagyv\u00e1rad t\u00e9r 4. Nyilv\u00e1ntart\u00e1si sz\u00e1m: 01-02-10008. (F\u0151v\u00e1rosi T\u00f6rv\u00e9nysz\u00e9k))<\/li>\n<li aria-level=\"1\"><strong>Instruktorok \u00d6ntev\u00e9keny Csoport Kft.<\/strong> (1085 Budapest, J\u00f3zsef krt. 69. fsz. 1. C\u00e9gjegyz\u00e9ksz\u00e1m: 01-09-925589)<\/li>\n<li aria-level=\"1\"><strong>Semmelweis Egyetem<\/strong> (1085 Budapest \u00dcll\u0151i \u00fat 26.)<\/li>\n<\/ul>\n<h2>IV. Adatkezel\u00e9sek c\u00e9lja, jogalapja, id\u0151tartama<\/h2>\n<p><strong>Kezelt adatok k\u00f6re <\/strong><br \/>\nA Felhaszn\u00e1l\u00f3k (a https:\/\/semmelweis.hu\/golyatabor-on regisztr\u00e1l\u00f3, a Semmelweis Egyetem els\u0151 \u00e9vre felvett leend\u0151 hallgat\u00f3i) al\u00e1bbi adatai: vezet\u00e9kn\u00e9v, keresztn\u00e9v, sz\u00fclet\u00e9si hely \u00e9s id\u0151, \u00e1lland\u00f3 lakc\u00edm, anyja neve, levelez\u00e9si c\u00edm, di\u00e1kigazolv\u00e1ny sz\u00e1m, OM azonos\u00edt\u00f3, szem\u00e9lyi igazolv\u00e1ny sz\u00e1m (annak hi\u00e1ny\u00e1ban: \u00fatlev\u00e9l\/vezet\u0151i enged\u00e9ly azonos\u00edt\u00f3 sz\u00e1m), mobil telefonsz\u00e1m, e-mail c\u00edm, kar (amelyre a Felhaszn\u00e1l\u00f3 felv\u00e9telt nyert), csoport (amelyik g\u00f3lyacsoportban a Felhaszn\u00e1l\u00f3 r\u00e9szt vesz a g\u00f3lyat\u00e1borban).<\/p>\n<p><strong>Adatkezel\u00e9s c\u00e9lja <\/strong><br \/>\nA regisztr\u00e1ci\u00f3hoz kapcsol\u00f3d\u00f3 adatkezel\u00e9s c\u00e9lja a https:\/\/semmelweis.hu\/golyatabor Felhaszn\u00e1l\u00f3inak a https:\/\/semmelweis.hu\/golyatabor-on kereszt\u00fcl el\u00e9rhet\u0151 szolg\u00e1ltat\u00e1sok ig\u00e9nybev\u00e9tel\u00e9hez sz\u00fcks\u00e9ges azonos\u00edt\u00e1sa, a g\u00f3lyat\u00e1borban r\u00e9sztvev\u0151k nyilv\u00e1ntart\u00e1sa \u00e9s k\u00e9s\u0151bbiekben egyetemi programokr\u00f3l, illetve egy\u00e9b akci\u00f3kr\u00f3l val\u00f3 t\u00e1j\u00e9koztat\u00e1sa.<\/p>\n<p><strong>Adatkezel\u00e9s jogalapja <\/strong><br \/>\nAz adatkezel\u00e9sre a https:\/\/semmelweis.hu\/golyatabor-on g\u00f3lyat\u00e1borba regisztr\u00e1l\u00f3 Felhaszn\u00e1l\u00f3k \u00f6nk\u00e9ntes hozz\u00e1j\u00e1rul\u00e1s\u00e1val ker\u00fcl sor. A Felhaszn\u00e1l\u00f3 hozz\u00e1j\u00e1rul\u00e1s\u00e1t https:\/\/semmelweis.hu\/golyatabor a g\u00f3lyat\u00e1borba t\u00f6rt\u00e9n\u0151 regisztr\u00e1ci\u00f3 sor\u00e1n adja meg. A szem\u00e9lyes adatok kezel\u00e9s\u00e9re \u00edgy az inform\u00e1ci\u00f3s \u00f6nrendelkez\u00e9si jogr\u00f3l \u00e9s az inform\u00e1ci\u00f3szabads\u00e1gr\u00f3l sz\u00f3l\u00f3 2011. \u00e9vi CXII. t\u00f6rv\u00e9ny 5. \u00a7 (1) bekezd\u00e9s a) pontja alapj\u00e1n, a regisztr\u00e1l\u00f3 Felhaszn\u00e1l\u00f3k \u00f6nk\u00e9ntes hozz\u00e1j\u00e1rul\u00e1sa alapj\u00e1n ker\u00fcl sor. A kezelt adatok k\u00f6r\u00e9vel kapcsolatban a https:\/\/semmelweis.hu\/golyatabor haszn\u00e1lata sor\u00e1n a Felhaszn\u00e1l\u00f3 az IV\/a. pontban meghat\u00e1rozott adatok r\u00f6gz\u00edt\u00e9s\u00e9t, kezel\u00e9s\u00e9t \u00e9s felhaszn\u00e1l\u00e1s\u00e1t enged\u00e9lyezi az I\u00d6CS r\u00e9sz\u00e9re. A fenti inform\u00e1ci\u00f3kat az I\u00d6CS kiz\u00e1r\u00f3lag g\u00f3lyat\u00e1bor megszervez\u00e9se, a hallgat\u00f3k egyetemi \u00e9letbe integr\u00e1l\u00e1sa \u00e9rdek\u00e9ben, hallgat\u00f3k t\u00e1j\u00e9koztat\u00e1sa, valamint saj\u00e1t statisztikai c\u00e9lokra haszn\u00e1lja fel. A rendszer csak a Semmelweis Egyetem g\u00f3lyat\u00e1bori jelentkez\u00e9seinek feldolgoz\u00e1sa sor\u00e1n r\u00f6gz\u00edtett, valamint a csoportbeoszt\u00e1st tartalmaz\u00f3 felt\u00e9tlen\u00fcl sz\u00fcks\u00e9ges adatokat t\u00e1rolja, mely adatok birtok\u00e1ban a kari g\u00f3lyat\u00e1bori szervez\u0151k a jogszab\u00e1lyoknak megfelel\u0151en tudj\u00e1k lebonyol\u00edtani g\u00f3lyat\u00e1bort, \u00e9s a k\u00e9s\u0151bbiekben seg\u00edteni az Egyetemre beiratkozott Felhaszn\u00e1l\u00f3kat. Az I\u00d6CS a felsoroltakon k\u00edv\u00fcl semmilyen m\u00e1s jelleg\u0171 adatot, list\u00e1t nem t\u00e1rol a Felhaszn\u00e1l\u00f3kr\u00f3l.<\/p>\n<p><strong>Adatkezel\u00e9s id\u0151tartama <\/strong><br \/>\nA rendezv\u00e9nyt (2025. \u00e9vi Semmelweis G\u00f3lyat\u00e1bor) k\u00f6vet\u0151 6. \u00e9v v\u00e9g\u00e9ig, valamint, ha jogszab\u00e1ly ett\u0151l elt\u00e9r\u0151 meg\u0151rz\u00e9si id\u0151t \u00edr el\u0151, akkor az abban meghat\u00e1rozott id\u0151tartamig, de legal\u00e1bb a rendezv\u00e9nyt k\u00f6vet\u0151 6. \u00e9v v\u00e9g\u00e9ig. A Felhaszn\u00e1l\u00f3 b\u00e1rmikor jogosult a helytelen\u00fcl r\u00f6gz\u00edtett adatainak helyesb\u00edt\u00e9s\u00e9t vagy azok t\u00f6rl\u00e9s\u00e9t k\u00e9rni. Az I\u00d6CS a Felhaszn\u00e1l\u00f3 \u00e1ltal k\u00e9rt t\u00f6rl\u00e9s eset\u00e9n a k\u00e9relem be\u00e9rkez\u00e9s\u00e9t\u0151l sz\u00e1m\u00edtott 15 munkanapon bel\u00fcl t\u00f6rli az adatokat. A t\u00f6rl\u00e9s nem vonatkozik a jogszab\u00e1ly (pl. sz\u00e1mviteli szab\u00e1lyoz\u00e1s) alapj\u00e1n sz\u00fcks\u00e9ges adatkezel\u00e9sre valamint a Felhaszn\u00e1l\u00f3k nyilatkozataira, azokat az I\u00d6CS a sz\u00fcks\u00e9ges id\u0151tartamig meg\u0151rzi, de legal\u00e1bb a rendezv\u00e9ny k\u00f6vet\u0151 6. \u00e9v v\u00e9g\u00e9ig.<\/p>\n<h2>V. Az \u00c9rintettek jogai<\/h2>\n<p><strong>T\u00e1j\u00e9koztat\u00e1s<\/strong><br \/>\nAz \u00c9rintettek adatainak kezel\u00e9s\u00e9r\u0151l az I\u00d6CS jelen t\u00e1j\u00e9koztat\u00f3ban t\u00e1j\u00e9koztatja a Felhaszn\u00e1l\u00f3kat, akiknek ezen t\u00falmen\u0151en lehet\u0151s\u00e9g\u00fck van tov\u00e1bbi felvil\u00e1gos\u00edt\u00e1st k\u00e9rni az I\u00d6CS irod\u00e1ban szem\u00e9lyesen vagy lev\u00e9lben\/e-mailben (adatkezeles@iocs.hu).<\/p>\n<p><strong>Hozz\u00e1f\u00e9r\u00e9s<\/strong><br \/>\nAz I\u00d6CS \u2013 amennyiben sz\u00e1m\u00e1ra nem j\u00e1r ez ar\u00e1nytalan teherrel \u2013 betekint\u00e9st biztos\u00edt a Felhaszn\u00e1l\u00f3knak saj\u00e1t szem\u00e9lyes adataik tekintet\u00e9ben az I\u00d6CS irod\u00e1ban, el\u0151zetes bejelentkez\u00e9s alapj\u00e1n.<\/p>\n<p><strong>Helyesb\u00edt\u00e9s<\/strong><br \/>\nAz \u00e9rintett k\u00e9r\u00e9s\u00e9re az I\u00d6CS halad\u00e9ktalanul m\u00f3dos\u00edthatja az \u00e9rintett azon szem\u00e9lyes adat\u00e1t, amely helytelen\u00fcl szerepel a nyilv\u00e1ntart\u00e1s\u00e1ban. d. t\u00f6rl\u00e9s: az \u00e9rintett k\u00e9rheti szem\u00e9lyes adatainak t\u00f6rl\u00e9s\u00e9t a IV\/d. pontban meghat\u00e1rozottak szerint, de a t\u00f6rl\u00e9s nem vonatkozik a jogszab\u00e1ly (pl. sz\u00e1mviteli szab\u00e1lyoz\u00e1s) alapj\u00e1n sz\u00fcks\u00e9ges adatkezel\u00e9sre valamint a Felhaszn\u00e1l\u00f3k nyilatkozataira, azokat az I\u00d6CS a sz\u00fcks\u00e9ges id\u0151tartamig meg\u0151rzi, de legal\u00e1bb a rendezv\u00e9ny k\u00f6vet\u0151 6. \u00e9v v\u00e9g\u00e9ig.<\/p>\n<p><strong>Tiltakoz\u00e1s<\/strong><br \/>\nAz \u00c9rintett tiltakozhat adatainak kezel\u00e9se ellen. Az I\u00d6CS a tiltakoz\u00e1s idej\u00e9re felf\u00fcggeszti az \u00e9rintett szem\u00e9lyes adatainak nyilv\u00e1ntart\u00e1sbeli kezel\u00e9s\u00e9t \u00e9s egy elk\u00fcl\u00f6n\u00edtett nyilv\u00e1ntart\u00e1sba helyezi, amely f\u00fcggetlen az egy\u00e9b nyilv\u00e1ntart\u00e1sait\u00f3l. A rendezv\u00e9nyen (2025. \u00e9vi Semmelweis G\u00f3lyat\u00e1bor) t\u00e9nylegesen r\u00e9szt vett szem\u00e9lyeknek a tiltakoz\u00e1st\u00f3l f\u00fcgg\u0151en is ut\u00f3lag azonos\u00edthat\u00f3nak kell lenni\u00fck.<\/p>\n<p><strong>Adathordozhat\u00f3s\u00e1g<\/strong><br \/>\nAz \u00c9rintettnek joga van az I\u00d6CS-n\u00e9l t\u00e1rolt, IV\/a szerinti adatait <br \/>\nolyan hordozhat\u00f3 form\u00e1ban megkapni, hogy azt m\u00e1sik adatkezel\u0151 fel tudja dolgozni.<\/p>\n<p><strong>Automatikus d\u00f6nt\u00e9shozatal<\/strong><br \/>\nAz I\u00d6CS-n\u00e9l nincs olyan adatkezel\u00e9s, amely automatikus (valamely g\u00e9pi algoritmus alapj\u00e1n d\u00f6nt\u00e9shozatal forr\u00e1s\u00e1ul szolg\u00e1lna, \u00edgy az \u00e9ritnettek azon joga, hogy saj\u00e1t k\u00e9r\u00e9s\u00fckre az automatikus d\u00f6nt\u00e9shozatal hat\u00e1lya al\u00f3l kivonj\u00e1k szem\u00e9lyes adataikat, nem relev\u00e1ns).<\/p>\n<p><strong>Jogorvoslat<\/strong><br \/>\nAmennyiben az \u00e9rintett \u00e9s az I\u00d6CS k\u00f6z\u00f6tt az \u00e9rintett saj\u00e1t szem\u00e9lyes adatainak kezel\u00e9se tekintet\u00e9ben vita alakulna ki az \u00e9rintettnek joga van jogorvoslattal \u00e9lni. Err\u0151l az I\u00d6CS minden vit\u00e1s esetben t\u00e1j\u00e9koztatja az \u00e9rintettet.<\/p>\n<h2>VI. Jog\u00e9rv\u00e9nyes\u00edt\u00e9si lehet\u0151s\u00e9gek<\/h2>\n<p>Az \u00c9rintett b\u00e1rmilyen adatkezel\u00e9ssel kapcsolatos k\u00e9rd\u00e9ssel, k\u00e9r\u00e9ssel, \u00e9szrev\u00e9tellel keresheti az I\u00d6CS Vezet\u0151s\u00e9g\u00e9t az adatkezeles@iocs.hu e-mail c\u00edmen.<\/p>\n<p>Amennyiben az \u00e9rintett v\u00e9lem\u00e9nye szerint az I\u00d6CS nem megfelel\u0151en kezelte az \u00e9rintett adatkezel\u00e9ssel kapcsolatos panasz\u00e1t, k\u00f6zvetlen\u00fcl fordulhat:<\/p>\n<ul>\n<li>A Semmelweis Egyetem Adatv\u00e9delmi \u00e9s Betegjogi K\u00f6zpontj\u00e1hoz (1085 Budapest, \u00dcll\u0151i \u00fat 26., adatvedelem@semmelweis-univ.hu)<\/li>\n<li>A Nemzeti Adatv\u00e9delmi \u00e9s Inform\u00e1ci\u00f3szabads\u00e1g Hat\u00f3s\u00e1ghoz (1125 Budapest, Szil\u00e1gyi Erzs\u00e9bet fasor 22\/c. +36-1-391-14-00 ugyfelszolgalat@naih.hu)<\/li>\n<\/ul>\n<p>Az \u00c9rintett jogainak megs\u00e9rt\u00e9se eset\u00e9n b\u00edr\u00f3s\u00e1ghoz fordulhat. Az \u00fcgy elb\u00edr\u00e1l\u00e1sa a t\u00f6rv\u00e9nysz\u00e9k hat\u00e1sk\u00f6r\u00e9be tartozik. A per az \u00e9rintett v\u00e1laszt\u00e1sa szerint, az \u00e9rintett lak\u00f3helye vagy tart\u00f3zkod\u00e1si helye szerinti t\u00f6rv\u00e9nysz\u00e9k el\u0151tt is megind\u00edthat\u00f3.<\/p>\n<p>Budapest, 2025.<\/p>\n<p>&nbsp;<\/p>\n","protected":false},"excerpt":{"rendered":"<p>Adatv\u00e9delmi t\u00e1j\u00e9koztat\u00f3 a Semmelweis Egyetem Instruktor \u00d6ntev\u00e9keny Csoport \u00e1ltal szervezett 2025. \u00e9vi Egyetemi G\u00f3lyat\u00e1bor r\u00e9sztvev\u0151i adatainak kezel\u00e9s\u00e9vel kapcsolatosan I. A t\u00e1j\u00e9koztat\u00f3 c\u00e9lja A Semmelweis Egyetem Instruktor \u00d6ntev\u00e9keny Csoportja elk\u00f6telezett abban, hogy m\u0171k\u00f6d\u00e9s\u00e9hez, feladatai ell\u00e1t\u00e1s\u00e1hoz, \u00edgy a 2025. \u00e9vi Semmelweis G\u00f3lyat\u00e1bor megszervez\u00e9s\u00e9hez sz\u00fcks\u00e9ges adatkezel\u00e9sek a vonatkoz\u00f3 jogszab\u00e1lyokkal \u00f6sszhangban, k\u00fcl\u00f6n\u00f6s figyelemmel az Eur\u00f3pai Parlament \u00e9s Tan\u00e1cs (EU) &hellip;<\/p>\n","protected":false},"author":102503,"featured_media":0,"parent":0,"menu_order":7,"comment_status":"closed","ping_status":"closed","template":"","meta":{"_acf_changed":false,"footnotes":""},"categories":[],"tags":[],"class_list":["post-17","page","type-page","status-publish","hentry"],"acf":[],"_links":{"self":[{"href":"https:\/\/semmelweis.hu\/golyatabor\/wp-json\/wp\/v2\/pages\/17","targetHints":{"allow":["GET"]}}],"collection":[{"href":"https:\/\/semmelweis.hu\/golyatabor\/wp-json\/wp\/v2\/pages"}],"about":[{"href":"https:\/\/semmelweis.hu\/golyatabor\/wp-json\/wp\/v2\/types\/page"}],"author":[{"embeddable":true,"href":"https:\/\/semmelweis.hu\/golyatabor\/wp-json\/wp\/v2\/users\/102503"}],"replies":[{"embeddable":true,"href":"https:\/\/semmelweis.hu\/golyatabor\/wp-json\/wp\/v2\/comments?post=17"}],"version-history":[{"count":3,"href":"https:\/\/semmelweis.hu\/golyatabor\/wp-json\/wp\/v2\/pages\/17\/revisions"}],"predecessor-version":[{"id":386,"href":"https:\/\/semmelweis.hu\/golyatabor\/wp-json\/wp\/v2\/pages\/17\/revisions\/386"}],"wp:attachment":[{"href":"https:\/\/semmelweis.hu\/golyatabor\/wp-json\/wp\/v2\/media?parent=17"}],"wp:term":[{"taxonomy":"category","embeddable":true,"href":"https:\/\/semmelweis.hu\/golyatabor\/wp-json\/wp\/v2\/categories?post=17"},{"taxonomy":"post_tag","embeddable":true,"href":"https:\/\/semmelweis.hu\/golyatabor\/wp-json\/wp\/v2\/tags?post=17"}],"curies":[{"name":"wp","href":"https:\/\/api.w.org\/{rel}","templated":true}]}}