{"id":99,"date":"2025-07-15T15:26:22","date_gmt":"2025-07-15T13:26:22","guid":{"rendered":"https:\/\/semmelweis.hu\/godollo\/?page_id=99"},"modified":"2026-03-30T06:51:58","modified_gmt":"2026-03-30T04:51:58","slug":"ful-orr-gegeszet","status":"publish","type":"page","link":"https:\/\/semmelweis.hu\/godollo\/betegellatas\/szakrendelesek\/ful-orr-gegeszet\/","title":{"rendered":"F\u00fcl-orr-g\u00e9g\u00e9szet &#8211; feln\u0151tt"},"content":{"rendered":"<div class=\"keretes w-100\">\n<h5>Munkaalkalmass\u00e1gi vizsg\u00e1lathoz \u2013 amely t\u00e9r\u00edt\u00e9si d\u00edj k\u00f6teles \u2013 \u00fczemorvosi beutal\u00f3 sz\u00fcks\u00e9ges! &#8211; id\u0151pont a regisztr\u00e1ci\u00f3n k\u00e9rhet\u0151<\/h5>\n<p><strong>El\u0151jegyz\u00e9s: <\/strong>+36 70 502-1899 \u00e9s +36 70 502-2283<\/p>\n<p>h\u00e9tf\u0151 &#8211; cs\u00fct\u00f6rt\u00f6k: 09:00 &#8211; 17:45<\/p>\n<p>p\u00e9ntek: 09:00 &#8211; 15:45<\/p>\n<p><strong>Inform\u00e1ci\u00f3: <\/strong>+36 70 502-1965<br \/>\nh\u00e9tf\u0151: 09:00-10:00<br \/>\np\u00e9ntek: 14:00-15:00<\/p>\n<p><strong>Email:<\/strong> gse.elojegyzes@semmelweis.hu<\/p>\n<p><a href=\"https:\/\/semmelweis.hu\/betegellatas\/betegregisztracio\/\">Betegregisztr\u00e1ci\u00f3 menete \u2192<\/a><\/p>\n<p><strong>C\u00edm:<\/strong> G\u00f6d\u00f6ll\u0151, Pet\u0151fi S\u00e1ndor u. 1-3. 2. emelet 15. szoba<\/p>\n<p><strong>Ell\u00e1t\u00e1si ter\u00fcletek: <\/strong>D\u00e1ny, Erd\u0151kertes, G\u00f6d\u00f6ll\u0151, Isaszeg, Kerepes, Kistarcsa, Mogyor\u00f3d, Szada, V\u00e1cszentl\u00e1szl\u00f3, Valk\u00f3, Veresegyh\u00e1z, Zs\u00e1mbok<\/p>\n<\/div>\n<h1>dr. Ilonczai Larisza<\/h1>\n<table style=\"width: 90%\">\n<thead>\n<tr>\n<td style=\"width: 30%\">nap<\/td>\n<td>id\u0151pont<\/td>\n<\/tr>\n<\/thead>\n<tbody>\n<tr>\n<td>h\u00e9tf\u0151<\/td>\n<td>10:00 &#8211; 17:00<\/td>\n<\/tr>\n<tr>\n<td>kedd<\/td>\n<td>&#8211;<\/td>\n<\/tr>\n<tr>\n<td>szerda<\/td>\n<td>&#8211;<\/td>\n<\/tr>\n<tr>\n<td>cs\u00fct\u00f6rt\u00f6k<\/td>\n<td>08:00 &#8211; 16:00<\/td>\n<\/tr>\n<tr>\n<td>p\u00e9ntek<\/td>\n<td>07:00-14:00<\/td>\n<\/tr>\n<\/tbody>\n<\/table>\n<p>&nbsp;<\/p>\n<h3>Mivel foglalkozik a f\u00fcl-orr-g\u00e9g\u00e9szet?<\/h3>\n<p>A f\u00fcl-orr-g\u00e9g\u00e9sz a garat, a g\u00e9ge, a teljes sz\u00e1j\u00fcreg, az \u00edzlel\u0151-, szagl\u00f3- \u00e9s hall\u00f3szervek probl\u00e9m\u00e1ival foglalkozik. A f\u00fcl-orr- g\u00e9g\u00e9sz szakorvos f\u0151 profilja els\u0151sorban a fels\u0151 l\u00e9g\u00fati fert\u0151z\u00e9sek, orrmell\u00e9k\u00fcreg gyullad\u00e1sok, a k\u00f6z\u00e9pf\u00fcl megbeteged\u00e9seinek diagnosztik\u00e1j\u00e1ra, kezel\u00e9s\u00e9re terjed ki, ezeken fel\u00fcl pedig:<\/p>\n<ul>\n<li>a f\u00fcl-orr- g\u00e9g\u00e9szeti g\u00f3ckutat\u00e1s,<\/li>\n<li>a fej-nyak r\u00e9gi\u00f3inak onkol\u00f3giai sz\u0171r\u0151vizsg\u00e1lata,<\/li>\n<li>esetleges f\u00fcl-orr- g\u00e9g\u00e9szeti oper\u00e1ci\u00f3k indik\u00e1l\u00e1sa, m\u0171t\u00e9ti kivizsg\u00e1l\u00e1s koordin\u00e1l\u00e1sa, m\u0171t\u00e9tek megszervez\u00e9se.<\/li>\n<\/ul>\n<h3>Milyen panaszok eset\u00e9n javasolt f\u00fcl-orr-g\u00e9g\u00e9sz szakorvoshoz fordulni?<\/h3>\n<ul>\n<li>h\u00e1ziorvosi kezel\u00e9s ellen\u00e9re sem gy\u00f3gyul\u00f3 heveny, illetve id\u00fclt gyullad\u00e1sok az orr, garat \u00e9s g\u00e9ge ter\u00fclet\u00e9n<\/li>\n<li>f\u00fclf\u00e1j\u00e1s<br \/>\nism\u00e9tl\u0151d\u0151 \u00e9s gyakori heves orrv\u00e9rz\u00e9s<\/li>\n<li>f\u00fcl- sz\u00e1j\u00fcreg, garat ter\u00fclet\u00e9r\u0151l sz\u00e1rmaz\u00f3 v\u00e9rz\u00e9s<\/li>\n<li>f\u00e9loldali sz\u00ednes orrv\u00e1lad\u00e9koz\u00e1s<\/li>\n<li>el\u0151zm\u00e9nyben szerepl\u0151 f\u00fclm\u0171t\u00e9t, id\u00fclt k\u00f6z\u00e9pf\u00fcl gyullad\u00e1s gondoz\u00e1sa<\/li>\n<li>nyel\u00e9si zavarok<\/li>\n<li>hangk\u00e9pz\u00e9si probl\u00e9m\u00e1k<\/li>\n<li>tart\u00f3s, 2 h\u00e9ten t\u00fal fenn\u00e1ll\u00f3, fels\u0151 l\u00e9g\u00fati t\u00fcnetek n\u00e9lk\u00fcli rekedts\u00e9g<\/li>\n<li>allergi\u00e1s panaszok<\/li>\n<li>m\u0171t\u00e9tek, illetve biol\u00f3giai ter\u00e1pia el\u0151tti g\u00f3ckutat\u00e1s<\/li>\n<li>hirtelen kialakult f\u00fclz\u00fag\u00e1s, sz\u00e9d\u00fcl\u00e9s, hall\u00e1scs\u00f6kken\u00e9s<\/li>\n<li>hosszabb ideje fenn\u00e1ll\u00f3 orrdugul\u00e1s, orrv\u00e1lad\u00e9koz\u00e1s<\/li>\n<li>horkol\u00e1s, alv\u00e1si l\u00e9gz\u00e9skimarad\u00e1s (apnoe) kivizsg\u00e1l\u00e1sa<\/li>\n<li>fej-nyaki daganatok gyan\u00faja, illetve daganat miatt m\u0171t\u00e9ten \u00e1tesett betegek gondoz\u00e1sa<\/li>\n<li>ha \u00e9rezhet\u0151 nyaki nyirokcsom\u00f3k megjelen\u00e9s\u00e9t, vagy kor\u00e1bbiak jelent\u0151s n\u00f6veked\u00e9s\u00e9t \u00e9rzi.<\/li>\n<\/ul>\n","protected":false},"excerpt":{"rendered":"<p>Munkaalkalmass\u00e1gi vizsg\u00e1lathoz \u2013 amely t\u00e9r\u00edt\u00e9si d\u00edj k\u00f6teles \u2013 \u00fczemorvosi beutal\u00f3 sz\u00fcks\u00e9ges! &#8211; id\u0151pont a regisztr\u00e1ci\u00f3n k\u00e9rhet\u0151 El\u0151jegyz\u00e9s: +36 70 502-1899 \u00e9s +36 70 502-2283 h\u00e9tf\u0151 &#8211; cs\u00fct\u00f6rt\u00f6k: 09:00 &#8211; 17:45 p\u00e9ntek: 09:00 &#8211; 15:45 Inform\u00e1ci\u00f3: +36 70 502-1965 h\u00e9tf\u0151: 09:00-10:00 p\u00e9ntek: 14:00-15:00 Email: gse.elojegyzes@semmelweis.hu <a href=\"https:\/\/semmelweis.hu\/betegellatas\/betegregisztracio\/\">Betegregisztr\u00e1ci\u00f3 menete \u2192<\/a> C\u00edm: G\u00f6d\u00f6ll\u0151, Pet\u0151fi S\u00e1ndor u. 1-3. 2. emelet 15. szoba Ell\u00e1t\u00e1si &hellip;<\/p>\n","protected":false},"author":102484,"featured_media":0,"parent":20,"menu_order":0,"comment_status":"closed","ping_status":"closed","template":"","meta":{"_acf_changed":false,"footnotes":""},"categories":[4],"tags":[],"class_list":["post-99","page","type-page","status-publish","hentry","category-szakrendelesek"],"acf":[],"_links":{"self":[{"href":"https:\/\/semmelweis.hu\/godollo\/wp-json\/wp\/v2\/pages\/99","targetHints":{"allow":["GET"]}}],"collection":[{"href":"https:\/\/semmelweis.hu\/godollo\/wp-json\/wp\/v2\/pages"}],"about":[{"href":"https:\/\/semmelweis.hu\/godollo\/wp-json\/wp\/v2\/types\/page"}],"author":[{"embeddable":true,"href":"https:\/\/semmelweis.hu\/godollo\/wp-json\/wp\/v2\/users\/102484"}],"replies":[{"embeddable":true,"href":"https:\/\/semmelweis.hu\/godollo\/wp-json\/wp\/v2\/comments?post=99"}],"version-history":[{"count":12,"href":"https:\/\/semmelweis.hu\/godollo\/wp-json\/wp\/v2\/pages\/99\/revisions"}],"predecessor-version":[{"id":1778,"href":"https:\/\/semmelweis.hu\/godollo\/wp-json\/wp\/v2\/pages\/99\/revisions\/1778"}],"up":[{"embeddable":true,"href":"https:\/\/semmelweis.hu\/godollo\/wp-json\/wp\/v2\/pages\/20"}],"wp:attachment":[{"href":"https:\/\/semmelweis.hu\/godollo\/wp-json\/wp\/v2\/media?parent=99"}],"wp:term":[{"taxonomy":"category","embeddable":true,"href":"https:\/\/semmelweis.hu\/godollo\/wp-json\/wp\/v2\/categories?post=99"},{"taxonomy":"post_tag","embeddable":true,"href":"https:\/\/semmelweis.hu\/godollo\/wp-json\/wp\/v2\/tags?post=99"}],"curies":[{"name":"wp","href":"https:\/\/api.w.org\/{rel}","templated":true}]}}