{"id":83,"date":"2025-07-15T14:56:29","date_gmt":"2025-07-15T12:56:29","guid":{"rendered":"https:\/\/semmelweis.hu\/godollo\/?page_id=83"},"modified":"2026-03-30T06:49:10","modified_gmt":"2026-03-30T04:49:10","slug":"diabetologia","status":"publish","type":"page","link":"https:\/\/semmelweis.hu\/godollo\/betegellatas\/szakrendelesek\/diabetologia\/","title":{"rendered":"Diabetol\u00f3gia"},"content":{"rendered":"<div class=\"keretes w-100\">\n<h5>A rendel\u00e9s csak beutal\u00f3val \u00e9s el\u0151jegyz\u00e9s alapj\u00e1n vehet\u0151 ig\u00e9nybe!<\/h5>\n<p><strong>El\u0151jegyz\u00e9s:<\/strong>+36 70\/502-1899, +36 70\/502-2283\u00a0<\/p>\n<p>h\u00e9tf\u0151 &#8211; cs\u00fct\u00f6rt\u00f6k: 09:00 &#8211; 17:45<\/p>\n<p>p\u00e9ntek: 09:00 &#8211; 15:45<\/p>\n<p><strong>Inform\u00e1ci\u00f3: <\/strong>+36 70\/502-1972<strong><br \/>\n<\/strong>kedd \u00e9s szerda: 14:00 &#8211; 15:00<\/p>\n<p><strong>Email:<\/strong> gse.elojegyzes@semmelweis.hu<\/p>\n<p><a href=\"\/betegellatas\/betegregisztracio\/\">Betegregisztr\u00e1ci\u00f3 menete \u2192<\/a><\/p>\n<p><strong>C\u00edm:<\/strong> G\u00f6d\u00f6ll\u0151, Pet\u0151fi S\u00e1ndor u. 1-3. 2. emelet 16. szoba<\/p>\n<p><strong>Ell\u00e1t\u00e1si ter\u00fcletek: <\/strong>Asz\u00f3d, Bag, D\u00e1ny, Erd\u0151kertes, Galgah\u00e9v\u00edz, Galgam\u00e1csa, G\u00f6d\u00f6ll\u0151, H\u00e9v\u00edzgy\u00f6rk, Isaszeg, Kartal, Kerepes, Kistarcsa, Mogyor\u00f3d, Szada, Tura, V\u00e1cszentl\u00e1szl\u00f3, Valk\u00f3, Veresegyh\u00e1z, Verseg, Zs\u00e1mbok<\/p>\n<\/div>\n<h1>dr. kov\u00e1cs istv\u00e1n &#8211; kedd\u00a0<\/h1>\n<h1>dr. paulik m\u00e1ria &#8211; szerda, cs\u00fct\u00f6rt\u00f6k<\/h1>\n<h3>Rendel\u00e9si id\u0151:<\/h3>\n<table style=\"width: 90%\">\n<thead>\n<tr>\n<td style=\"width: 30%\">nap<\/td>\n<td>id\u0151pont<\/td>\n<\/tr>\n<\/thead>\n<tbody>\n<tr>\n<td style=\"width: 30%\" scope=\"col\">h\u00e9tf\u0151<\/td>\n<td>&#8211;<\/td>\n<\/tr>\n<tr>\n<td>kedd<\/td>\n<td>Szem\u00e9lyes ell\u00e1t\u00e1s: 07:00 \u2013 14:00<br \/>\nTelemedicin\u00e1lis ell\u00e1t\u00e1s: 14:00 &#8211; 15:00<\/td>\n<\/tr>\n<tr>\n<td>szerda<\/td>\n<td>Szem\u00e9lyes ell\u00e1t\u00e1s: 08:00 &#8211; 14:00<br \/>\nTelemedicin\u00e1lis ell\u00e1t\u00e1s: 14:00 &#8211; 15:00<\/td>\n<\/tr>\n<tr>\n<td>cs\u00fct\u00f6rt\u00f6k<\/td>\n<td>Szem\u00e9lyes ell\u00e1t\u00e1s: 08:00 &#8211; 15:00<\/td>\n<\/tr>\n<tr>\n<td>p\u00e9ntek<\/td>\n<td>&#8211;<\/td>\n<\/tr>\n<\/tbody>\n<\/table>\n<p>&nbsp;<\/p>\n<h3>Mivel foglalkozik a diabetol\u00f3gia?<\/h3>\n<p>A diabetol\u00f3gia a sz\u00e9nhidr\u00e1t anyagcsere zavaraival, a cukorbetegs\u00e9ggel \u00e9s annak sz\u00f6v\u0151dm\u00e9nyeivel, valamint annak gy\u00f3gy\u00edt\u00e1s\u00e1val foglalkozik.<\/p>\n<h3>Mivel foglalkozik a diabetol\u00f3gus?<\/h3>\n<ul>\n<li>A cukorbetegs\u00e9g ter\u00e1pi\u00e1j\u00e1nak be\u00e1ll\u00edt\u00e1s\u00e1val, a be\u00e1ll\u00edtott kezel\u00e9s id\u0151szakos fel\u00fclvizsg\u00e1lat\u00e1val, m\u00f3dos\u00edt\u00e1s\u00e1val vagy j\u00f3v\u00e1hagy\u00e1s\u00e1val.<\/li>\n<li>Szakorvosi javaslatok ki\u00e1ll\u00edt\u00e1sa (gy\u00f3gyszer, inzulin, jogos\u00edtv\u00e1ny)<\/li>\n<li>A \u201ediabeteses l\u00e1b\u201d vizsg\u00e1lat\u00e1val (neurop\u00e1thia).<\/li>\n<li>A cukorbeteg m\u0171t\u00e9t vagy m\u00e1s orvosi beavatkoz\u00e1s el\u0151tti belgy\u00f3gy\u00e1szati vizsg\u00e1lat\u00e1val, v\u00e9lem\u00e9nyez\u00e9s\u00e9vel.<\/li>\n<li>Tests\u00falykarbantart\u00e1s,eg\u00e9szs\u00e9ges \u00e9letm\u00f3d tan\u00e1csad\u00e1s.<\/li>\n<li>T\u00e1rsbetegs\u00e9gek keres\u00e9se, kivizsg\u00e1l\u00e1sa.<\/li>\n<li>Rizik\u00f3t\u00e9nyez\u0151k kezel\u00e9s\u00e9vel.<\/li>\n<\/ul>\n<h3>Cukorbetegs\u00e9g rizik\u00f3t\u00e9nyez\u0151i:<\/h3>\n<ul>\n<li>csal\u00e1dban cukorbetegs\u00e9g fordult el\u0151,<\/li>\n<li>magas v\u00e9rnyom\u00e1s,<\/li>\n<li>magas v\u00e9rzs\u00edr szint,<\/li>\n<li>emelkedett h\u00fagysav szint,<\/li>\n<li>megl\u00e9v\u0151 koszor\u00fa\u00e9r betegs\u00e9g,<\/li>\n<li>elh\u00edz\u00e1s,<\/li>\n<li>terhess\u00e9gi cukorbetegs\u00e9ge volt kor\u00e1bban<\/li>\n<\/ul>\n","protected":false},"excerpt":{"rendered":"<p>A rendel\u00e9s csak beutal\u00f3val \u00e9s el\u0151jegyz\u00e9s alapj\u00e1n vehet\u0151 ig\u00e9nybe! El\u0151jegyz\u00e9s:+36 70\/502-1899, +36 70\/502-2283\u00a0 h\u00e9tf\u0151 &#8211; cs\u00fct\u00f6rt\u00f6k: 09:00 &#8211; 17:45 p\u00e9ntek: 09:00 &#8211; 15:45 Inform\u00e1ci\u00f3: +36 70\/502-1972 kedd \u00e9s szerda: 14:00 &#8211; 15:00 Email: gse.elojegyzes@semmelweis.hu <a href=\"\/betegellatas\/betegregisztracio\/\">Betegregisztr\u00e1ci\u00f3 menete \u2192<\/a> C\u00edm: G\u00f6d\u00f6ll\u0151, Pet\u0151fi S\u00e1ndor u. 1-3. 2. emelet 16. szoba Ell\u00e1t\u00e1si ter\u00fcletek: Asz\u00f3d, Bag, D\u00e1ny, Erd\u0151kertes, Galgah\u00e9v\u00edz, Galgam\u00e1csa, G\u00f6d\u00f6ll\u0151, H\u00e9v\u00edzgy\u00f6rk, Isaszeg, &hellip;<\/p>\n","protected":false},"author":102484,"featured_media":0,"parent":20,"menu_order":0,"comment_status":"closed","ping_status":"closed","template":"","meta":{"_acf_changed":false,"footnotes":""},"categories":[4],"tags":[],"class_list":["post-83","page","type-page","status-publish","hentry","category-szakrendelesek"],"acf":[],"_links":{"self":[{"href":"https:\/\/semmelweis.hu\/godollo\/wp-json\/wp\/v2\/pages\/83","targetHints":{"allow":["GET"]}}],"collection":[{"href":"https:\/\/semmelweis.hu\/godollo\/wp-json\/wp\/v2\/pages"}],"about":[{"href":"https:\/\/semmelweis.hu\/godollo\/wp-json\/wp\/v2\/types\/page"}],"author":[{"embeddable":true,"href":"https:\/\/semmelweis.hu\/godollo\/wp-json\/wp\/v2\/users\/102484"}],"replies":[{"embeddable":true,"href":"https:\/\/semmelweis.hu\/godollo\/wp-json\/wp\/v2\/comments?post=83"}],"version-history":[{"count":12,"href":"https:\/\/semmelweis.hu\/godollo\/wp-json\/wp\/v2\/pages\/83\/revisions"}],"predecessor-version":[{"id":1775,"href":"https:\/\/semmelweis.hu\/godollo\/wp-json\/wp\/v2\/pages\/83\/revisions\/1775"}],"up":[{"embeddable":true,"href":"https:\/\/semmelweis.hu\/godollo\/wp-json\/wp\/v2\/pages\/20"}],"wp:attachment":[{"href":"https:\/\/semmelweis.hu\/godollo\/wp-json\/wp\/v2\/media?parent=83"}],"wp:term":[{"taxonomy":"category","embeddable":true,"href":"https:\/\/semmelweis.hu\/godollo\/wp-json\/wp\/v2\/categories?post=83"},{"taxonomy":"post_tag","embeddable":true,"href":"https:\/\/semmelweis.hu\/godollo\/wp-json\/wp\/v2\/tags?post=83"}],"curies":[{"name":"wp","href":"https:\/\/api.w.org\/{rel}","templated":true}]}}