{"id":148,"date":"2025-07-15T16:10:05","date_gmt":"2025-07-15T14:10:05","guid":{"rendered":"https:\/\/semmelweis.hu\/godollo\/?page_id=148"},"modified":"2026-03-04T08:14:00","modified_gmt":"2026-03-04T07:14:00","slug":"sebeszet","status":"publish","type":"page","link":"https:\/\/semmelweis.hu\/godollo\/betegellatas\/szakrendelesek\/sebeszet\/","title":{"rendered":"Seb\u00e9szet"},"content":{"rendered":"<div class=\"keretes w-100\">\n<h5>A rendel\u00e9s beutal\u00f3 n\u00e9lk\u00fcl, el\u0151jegyz\u00e9s alapj\u00e1n vehet\u0151 ig\u00e9nybe!<\/h5>\n<p style=\"text-align: left\">A rendel\u00e9s befejez\u00e9se el\u0151tt f\u00e9l \u00f3r\u00e1val \u00faj beteget m\u00e1r nem tudunk fogadni (csak s\u00fcrg\u0151s sz\u00fcks\u00e9g eseteiben)!<\/p>\n<p><strong>El\u0151jegyz\u00e9s szem\u00e9lyesen vagy telefonon: <\/strong>+36 70\/502-1899, +36 70\/502-2283<\/p>\n<p>h\u00e9tf\u0151 \u2013 cs\u00fct\u00f6rt\u00f6k: 09:00 \u2013 17:45<\/p>\n<p>p\u00e9ntek: 09:00 \u2013 15:45<\/p>\n<p><strong>Email:<\/strong> gse.elojegyzes@semmelweis.hu<\/p>\n<p><a href=\"https:\/\/semmelweis.hu\/betegellatas\/betegregisztracio\/\">Betegregisztr\u00e1ci\u00f3 menete \u2192<\/a><\/p>\n<p><strong>C\u00edm:<\/strong> G\u00f6d\u00f6ll\u0151, Pet\u0151fi S\u00e1ndor u. 1-3. f\u00f6ldszint 2. szoba (Seb\u00e9szet II-III.), f\u00f6ldszint 3. szoba (Seb\u00e9szet I.)<\/p>\n<p><strong>Ell\u00e1t\u00e1si ter\u00fcletek: <\/strong>D\u00e1ny, Erd\u0151kertes, G\u00f6d\u00f6ll\u0151, Isaszeg, Kerepes, Kistarcsa, Mogyor\u00f3d, Szada, V\u00e1cszentl\u00e1szl\u00f3, Valk\u00f3, Veresegyh\u00e1z, Zs\u00e1mbok<\/p>\n<\/div>\n<p>&nbsp;<\/p>\n<table style=\"width: 90%;height: 174px\">\n<thead>\n<tr style=\"height: 29px\">\n<td style=\"width: 30%;height: 29px\">nap<\/td>\n<td style=\"height: 29px\">id\u0151pont<\/td>\n<\/tr>\n<\/thead>\n<tbody>\n<tr style=\"height: 29px\">\n<td style=\"width: 30%;height: 29px\" scope=\"col\">h\u00e9tf\u0151<\/td>\n<td style=\"height: 29px\">\u00a0&#8211;\u00a0<\/td>\n<\/tr>\n<tr style=\"height: 29px\">\n<td style=\"height: 29px\">kedd<\/td>\n<td style=\"height: 29px\">&#8211;<\/td>\n<\/tr>\n<tr style=\"height: 29px\">\n<td style=\"height: 29px\">szerda<\/td>\n<td style=\"height: 29px\">08:00 &#8211; 14:00<\/td>\n<\/tr>\n<tr style=\"height: 29px\">\n<td style=\"height: 29px\">cs\u00fct\u00f6rt\u00f6k<\/td>\n<td style=\"height: 29px\">&#8211;<\/td>\n<\/tr>\n<tr style=\"height: 29px\">\n<td style=\"height: 29px\">p\u00e9ntek<\/td>\n<td style=\"height: 29px\">08:00 &#8211; 14:00<\/td>\n<\/tr>\n<\/tbody>\n<\/table>\n<h1>dr. Nagy andrea<\/h1>\n<p>H\u00e9tf\u0151n, kedden \u00e9s szerd\u00e1n 08:00 \u2013 13:30 \u00f3r\u00e1ig fogadunk betegeket, 14:00 \u2013 16:00 \u00f3ra k\u00f6z\u00f6tt tervezett m\u0171t\u00e9teket v\u00e9gz\u00fcnk.<\/p>\n<table style=\"width: 90%;height: 174px\">\n<thead>\n<tr style=\"height: 29px\">\n<td style=\"width: 30%;height: 29px\">nap<\/td>\n<td style=\"height: 29px\">id\u0151pont<\/td>\n<\/tr>\n<\/thead>\n<tbody>\n<tr style=\"height: 29px\">\n<td style=\"width: 30%;height: 29px\" scope=\"col\">h\u00e9tf\u0151<\/td>\n<td style=\"height: 29px\">08:00 &#8211; 13:30<\/td>\n<\/tr>\n<tr style=\"height: 29px\">\n<td style=\"height: 29px\">kedd<\/td>\n<td style=\"height: 29px\">08:00 &#8211; 13:30<\/td>\n<\/tr>\n<tr style=\"height: 29px\">\n<td style=\"height: 29px\">szerda<\/td>\n<td style=\"height: 29px\">08:00 &#8211; 13:30<\/td>\n<\/tr>\n<tr style=\"height: 29px\">\n<td style=\"height: 29px\">cs\u00fct\u00f6rt\u00f6k<\/td>\n<td style=\"height: 29px\">08:00 &#8211; 14:00<\/td>\n<\/tr>\n<tr style=\"height: 29px\">\n<td style=\"height: 29px\">p\u00e9ntek<\/td>\n<td style=\"height: 29px\">&#8211;<\/td>\n<\/tr>\n<\/tbody>\n<\/table>\n<p><span style=\"color: #ff0000\">Szabads\u00e1g: 2026.03.30-04.09.<\/span><\/p>\n<h3>Tev\u00e9kenys\u00e9gi ter\u00fcletek:<\/h3>\n<ul>\n<li>Az \u00e1ltal\u00e1nos seb\u00e9szet t\u00e1rgyk\u00f6r\u00e9be tartoz\u00f3 megbeteged\u00e9sek diagnosztik\u00e1ja, kezel\u00e9se.<\/li>\n<li>\u00a0testfelsz\u00edni j\u00f3- \u00e9s rosszindulat\u00fa daganatok, anyajegyek helyi \u00e9rz\u00e9stelen\u00edt\u00e9sben t\u00f6rt\u00e9n\u0151 m\u0171t\u00e9ti elt\u00e1vol\u00edt\u00e1sa.<\/li>\n<li>Gyullad\u00e1sos k\u00f3rk\u00e9pek seb\u00e9szeti kezel\u00e9se.<\/li>\n<li>T\u00e1lyogok felt\u00e1r\u00e1sa.<\/li>\n<li>A testen kialakult kr\u00f3nikus (id\u00fclt) sebek k\u00f6t\u00f6z\u00e9se (l\u00e1bsz\u00e1r fek\u00e9lyek, felfekv\u00e9sek), azok esetleges otthon\u00e1pol\u00e1s\u00e1nak betan\u00edt\u00e1sa, vagy szakorvosi javaslata.<\/li>\n<li>Intraabdominalis (hason bel\u00fcli) \u00e9s egy\u00e9b seb\u00e9szeti megbeteged\u00e9sek: epek\u00f6vess\u00e9g, b\u00e9lbetegs\u00e9gek, \u00e9rbetegs\u00e9gek, s\u00e9rvek kivizsg\u00e1l\u00e1s\u00e1nak, kezel\u00e9s\u00e9nek, m\u0171t\u00e9tj\u00e9nek koordin\u00e1l\u00e1sa: ultrahangos vizsg\u00e1latra, CT-re, MR-re beutal\u00e1s.<\/li>\n<li>K\u00f3rh\u00e1zba utal\u00e1s, annak megszervez\u00e9se, akut (s\u00fcrg\u0151s) \u00e9s kr\u00f3nikus megbeteged\u00e9s eset\u00e9n.<\/li>\n<li>\u00c9rbetegs\u00e9gek (\u00fct\u0151\u00e9r, vissz\u00e9r, arany\u00e9r) kivizsg\u00e1l\u00e1sa, ezek \u00e9s a cukorbetegs\u00e9g seb\u00e9szeti sz\u00f6v\u0151dm\u00e9nyeinek kezel\u00e9se.<\/li>\n<li>Seb\u00e9szeti (nem mozg\u00e1sszervi) gy\u00f3gy\u00e1szati seg\u00e9deszk\u00f6z\u00f6k, k\u00f6tszerek, gy\u00f3gyszerek fel\u00edr\u00e1sa.<\/li>\n<li>Ben\u0151tt k\u00f6r\u00f6m ell\u00e1t\u00e1sa.<\/li>\n<li>Zs\u00edrdaganat (lip\u00f3ma) elt\u00e1vol\u00edt\u00e1sa.<\/li>\n<li>Sebell\u00e1t\u00e1s, sebtoilette.<\/li>\n<\/ul>\n","protected":false},"excerpt":{"rendered":"<p>A rendel\u00e9s beutal\u00f3 n\u00e9lk\u00fcl, el\u0151jegyz\u00e9s alapj\u00e1n vehet\u0151 ig\u00e9nybe! A rendel\u00e9s befejez\u00e9se el\u0151tt f\u00e9l \u00f3r\u00e1val \u00faj beteget m\u00e1r nem tudunk fogadni (csak s\u00fcrg\u0151s sz\u00fcks\u00e9g eseteiben)! El\u0151jegyz\u00e9s szem\u00e9lyesen vagy telefonon: +36 70\/502-1899, +36 70\/502-2283 h\u00e9tf\u0151 \u2013 cs\u00fct\u00f6rt\u00f6k: 09:00 \u2013 17:45 p\u00e9ntek: 09:00 \u2013 15:45 Email: gse.elojegyzes@semmelweis.hu <a href=\"https:\/\/semmelweis.hu\/betegellatas\/betegregisztracio\/\">Betegregisztr\u00e1ci\u00f3 menete \u2192<\/a> C\u00edm: G\u00f6d\u00f6ll\u0151, Pet\u0151fi S\u00e1ndor u. 1-3. f\u00f6ldszint 2. szoba (Seb\u00e9szet II-III.), &hellip;<\/p>\n","protected":false},"author":102484,"featured_media":0,"parent":20,"menu_order":0,"comment_status":"closed","ping_status":"closed","template":"","meta":{"_acf_changed":false,"footnotes":""},"categories":[4],"tags":[],"class_list":["post-148","page","type-page","status-publish","hentry","category-szakrendelesek"],"acf":[],"_links":{"self":[{"href":"https:\/\/semmelweis.hu\/godollo\/wp-json\/wp\/v2\/pages\/148","targetHints":{"allow":["GET"]}}],"collection":[{"href":"https:\/\/semmelweis.hu\/godollo\/wp-json\/wp\/v2\/pages"}],"about":[{"href":"https:\/\/semmelweis.hu\/godollo\/wp-json\/wp\/v2\/types\/page"}],"author":[{"embeddable":true,"href":"https:\/\/semmelweis.hu\/godollo\/wp-json\/wp\/v2\/users\/102484"}],"replies":[{"embeddable":true,"href":"https:\/\/semmelweis.hu\/godollo\/wp-json\/wp\/v2\/comments?post=148"}],"version-history":[{"count":11,"href":"https:\/\/semmelweis.hu\/godollo\/wp-json\/wp\/v2\/pages\/148\/revisions"}],"predecessor-version":[{"id":1691,"href":"https:\/\/semmelweis.hu\/godollo\/wp-json\/wp\/v2\/pages\/148\/revisions\/1691"}],"up":[{"embeddable":true,"href":"https:\/\/semmelweis.hu\/godollo\/wp-json\/wp\/v2\/pages\/20"}],"wp:attachment":[{"href":"https:\/\/semmelweis.hu\/godollo\/wp-json\/wp\/v2\/media?parent=148"}],"wp:term":[{"taxonomy":"category","embeddable":true,"href":"https:\/\/semmelweis.hu\/godollo\/wp-json\/wp\/v2\/categories?post=148"},{"taxonomy":"post_tag","embeddable":true,"href":"https:\/\/semmelweis.hu\/godollo\/wp-json\/wp\/v2\/tags?post=148"}],"curies":[{"name":"wp","href":"https:\/\/api.w.org\/{rel}","templated":true}]}}