{"id":144,"date":"2025-07-15T16:08:00","date_gmt":"2025-07-15T14:08:00","guid":{"rendered":"https:\/\/semmelweis.hu\/godollo\/?page_id=144"},"modified":"2026-04-27T08:33:26","modified_gmt":"2026-04-27T06:33:26","slug":"reumatologia","status":"publish","type":"page","link":"https:\/\/semmelweis.hu\/godollo\/betegellatas\/szakrendelesek\/reumatologia\/","title":{"rendered":"Reumatol\u00f3gia"},"content":{"rendered":"<div class=\"keretes w-100\">\n<h5>A rendel\u00e9s csak beutal\u00f3val \u00e9s el\u0151jegyz\u00e9s alapj\u00e1n vehet\u0151 ig\u00e9nybe!<\/h5>\n<p>NEAK k\u00f3d: 01H72141G<\/p>\n<p><strong>El\u0151jegyz\u00e9s: <\/strong>szem\u00e9lyesen a regisztr\u00e1ci\u00f3n vagy a +36 28 \/ 999 \u2013 060 telefonsz\u00e1mon k\u00e9rhet\u0151<br \/>\nh\u00e9tf\u0151t\u0151l \u2013 p\u00e9ntekig: 7:00 \u2013 15:00<\/p>\n<p>vagy az<\/p>\n<p>Eg\u00e9szs\u00e9gAblak alkalmaz\u00e1son vagy a<\/p>\n<p>1812 Eg\u00e9szs\u00e9gvonalon 6:00 &#8211; 22:00 \u00f3ra k\u00f6z\u00f6tt.<\/p>\n<p>2024. j\u00falius 1-j\u00e9t\u0151l az <strong>Eg\u00e9szs\u00e9gAblak mobilalkalmaz\u00e1son<\/strong> kereszt\u00fcl a lakoss\u00e1g sz\u00e1m\u00e1ra is el\u00e9rhet\u0151 az id\u0151pontfoglal\u00e1s, -m\u00f3dos\u00edt\u00e1s \u00e9s -lemond\u00e1s a szakrendel\u00e9sekre. Az applik\u00e1ci\u00f3s id\u0151pont-foglal\u00f3 mellett a <strong>1812 Eg\u00e9szs\u00e9gvonal<\/strong> telefonsz\u00e1mon is foglalhatnak id\u0151pontot a betegek reggel 6 \u00e9s este 10 \u00f3ra k\u00f6z\u00f6tt a h\u00e9t minden napj\u00e1n, az orsz\u00e1gb\u00f3l b\u00e1rhonnan, b\u00e1rmelyik, a J\u00e1r\u00f3beteg Ir\u00e1ny\u00edt\u00e1si Rendszerhez (JIR) m\u00e1r csatlakozott int\u00e9zm\u00e9ny szakrendel\u00e9s\u00e9re, azaz Int\u00e9zm\u00e9nyen k\u00edv\u00fcl is b\u00e1rhov\u00e1 foglalhat\u00f3 id\u0151pont, amennyiben rendelkezik beutal\u00f3val.<\/p>\n<p><strong>C\u00edm:<\/strong> G\u00f6d\u00f6ll\u0151, Pet\u0151fi S\u00e1ndor u. 1-3. 1. emelet 11. szoba \u00e9s I. emelet 9. szoba<\/p>\n<p><strong>Ell\u00e1t\u00e1si ter\u00fcletek: <\/strong>D\u00e1ny, Erd\u0151kertes, G\u00f6d\u00f6ll\u0151, Isaszeg, Kerepes, Kistarcsa, Mogyor\u00f3d, Szada, V\u00e1cszentl\u00e1szl\u00f3, Valk\u00f3, Veresegyh\u00e1z, Zs\u00e1mbok<\/p>\n<\/div>\n<p style=\"text-align: left\"><strong><span style=\"font-size: 24pt;font-family: Montserrat\">DR. MANGEL ZSOLT (KEDD, SZERDA)\u00a0<\/span><\/strong><\/p>\n<p style=\"text-align: left\"><span style=\"font-size: 14pt\"><strong><span style=\"font-family: Montserrat\">1. emelet 11. szoba<\/span><\/strong><\/span><\/p>\n<p style=\"text-align: left\"><strong><span style=\"font-size: 24pt;font-family: Montserrat\">DR. WEIDL M\u00c1RTON (P\u00c9NTEK)\u00a0<\/span><\/strong><\/p>\n<p style=\"text-align: left\"><span style=\"font-size: 14pt\"><strong><span style=\"font-family: Montserrat\">1. emelet 11. szoba<\/span><\/strong><\/span><\/p>\n<table style=\"width: 90%\">\n<thead>\n<tr>\n<td style=\"width: 402.797px\"><span style=\"font-family: Montserrat\">nap<\/span><\/td>\n<td style=\"width: 939.891px\"><span style=\"font-family: Montserrat\">id\u0151pont<\/span><\/td>\n<\/tr>\n<\/thead>\n<tbody>\n<tr>\n<td style=\"width: 402.797px\" scope=\"col\"><span style=\"font-family: Montserrat\">h\u00e9tf\u0151<\/span><\/td>\n<td style=\"width: 939.891px\"><span style=\"font-family: Montserrat\">&#8211;<\/span><\/td>\n<\/tr>\n<tr>\n<td style=\"width: 402.797px\"><span style=\"font-family: Montserrat\">kedd<\/span><\/td>\n<td style=\"width: 939.891px\"><span style=\"font-family: Montserrat\">08:00 \u2013 14:00<\/span><\/td>\n<\/tr>\n<tr>\n<td style=\"width: 402.797px\"><span style=\"font-family: Montserrat\">szerda<\/span><\/td>\n<td style=\"width: 939.891px\"><span style=\"font-family: Montserrat\">08:00 \u2013 14:00<\/span><\/td>\n<\/tr>\n<tr>\n<td style=\"width: 402.797px\"><span style=\"font-family: Montserrat\">cs\u00fct\u00f6rt\u00f6k<\/span><\/td>\n<td style=\"width: 939.891px\"><span style=\"font-family: Montserrat\">&#8211;<\/span><\/td>\n<\/tr>\n<tr>\n<td style=\"width: 402.797px\"><span style=\"font-family: Montserrat\">p\u00e9ntek<\/span><\/td>\n<td style=\"width: 939.891px\"><span style=\"font-family: Montserrat\">08:00 \u2013 14:00<\/span><\/td>\n<\/tr>\n<\/tbody>\n<\/table>\n<p>&nbsp;<\/p>\n<p style=\"text-align: left\"><span style=\"font-size: 24pt;font-family: Montserrat\"><strong>DR. IMRE KATALIN (SZERDA, P\u00c9NTEK)\u00a0<\/strong><\/span><\/p>\n<p style=\"text-align: left\"><span style=\"font-size: 14pt;font-family: Montserrat\"><strong>1. emelet 9. szoba<\/strong><\/span><\/p>\n<table style=\"width: 90%;height: 198px\">\n<thead>\n<tr style=\"height: 33px\">\n<td style=\"width: 29.9851%;height: 33px\"><span style=\"font-family: Montserrat\">nap<\/span><\/td>\n<td style=\"width: 69.9405%;height: 33px\"><span style=\"font-family: Montserrat\">id\u0151pont<\/span><\/td>\n<\/tr>\n<\/thead>\n<tbody>\n<tr style=\"height: 33px\">\n<td style=\"width: 29.9851%;height: 33px\" scope=\"col\"><span style=\"font-family: Montserrat\">h\u00e9tf\u0151<\/span><\/td>\n<td style=\"width: 69.9405%;height: 33px\"><span style=\"font-family: Montserrat\">&#8211;<\/span><\/td>\n<\/tr>\n<tr style=\"height: 33px\">\n<td style=\"width: 29.9851%;height: 33px\"><span style=\"font-family: Montserrat\">kedd<\/span><\/td>\n<td style=\"width: 69.9405%;height: 33px\"><span style=\"font-family: Montserrat\">&#8211;<\/span><\/td>\n<\/tr>\n<tr style=\"height: 33px\">\n<td style=\"width: 29.9851%;height: 33px\"><span style=\"font-family: Montserrat\">szerda<\/span><\/td>\n<td style=\"width: 69.9405%;height: 33px\"><span style=\"font-family: Montserrat\">09:30 \u2013 16:00<\/span><\/td>\n<\/tr>\n<tr style=\"height: 33px\">\n<td style=\"width: 29.9851%;height: 33px\"><span style=\"font-family: Montserrat\">cs\u00fct\u00f6rt\u00f6k<\/span><\/td>\n<td style=\"width: 69.9405%;height: 33px\"><span style=\"font-family: Montserrat\">&#8211;<\/span><\/td>\n<\/tr>\n<tr style=\"height: 33px\">\n<td style=\"width: 29.9851%;height: 33px\"><span style=\"font-family: Montserrat\">p\u00e9ntek<\/span><\/td>\n<td style=\"width: 69.9405%;height: 33px\"><span style=\"font-family: Montserrat\">09:30 \u2013 16:00<\/span><\/td>\n<\/tr>\n<\/tbody>\n<\/table>\n<h3><span style=\"color: #ff0000;font-size: 14pt\">Szabads\u00e1g: 2026. j\u00fanius 03-a \u00e9s 05-e<\/span><\/h3>\n<h3>Mivel foglalkozik a reumatol\u00f3gus?<\/h3>\n<p>A reumatol\u00f3gia a mozg\u00e1sszervek, vagyis a gerinc, a csontok, a porcok, az \u00edz\u00fcletek \u00e9s inak, izmok konzervat\u00edv (nem m\u0171t\u00e9ti) kezel\u00e9s\u00e9vel foglalkozik. A mozg\u00e1sszervek gyullad\u00e1sos, autoimmun \u00e9s kop\u00e1sos eredet\u0171 megbeteged\u00e9sei \u00e9s az anyagcserezavarok, p\u00e9ld\u00e1ul a csontritkul\u00e1s kezel\u00e9se is a reumatol\u00f3gia m\u0171k\u00f6d\u00e9si ter\u00fclet\u00e9hez tartozik.<\/p>\n<h3>Milyen panaszokkal \u00e9rdemes reumatol\u00f3giai szakrendel\u00e9shez fordulni?<\/h3>\n<p>Minden olyan mozg\u00e1sszervi panasszal, amely t\u00f6bb h\u00e9ten \u00e1t elh\u00faz\u00f3dik, \u00e9s a mozg\u00e1s\u00e1ban akad\u00e1lyozza vagy f\u00e1jdalommal, zsibbad\u00e1ssal, \u00edz\u00fcleti merevs\u00e9ggel j\u00e1r. P\u00e9ld\u00e1ul: b\u00e1rmelyik \u00edz\u00fclet\u00e9ben (cs\u00edp\u0151, v\u00e1ll, t\u00e9rd, k\u00f6ny\u00f6k, boka stb.) k\u00e9t h\u00e9tn\u00e9l hosszabban merevs\u00e9get, f\u00e1jdalmat \u00e9rez vagy gerinct\u00e1ji f\u00e1jdalmai vannak, tart\u00f3s der\u00e9k- vagy h\u00e1tf\u00e1j\u00e1st\u00f3l szenved, ha v\u00e9gtagprobl\u00e9m\u00e1i, f\u00e1jdalmai vannak, p\u00e9ld\u00e1ul \u00ednh\u00fcvelygyullad\u00e1s, befagyott v\u00e1ll, teniszk\u00f6ny\u00f6k, kalap\u00e1csujj, sarkanty\u00fa.<\/p>\n","protected":false},"excerpt":{"rendered":"<p>A rendel\u00e9s csak beutal\u00f3val \u00e9s el\u0151jegyz\u00e9s alapj\u00e1n vehet\u0151 ig\u00e9nybe! NEAK k\u00f3d: 01H72141G El\u0151jegyz\u00e9s: szem\u00e9lyesen a regisztr\u00e1ci\u00f3n vagy a +36 28 \/ 999 \u2013 060 telefonsz\u00e1mon k\u00e9rhet\u0151 h\u00e9tf\u0151t\u0151l \u2013 p\u00e9ntekig: 7:00 \u2013 15:00 vagy az Eg\u00e9szs\u00e9gAblak alkalmaz\u00e1son vagy a 1812 Eg\u00e9szs\u00e9gvonalon 6:00 &#8211; 22:00 \u00f3ra k\u00f6z\u00f6tt. 2024. j\u00falius 1-j\u00e9t\u0151l az Eg\u00e9szs\u00e9gAblak mobilalkalmaz\u00e1son kereszt\u00fcl a lakoss\u00e1g sz\u00e1m\u00e1ra &hellip;<\/p>\n","protected":false},"author":102484,"featured_media":0,"parent":20,"menu_order":0,"comment_status":"closed","ping_status":"closed","template":"","meta":{"_acf_changed":false,"footnotes":""},"categories":[4],"tags":[],"class_list":["post-144","page","type-page","status-publish","hentry","category-szakrendelesek"],"acf":[],"_links":{"self":[{"href":"https:\/\/semmelweis.hu\/godollo\/wp-json\/wp\/v2\/pages\/144","targetHints":{"allow":["GET"]}}],"collection":[{"href":"https:\/\/semmelweis.hu\/godollo\/wp-json\/wp\/v2\/pages"}],"about":[{"href":"https:\/\/semmelweis.hu\/godollo\/wp-json\/wp\/v2\/types\/page"}],"author":[{"embeddable":true,"href":"https:\/\/semmelweis.hu\/godollo\/wp-json\/wp\/v2\/users\/102484"}],"replies":[{"embeddable":true,"href":"https:\/\/semmelweis.hu\/godollo\/wp-json\/wp\/v2\/comments?post=144"}],"version-history":[{"count":14,"href":"https:\/\/semmelweis.hu\/godollo\/wp-json\/wp\/v2\/pages\/144\/revisions"}],"predecessor-version":[{"id":1946,"href":"https:\/\/semmelweis.hu\/godollo\/wp-json\/wp\/v2\/pages\/144\/revisions\/1946"}],"up":[{"embeddable":true,"href":"https:\/\/semmelweis.hu\/godollo\/wp-json\/wp\/v2\/pages\/20"}],"wp:attachment":[{"href":"https:\/\/semmelweis.hu\/godollo\/wp-json\/wp\/v2\/media?parent=144"}],"wp:term":[{"taxonomy":"category","embeddable":true,"href":"https:\/\/semmelweis.hu\/godollo\/wp-json\/wp\/v2\/categories?post=144"},{"taxonomy":"post_tag","embeddable":true,"href":"https:\/\/semmelweis.hu\/godollo\/wp-json\/wp\/v2\/tags?post=144"}],"curies":[{"name":"wp","href":"https:\/\/api.w.org\/{rel}","templated":true}]}}

Reumatológia

<div class="keretes w-100">
<h5>A rendelés csak beutalóval és előjegyzés alapján vehető igénybe!</h5>
<p>NEAK kód: 01H72141G</p>
<p><strong>Előjegyzés: </strong>személyesen a regisztráción vagy a +36 28 / 999 – 060 telefonszámon kérhető<br />
hétfőtől – péntekig: 7:00 – 15:00</p>
<p>vagy az</p>
<p>EgészségAblak alkalmazáson vagy a</p>
<p>1812 Egészségvonalon 6:00 &#8211; 22:00 óra között.</p>
<p>2024. július 1-jétől az <strong>EgészségAblak mobilalkalmazáson</strong> keresztül a lakosság számára is elérhető az időpontfoglalás, -módosítás és -lemondás a szakrendelésekre. Az applikációs időpont-foglaló mellett a <strong>1812 Egészségvonal</strong> telefonszámon is foglalhatnak időpontot a betegek reggel 6 és este 10 óra között a hét minden napján, az országból bárhonnan, bármelyik, a Járóbeteg Irányítási Rendszerhez (JIR) már csatlakozott intézmény szakrendelésére, azaz Intézményen kívül is bárhová foglalható időpont, amennyiben rendelkezik beutalóval.</p>
<p><strong>Cím:</strong> Gödöllő, Petőfi Sándor u. 1-3. 1. emelet 11. szoba és I. emelet 9. szoba</p>
<p><strong>Ellátási területek: </strong>Dány, Erdőkertes, Gödöllő, Isaszeg, Kerepes, Kistarcsa, Mogyoród, Szada, Vácszentlászló, Valkó, Veresegyház, Zsámbok</p>
</div>
<p style="text-align: left"><strong><span style="font-size: 24pt;font-family: Montserrat">DR. MANGEL ZSOLT (KEDD, SZERDA) </span></strong></p>
<p style="text-align: left"><span style="font-size: 14pt"><strong><span style="font-family: Montserrat">1. emelet 11. szoba</span></strong></span></p>
<p style="text-align: left"><strong><span style="font-size: 24pt;font-family: Montserrat">DR. WEIDL MÁRTON (PÉNTEK) </span></strong></p>
<p style="text-align: left"><span style="font-size: 14pt"><strong><span style="font-family: Montserrat">1. emelet 11. szoba</span></strong></span></p>
<table style="width: 90%">
<thead>
<tr>
<td style="width: 402.797px"><span style="font-family: Montserrat">nap</span></td>
<td style="width: 939.891px"><span style="font-family: Montserrat">időpont</span></td>
</tr>
</thead>
<tbody>
<tr>
<td style="width: 402.797px" scope="col"><span style="font-family: Montserrat">hétfő</span></td>
<td style="width: 939.891px"><span style="font-family: Montserrat">&#8211;</span></td>
</tr>
<tr>
<td style="width: 402.797px"><span style="font-family: Montserrat">kedd</span></td>
<td style="width: 939.891px"><span style="font-family: Montserrat">08:00 – 14:00</span></td>
</tr>
<tr>
<td style="width: 402.797px"><span style="font-family: Montserrat">szerda</span></td>
<td style="width: 939.891px"><span style="font-family: Montserrat">08:00 – 14:00</span></td>
</tr>
<tr>
<td style="width: 402.797px"><span style="font-family: Montserrat">csütörtök</span></td>
<td style="width: 939.891px"><span style="font-family: Montserrat">&#8211;</span></td>
</tr>
<tr>
<td style="width: 402.797px"><span style="font-family: Montserrat">péntek</span></td>
<td style="width: 939.891px"><span style="font-family: Montserrat">08:00 – 14:00</span></td>
</tr>
</tbody>
</table>
<p>&nbsp;</p>
<p style="text-align: left"><span style="font-size: 24pt;font-family: Montserrat"><strong>DR. IMRE KATALIN (SZERDA, PÉNTEK) </strong></span></p>
<p style="text-align: left"><span style="font-size: 14pt;font-family: Montserrat"><strong>1. emelet 9. szoba</strong></span></p>
<table style="width: 90%;height: 198px">
<thead>
<tr style="height: 33px">
<td style="width: 29.9851%;height: 33px"><span style="font-family: Montserrat">nap</span></td>
<td style="width: 69.9405%;height: 33px"><span style="font-family: Montserrat">időpont</span></td>
</tr>
</thead>
<tbody>
<tr style="height: 33px">
<td style="width: 29.9851%;height: 33px" scope="col"><span style="font-family: Montserrat">hétfő</span></td>
<td style="width: 69.9405%;height: 33px"><span style="font-family: Montserrat">&#8211;</span></td>
</tr>
<tr style="height: 33px">
<td style="width: 29.9851%;height: 33px"><span style="font-family: Montserrat">kedd</span></td>
<td style="width: 69.9405%;height: 33px"><span style="font-family: Montserrat">&#8211;</span></td>
</tr>
<tr style="height: 33px">
<td style="width: 29.9851%;height: 33px"><span style="font-family: Montserrat">szerda</span></td>
<td style="width: 69.9405%;height: 33px"><span style="font-family: Montserrat">09:30 – 16:00</span></td>
</tr>
<tr style="height: 33px">
<td style="width: 29.9851%;height: 33px"><span style="font-family: Montserrat">csütörtök</span></td>
<td style="width: 69.9405%;height: 33px"><span style="font-family: Montserrat">&#8211;</span></td>
</tr>
<tr style="height: 33px">
<td style="width: 29.9851%;height: 33px"><span style="font-family: Montserrat">péntek</span></td>
<td style="width: 69.9405%;height: 33px"><span style="font-family: Montserrat">09:30 – 16:00</span></td>
</tr>
</tbody>
</table>
<h3><span style="color: #ff0000;font-size: 14pt">Szabadság: 2026. június 03-a és 05-e</span></h3>
<h3>Mivel foglalkozik a reumatológus?</h3>
<p>A reumatológia a mozgásszervek, vagyis a gerinc, a csontok, a porcok, az ízületek és inak, izmok konzervatív (nem műtéti) kezelésével foglalkozik. A mozgásszervek gyulladásos, autoimmun és kopásos eredetű megbetegedései és az anyagcserezavarok, például a csontritkulás kezelése is a reumatológia működési területéhez tartozik.</p>
<h3>Milyen panaszokkal érdemes reumatológiai szakrendeléshez fordulni?</h3>
<p>Minden olyan mozgásszervi panasszal, amely több héten át elhúzódik, és a mozgásában akadályozza vagy fájdalommal, zsibbadással, ízületi merevséggel jár. Például: bármelyik ízületében (csípő, váll, térd, könyök, boka stb.) két hétnél hosszabban merevséget, fájdalmat érez vagy gerinctáji fájdalmai vannak, tartós derék- vagy hátfájástól szenved, ha végtagproblémái, fájdalmai vannak, például ínhüvelygyulladás, befagyott váll, teniszkönyök, kalapácsujj, sarkantyú.</p>

<p>A rendelés csak beutalóval és előjegyzés alapján vehető igénybe! NEAK kód: 01H72141G Előjegyzés: személyesen a regisztráción vagy a +36 28 / 999 – 060 telefonszámon kérhető hétfőtől – péntekig: 7:00 – 15:00 vagy az EgészségAblak alkalmazáson vagy a 1812 Egészségvonalon 6:00 &#8211; 22:00 óra között. 2024. július 1-jétől az EgészségAblak mobilalkalmazáson keresztül a lakosság számára &hellip;</p>
