{"id":1387,"date":"2026-01-08T12:45:29","date_gmt":"2026-01-08T11:45:29","guid":{"rendered":"https:\/\/semmelweis.hu\/godollo\/?page_id=1387"},"modified":"2026-03-24T09:39:23","modified_gmt":"2026-03-24T08:39:23","slug":"sportorvos","status":"publish","type":"page","link":"https:\/\/semmelweis.hu\/godollo\/betegellatas\/szakrendelesek\/sportorvos\/","title":{"rendered":"Sportorvosi vizsg\u00e1lat \u00e9s enged\u00e9lykiad\u00e1s"},"content":{"rendered":"<div class=\"keretes w-100\">\n<h2>Sportorvosi vizsg\u00e1lat \u00e9s sportorvosi enged\u00e9lyek kiad\u00e1sa\u00a0<\/h2>\n<p><strong><span style=\"font-family: Montserrat;\">A sportorvosi vizsg\u00e1latra az ell\u00e1t\u00e1si ter\u00fcleten bel\u00fcl \u00e9l\u0151<span style=\"color: #ff6600;\"> 12 \u00e9v feletti<\/span> sportol\u00f3k jelentkezhetnek.\u00a0<\/span><\/strong><\/p>\n<p><span style=\"font-family: Montserrat;\">Id\u0151pontok:<\/span><\/p>\n<ul>\n<li><span style=\"font-family: Montserrat;\"><strong>2026. \u00e1prilis 9. 9:00 \u00e9s 14:30 k\u00f6z\u00f6tt<\/strong><\/span><\/li>\n<li><span style=\"font-family: Montserrat;\"><strong>2026. \u00e1prilis 23. 9:00 \u00e9s 14:30 k\u00f6z\u00f6tt<\/strong><\/span><\/li>\n<\/ul>\n<p><span style=\"font-family: Montserrat;\">Helysz\u00edn: <strong>G\u00f6d\u00f6ll\u0151, Pet\u0151fi S\u00e1ndor utca 1-3. f\u00f6ldszint 1. szoba <\/strong>(Kardiol\u00f3giai rendel\u0151)<\/span><\/p>\n<p style=\"text-align: center;\"><strong><span style=\"font-family: Montserrat;\">A sportorvosi vizsg\u00e1laton val\u00f3 r\u00e9szv\u00e9telhez <a href=\"https:\/\/elojegyzes.meditime.hu\/AmbulanceCalendar\/73\/603\/aeeb52e2-28c9-4ae6-8473-a90894adf86d\" target=\"_blank\" rel=\"noopener\">el\u0151zetes id\u0151pontfoglal\u00e1s<\/a> sz\u00fcks\u00e9ges!\u00a0<br \/>\n<\/span><\/strong><span style=\"font-family: Montserrat; font-size: 14pt;\">K\u00e9rj\u00fck, ha a vizsg\u00e1laton m\u00e9gsem tud megjelenni, az id\u0151pontot el\u0151zetesen mondja le, \u00edgy m\u00e1s ig\u00e9nybe veheti a lehet\u0151s\u00e9get.<\/span><\/p>\n<p><span style=\"font-family: Montserrat;\"><strong>Ell\u00e1t\u00e1si ter\u00fclet:<\/strong> <\/span><span style=\"font-family: Montserrat;\">G\u00f6d\u00f6ll\u0151, Isaszeg, Kerepes, Kistarcsa, P\u00e9cel, Veresegyh\u00e1z, Cs\u00f6m\u00f6r, Mogyor\u00f3d, Valk\u00f3, D\u00e1ny, Erd\u0151kertes, Nagytarcsa, Szada, V\u00e1cszentl\u00e1szl\u00f3, <\/span><span style=\"font-family: Montserrat;\">Zs\u00e1mbok<\/span><strong><span style=\"font-family: Montserrat;\"><br \/>\n<\/span><\/strong><\/p>\n<\/div>\n<h3>Milyen dokumentumokat kell a vizsg\u00e1latra hozni?<\/h3>\n<ul>\n<li>\n<p><strong>Szem\u00e9lyazonoss\u00e1got igazol\u00f3 okm\u00e1ny, TAJ-k\u00e1rtya, lakc\u00edmk\u00e1rtya <\/strong>&#8211;<span style=\"color: #ff6600;\"><strong> elengedhetetlen<\/strong><\/span>;<\/p>\n<\/li>\n<li>\n<p><strong>Sportorvosi vizsg\u00e1lati k\u00e9rd\u0151\u00edv kinyomtatva, kit\u00f6ltve, al\u00e1\u00edrva &#8211;<span style=\"color: #ff6600;\"><strong style=\"font-size: 1rem;\"> elengedhetetlen<\/strong><\/span><br \/>\n<\/strong><a href=\"https:\/\/osei.hu\/images\/downloads\/Sportoli-krdv-20230201-szerkeszthet.pdf\" target=\"_blank\" rel=\"noopener\">A k\u00e9rd\u0151\u00edv az OSEI honlapj\u00e1r\u00f3l let\u00f6lthet\u0151<\/a>. 18 \u00e9v alattiak eset\u00e9ben t\u00f6rv\u00e9nyes k\u00e9pvisel\u0151nek is al\u00e1 kell \u00edrnia a k\u00e9rd\u0151\u00edvet;<\/p>\n<\/li>\n<li>\n<p><strong>El\u0151zetes szakorvosi alkalmass\u00e1gi igazol\u00e1s (leletek) &#8211; <span style=\"color: #ff6600;\">sport\u00e1gank\u00e9nt v\u00e1ltoz\u00f3an sz\u00fcks\u00e9ges<\/span>;\u00a0<br \/>\n<\/strong>\u00a0Az adott sport\u00e1gn\u00e1l el\u0151\u00edrt szakorvosi alkalmass\u00e1gi igazol\u00e1s (pl. szem\u00e9szet, f\u00fcl-orr-g\u00e9g\u00e9szet, ortop\u00e9dia, neurol\u00f3gia stb.). R\u00e9szletek <a href=\"https:\/\/osei.hu\/orszagos-sportorvosi-halozat\/tudnivalok-a-sportorvosi-vizsgalatokrol\/sportorvosi-vizsgalati-protokollok.html\" target=\"_blank\" rel=\"noopener\">a sportorvosi t\u00e1j\u00e9koztat\u00f3<\/a>\u00a06-7. oldal\u00e1n olvashat\u00f3k. <em>P\u00e9ld\u00e1ul labdaj\u00e1t\u00e9kok eset\u00e9n szem\u00e9szeti vizsg\u00e1lat, k\u00fczd\u0151sportok eset\u00e9n az els\u0151 vizsg\u00e1lat el\u0151tt neurol\u00f3giai vizsg\u00e1lat elv\u00e9gz\u00e9se sz\u00fcks\u00e9ges.<\/em>\u00a0<\/p>\n<\/li>\n<li>\n<p><span style=\"font-size: 1rem;\">Amennyiben a sport\u00e1g megk\u00f6veteli a pap\u00edralap\u00fa pecs\u00e9tet, a vizsg\u00e1lat sor\u00e1n el kell hozni a <strong>sportol\u00f3i kisk\u00f6nyvet\/k\u00e1rty\u00e1t<\/strong>. <strong>Ut\u00f3lagos pecs\u00e9tel\u00e9sre nincs lehet\u0151s\u00e9g!<\/strong>\u00a0<\/span><\/p>\n<\/li>\n<li>\n<p><strong>35 \u00e9v felett<\/strong> <strong>hozott labor lelet &#8211; nem lehet 3 h\u00f3napn\u00e1l r\u00e9gebbi<\/strong>\u00a0&#8211;<span style=\"color: #ff6600;\"><strong> elengedhetetlen\u00a0<br \/>\n<\/strong><\/span>teljes v\u00e9rk\u00e9p, v\u00e9rcukor, \u00f6ssz-koleszterin, triglicerid, LDL-koleszterin, HDLkoleszterin, h\u00fagysav, GFR ;<\/p>\n<\/li>\n<li>\n<p><strong>70 \u00e9ves kor felett kock\u00e1zati t\u00e9nyez\u0151k fenn\u00e1ll\u00e1sa eset\u00e9n kieg\u00e9sz\u00edt\u0151 szakorvosi vizsg\u00e1latokat <\/strong>k\u00e9rhet a sportorvos a sportorvosi enged\u00e9ly megad\u00e1sa el\u0151tt.<strong><br \/>\n<\/strong>(Kock\u00e1zati t\u00e9nyez\u0151 lehet p\u00e9ld\u00e1ul: cardiovascularis betegs\u00e9g, diabetes mellitus, kr\u00f3nikus vesebetegs\u00e9g)<strong><br \/>\n<\/strong><\/p>\n<\/li>\n<li><strong>Kor\u00e1bbi relev\u00e1ns szakorvosi vizsg\u00e1latok:<\/strong> amennyiben fenn\u00e1ll b\u00e1rmilyen kr\u00f3nikus betegs\u00e9g vagy kor\u00e1bbi s\u00e9r\u00fcl\u00e9s, az ehhez kapcsol\u00f3d\u00f3 orvosi dokumentumokat is hozza mag\u00e1val pap\u00edr alapon, illetve r\u00e9szletezze azokat a sportorvosi k\u00e9rd\u0151\u00edven.<\/li>\n<\/ul>\n<p style=\"text-align: center;\"><a class=\"btn btn-secondary btn-lg\" href=\"https:\/\/elojegyzes.meditime.hu\/AmbulanceCalendar\/73\/603\/aeeb52e2-28c9-4ae6-8473-a90894adf86d\" target=\"_blank\" rel=\"noopener\">ID\u0150PONTOT FOGLALOK<\/a><\/p>\n<h3>Mit jelent a sportorvosi versenyenged\u00e9ly?<\/h3>\n<p>Magyarorsz\u00e1gon a jelenleg \u00e9rv\u00e9nyben l\u00e9v\u0151 szab\u00e1lyoz\u00e1s szerint a versenyszer\u0171 sportol\u00e1shoz sportorvosi enged\u00e9ly sz\u00fcks\u00e9ges. <br \/>\nA sportorvosi alkalmass\u00e1gi sz\u0171r\u0151vizsg\u00e1lat sor\u00e1n kisz\u0171r\u00e9sre ker\u00fclhetnek olyan eg\u00e9szs\u00e9g\u00fcgyi probl\u00e9m\u00e1k, melyek fokozott rizik\u00f3t jelenthetnek egy adott sport\u00e1g versenyszer\u0171 gyakorl\u00e1sa eset\u00e9n.<\/p>\n<p><em><span style=\"font-family: Montserrat;\">A vizsg\u00e1latokat a Semmelweis Egyetem szakemberei v\u00e9gezik az Orsz\u00e1gos Sporteg\u00e9szs\u00e9g\u00fcgyi Int\u00e9zettel (OSEI) egy\u00fcttm\u0171k\u00f6d\u00e9sben.\u00a0<\/span><\/em><\/p>\n<h3>Meddig \u00e9rv\u00e9nyes az enged\u00e9ly?<\/h3>\n<ul>\n<li><strong>16 \u00e9ves kor alatt f\u00e9l \u00e9vig <\/strong>(kiad\u00e1st\u00f3l sz\u00e1m\u00edtva)\u00a0<\/li>\n<li><strong>16 \u00e9ves kor felett a sz\u00fclet\u00e9snaphoz igaz\u00edtva egy \u00e9vig<\/strong><\/li>\n<li><strong>70 \u00e9ves kor felett a sportorvosi sz\u0171r\u0151vizsg\u00e1latot f\u00e9l\u00e9vente kell elv\u00e9gezni. <\/strong><\/li>\n<\/ul>\n<h3>Hogyan kell k\u00e9sz\u00fclni a vizsg\u00e1latra?<\/h3>\n<p>A sportorvosi vizsg\u00e1latot a <a href=\"https:\/\/osei.hu\/orszagos-sportorvosi-halozat\/tudnivalok-a-sportorvosi-vizsgalatokrol\/sportorvosi-vizsgalati-protokollok.html\" target=\"_blank\" rel=\"noopener\">Sportorvosi Szakmai Koll\u00e9gium \u00e1ltal kiadott protokoll<\/a> szerint v\u00e9gezz\u00fck, kiemelt figyelmet ford\u00edtva a sportol\u00f3 \u00e9letkor\u00e1ra \u00e9s a v\u00e1lasztott sport\u00e1gra <em>(l\u00e1sd a vizsg\u00e1lathoz sz\u00fcks\u00e9ges el\u0151zetes dokumentumok list\u00e1j\u00e1t fentebb)<\/em>.<\/p>\n<ul>\n<li>\n<p><strong>Anamn\u00e9zis felv\u00e9tel:<\/strong>\u00a0sportorvosi k\u00e9rd\u0151\u00edv alapj\u00e1n szem\u00e9lyes \u00e9s csal\u00e1di anamn\u00e9zis, esetleges panaszok, sportol\u00e1s k\u00f6zben \u00e9szlelt t\u00fcnetek<\/p>\n<\/li>\n<li>\n<p><strong>Fizik\u00e1lis vizsg\u00e1lat, v\u00e9rnyom\u00e1sm\u00e9r\u00e9s<\/strong><\/p>\n<\/li>\n<li>\n<p><strong>Vizelet teszt:<\/strong>\u00a0a vizsg\u00e1lat el\u0151tt a helysz\u00ednen vizelet mint\u00e1t sz\u00fcks\u00e9ges adni, \u00edgy a vizsg\u00e1lat el\u0151tt egy \u00f3r\u00e1val javasolt a b\u0151 folyad\u00e9kfogyaszt\u00e1s.\u00a0<\/p>\n<\/li>\n<li>\n<p><strong>EKG-vizsg\u00e1lat:<\/strong> nyugalmi 12-elvezet\u00e9ses EKG-vizsg\u00e1lat\u00a0<\/p>\n<\/li>\n<\/ul>\n<h3>A versenyenged\u00e9ly \/ igazol\u00e1s ki\u00e1ll\u00edt\u00e1sa<\/h3>\n<ul>\n<li>\n<p>Az \u00e9rv\u00e9nyes versenyenged\u00e9lyek a vizsg\u00e1latot k\u00f6vet\u0151en felker\u00fclnek az OSEI rendszer\u00e9be. <em>Ez nincs \u00f6sszek\u00f6ttet\u00e9sben az EESZ-t rendszerrel, \u00edgy oda a vizsg\u00e1lat dokument\u00e1ci\u00f3ja \u00e9s az igazol\u00e1s nem ker\u00fclnek fel.<\/em><\/p>\n<\/li>\n<li>\n<p>Iskolai igazol\u00e1s ki\u00e1ll\u00edt\u00e1s\u00e1ra a helysz\u00ednen nincs lehet\u0151s\u00e9g. Amennyiben az iskola pap\u00edralap\u00fa igazol\u00e1st biztos\u00edt, sportorvosaink igazolj\u00e1k a hi\u00e1nyz\u00e1st.<\/p>\n<\/li>\n<\/ul>\n<h3>Lehets\u00e9ges d\u00edjak<\/h3>\n<ul>\n<li>\n<p>A <strong>rendel\u0151ben, rendel\u00e9si id\u0151ben v\u00e9gzett <\/strong>sportorvosi vizsg\u00e1lat d\u00edja \u00e9rv\u00e9nyes TAJ sz\u00e1mmal, amat\u0151r sportol\u00f3k r\u00e9sz\u00e9re <strong>ingyenes<\/strong>.<\/p>\n<\/li>\n<li>\n<p>Az \u00e9rv\u00e9nyes magyar <strong>eg\u00e9szs\u00e9gbiztos\u00edt\u00e1ssal (TAJ sz\u00e1mmal) nem rendelkez\u0151 amat\u0151r sportol\u00f3 sportorvosi rendel\u0151ben <\/strong>t\u00f6rt\u00e9n\u0151 vizsg\u00e1lat\u00e1nak d\u00edja: <strong>10.405.- Ft\/f\u0151<\/strong>. <span style=\"color: #ff6600;\"><strong>Kiz\u00e1r\u00f3lag k\u00e9szp\u00e9nzes fizet\u00e9sre van lehet\u0151s\u00e9g!<\/strong><\/span> A befizet\u00e9sr\u0151l nyugt\u00e1t \u00e1ll\u00edtunk ki.<\/p>\n<\/li>\n<\/ul>\n<div class=\"fontos_div\">\n<p>Eg\u00e9szs\u00e9gk\u00f6zpontunkban a j\u00f6v\u0151ben havi rendszeress\u00e9ggel \u00e1lland\u00f3 rendel\u00e9sen biztos\u00edtjuk majd a sportorvosi vizsg\u00e1latokat.<\/p>\n<\/div>\n","protected":false},"excerpt":{"rendered":"<p>Sportorvosi vizsg\u00e1lat \u00e9s sportorvosi enged\u00e9lyek kiad\u00e1sa\u00a0 A sportorvosi vizsg\u00e1latra az ell\u00e1t\u00e1si ter\u00fcleten bel\u00fcl \u00e9l\u0151 12 \u00e9v feletti sportol\u00f3k jelentkezhetnek.\u00a0 Id\u0151pontok: 2026. \u00e1prilis 9. 9:00 \u00e9s 14:30 k\u00f6z\u00f6tt 2026. \u00e1prilis 23. 9:00 \u00e9s 14:30 k\u00f6z\u00f6tt Helysz\u00edn: G\u00f6d\u00f6ll\u0151, Pet\u0151fi S\u00e1ndor utca 1-3. f\u00f6ldszint 1. szoba (Kardiol\u00f3giai rendel\u0151) A sportorvosi vizsg\u00e1laton val\u00f3 r\u00e9szv\u00e9telhez <a href=\"https:\/\/elojegyzes.meditime.hu\/AmbulanceCalendar\/73\/603\/aeeb52e2-28c9-4ae6-8473-a90894adf86d\" target=\"_blank\" rel=\"noopener\">el\u0151zetes id\u0151pontfoglal\u00e1s<\/a> sz\u00fcks\u00e9ges!\u00a0 K\u00e9rj\u00fck, ha a vizsg\u00e1laton &hellip;<\/p>\n","protected":false},"author":12,"featured_media":0,"parent":20,"menu_order":0,"comment_status":"closed","ping_status":"closed","template":"template-fullwidth.php","meta":{"_acf_changed":false,"footnotes":""},"categories":[4],"tags":[],"class_list":["post-1387","page","type-page","status-publish","hentry","category-szakrendelesek"],"acf":[],"_links":{"self":[{"href":"https:\/\/semmelweis.hu\/godollo\/wp-json\/wp\/v2\/pages\/1387","targetHints":{"allow":["GET"]}}],"collection":[{"href":"https:\/\/semmelweis.hu\/godollo\/wp-json\/wp\/v2\/pages"}],"about":[{"href":"https:\/\/semmelweis.hu\/godollo\/wp-json\/wp\/v2\/types\/page"}],"author":[{"embeddable":true,"href":"https:\/\/semmelweis.hu\/godollo\/wp-json\/wp\/v2\/users\/12"}],"replies":[{"embeddable":true,"href":"https:\/\/semmelweis.hu\/godollo\/wp-json\/wp\/v2\/comments?post=1387"}],"version-history":[{"count":10,"href":"https:\/\/semmelweis.hu\/godollo\/wp-json\/wp\/v2\/pages\/1387\/revisions"}],"predecessor-version":[{"id":1766,"href":"https:\/\/semmelweis.hu\/godollo\/wp-json\/wp\/v2\/pages\/1387\/revisions\/1766"}],"up":[{"embeddable":true,"href":"https:\/\/semmelweis.hu\/godollo\/wp-json\/wp\/v2\/pages\/20"}],"wp:attachment":[{"href":"https:\/\/semmelweis.hu\/godollo\/wp-json\/wp\/v2\/media?parent=1387"}],"wp:term":[{"taxonomy":"category","embeddable":true,"href":"https:\/\/semmelweis.hu\/godollo\/wp-json\/wp\/v2\/categories?post=1387"},{"taxonomy":"post_tag","embeddable":true,"href":"https:\/\/semmelweis.hu\/godollo\/wp-json\/wp\/v2\/tags?post=1387"}],"curies":[{"name":"wp","href":"https:\/\/api.w.org\/{rel}","templated":true}]}}