{"id":95162,"date":"2025-12-05T08:45:44","date_gmt":"2025-12-05T07:45:44","guid":{"rendered":"https:\/\/semmelweis.hu\/gfi\/?page_id=95162"},"modified":"2025-12-11T16:32:59","modified_gmt":"2025-12-11T15:32:59","slug":"adatvedelem","status":"publish","type":"page","link":"https:\/\/semmelweis.hu\/gfi\/altalanos-informaciok\/adatvedelem\/","title":{"rendered":"Adatv\u00e9delem"},"content":{"rendered":"<p><a href=\"https:\/\/semmelweis.hu\/gfi\/files\/2025\/12\/Adatkezelesi-tajekoztato.pdf\">Adatkezel\u00e9si t\u00e1j\u00e9koztat\u00f3<\/a><\/p>\n<p><a href=\"https:\/\/semmelweis.hu\/gfi\/files\/2025\/12\/1.-Adatkezelesi-nyilvantartas-ADL-PVGFI_adminisztracio.xlsx\">Adatkezel\u00e9si nyilv\u00e1ntart\u00e1s &#8211; PVGFI adminisztr\u00e1ci\u00f3<\/a><\/p>\n<p><a href=\"https:\/\/semmelweis.hu\/gfi\/files\/2025\/12\/1.-Adatkezelesi-nyilvantartas-ADL-PVGFI_munkaugy.xlsx\">Adatkezel\u00e9si nyilv\u00e1ntart\u00e1s &#8211; PVGFI munka\u00fcgy<\/a><\/p>\n<p><a href=\"https:\/\/semmelweis.hu\/gfi\/files\/2025\/12\/1.-Adatkezelesi-nyilvantartas-ADL-PVGFI_palyazatkezeles.xlsx\">Adatkezel\u00e9si nyilv\u00e1ntart\u00e1s &#8211; PVGFI p\u00e1ly\u00e1zatkezel\u00e9s<\/a><\/p>\n<p><a href=\"https:\/\/semmelweis.hu\/gfi\/files\/2025\/12\/1.-Adatkezelesi-nyilvantartas-ADL-PVGFI_penzugy.xlsx\">Adatkezel\u00e9si nyilv\u00e1ntart\u00e1s &#8211; PVGFI p\u00e9nz\u00fcgy<\/a><\/p>\n<p><a href=\"https:\/\/semmelweis.hu\/gfi\/files\/2025\/12\/1.-Adatkezelesi-nyilvantartas-ADL-PVGFI_vagyongazdalkodas.xlsx\">Adatkezel\u00e9si nyilv\u00e1ntart\u00e1s &#8211; PVGFI vagyongazd\u00e1lkod\u00e1s<\/a><\/p>\n<p>&nbsp;<\/p>\n","protected":false},"excerpt":{"rendered":"<p><a href=\"https:\/\/semmelweis.hu\/gfi\/files\/2025\/12\/Adatkezelesi-tajekoztato.pdf\">Adatkezel\u00e9si t\u00e1j\u00e9koztat\u00f3<\/a><br \/>\n<a href=\"https:\/\/semmelweis.hu\/gfi\/files\/2025\/12\/1.-Adatkezelesi-nyilvantartas-ADL-PVGFI_adminisztracio.xlsx\">Adatkezel\u00e9si nyilv\u00e1ntart\u00e1s &#8211; PVGFI adminisztr\u00e1ci\u00f3<\/a><br \/>\n<a href=\"https:\/\/semmelweis.hu\/gfi\/files\/2025\/12\/1.-Adatkezelesi-nyilvantartas-ADL-PVGFI_munkaugy.xlsx\">Adatkezel\u00e9si nyilv\u00e1ntart\u00e1s &#8211; PVGFI munka\u00fcgy<\/a><br \/>\n<a href=\"https:\/\/semmelweis.hu\/gfi\/files\/2025\/12\/1.-Adatkezelesi-nyilvantartas-ADL-PVGFI_palyazatkezeles.xlsx\">Adatkezel\u00e9si nyilv\u00e1ntart\u00e1s &#8211; PVGFI p\u00e1ly\u00e1zatkezel\u00e9s<\/a><br \/>\n<a href=\"https:\/\/semmelweis.hu\/gfi\/files\/2025\/12\/1.-Adatkezelesi-nyilvantartas-ADL-PVGFI_penzugy.xlsx\">Adatkezel\u00e9si nyilv\u00e1ntart\u00e1s &#8211; PVGFI p\u00e9nz\u00fcgy<\/a><br \/>\n<a href=\"https:\/\/semmelweis.hu\/gfi\/files\/2025\/12\/1.-Adatkezelesi-nyilvantartas-ADL-PVGFI_vagyongazdalkodas.xlsx\">Adatkezel\u00e9si nyilv\u00e1ntart\u00e1s &#8211; PVGFI vagyongazd\u00e1lkod\u00e1s<\/a><br \/>\n&nbsp;<\/p>\n","protected":false},"author":102559,"featured_media":0,"parent":5,"menu_order":4,"comment_status":"closed","ping_status":"closed","template":"","meta":{"_acf_changed":false,"footnotes":""},"categories":[],"tags":[],"class_list":["post-95162","page","type-page","status-publish","hentry"],"acf":[],"_links":{"self":[{"href":"https:\/\/semmelweis.hu\/gfi\/wp-json\/wp\/v2\/pages\/95162","targetHints":{"allow":["GET"]}}],"collection":[{"href":"https:\/\/semmelweis.hu\/gfi\/wp-json\/wp\/v2\/pages"}],"about":[{"href":"https:\/\/semmelweis.hu\/gfi\/wp-json\/wp\/v2\/types\/page"}],"author":[{"embeddable":true,"href":"https:\/\/semmelweis.hu\/gfi\/wp-json\/wp\/v2\/users\/102559"}],"replies":[{"embeddable":true,"href":"https:\/\/semmelweis.hu\/gfi\/wp-json\/wp\/v2\/comments?post=95162"}],"version-history":[{"count":4,"href":"https:\/\/semmelweis.hu\/gfi\/wp-json\/wp\/v2\/pages\/95162\/revisions"}],"predecessor-version":[{"id":95185,"href":"https:\/\/semmelweis.hu\/gfi\/wp-json\/wp\/v2\/pages\/95162\/revisions\/95185"}],"up":[{"embeddable":true,"href":"https:\/\/semmelweis.hu\/gfi\/wp-json\/wp\/v2\/pages\/5"}],"wp:attachment":[{"href":"https:\/\/semmelweis.hu\/gfi\/wp-json\/wp\/v2\/media?parent=95162"}],"wp:term":[{"taxonomy":"category","embeddable":true,"href":"https:\/\/semmelweis.hu\/gfi\/wp-json\/wp\/v2\/categories?post=95162"},{"taxonomy":"post_tag","embeddable":true,"href":"https:\/\/semmelweis.hu\/gfi\/wp-json\/wp\/v2\/tags?post=95162"}],"curies":[{"name":"wp","href":"https:\/\/api.w.org\/{rel}","templated":true}]}}