{"id":5,"date":"2012-01-25T13:13:57","date_gmt":"2012-01-25T13:13:57","guid":{"rendered":"http:\/\/semmelweis-egyetem.hu\/gmf\/?page_id=5"},"modified":"2025-06-23T15:00:38","modified_gmt":"2025-06-23T13:00:38","slug":"altalanos-informaciok","status":"publish","type":"page","link":"https:\/\/semmelweis.hu\/gfi\/altalanos-informaciok\/","title":{"rendered":"A f\u0151igazgat\u00f3s\u00e1gr\u00f3l"},"content":{"rendered":"<p>A P\u00e9nz\u00fcgyi \u00e9s Vagyongazd\u00e1lkod\u00e1si F\u0151igazgat\u00f3s\u00e1g a kancell\u00e1r k\u00f6zvetlen ir\u00e1ny\u00edt\u00e1sa alatt \u00e1ll\u00f3, f\u0151igazgat\u00f3 \u00e1ltal ir\u00e1ny\u00edtott, az Egyetem \u00f6n\u00e1ll\u00f3 keretgazd\u00e1lkod\u00e1si jogk\u00f6rrel rendelkez\u0151 k\u00f6zponti funkcion\u00e1lis szervezeti egys\u00e9ge, amely ell\u00e1tja az Egyetem gazd\u00e1lkod\u00e1s\u00e1val \u00f6sszef\u00fcgg\u0151 feladatokat.<\/p>\n<p>&nbsp;<\/p>\n<p>F\u0151 feladatai:<\/p>\n<ul>\n<li>a p\u00e9nz\u00fcgyi \u00e9s sz\u00e1mviteli rend kialak\u00edt\u00e1sa \u00e9s betartat\u00e1sa, a bels\u0151 szab\u00e1lyoz\u00f3 dokumentumok elk\u00e9sz\u00edt\u00e9se;<\/li>\n<li>az egyetemi besz\u00e1mol\u00f3k elk\u00e9sz\u00edt\u00e9se;<\/li>\n<li>a likvidit\u00e1s biztos\u00edt\u00e1sa, a p\u00e9nzell\u00e1t\u00e1s kezel\u00e9se, forint \u00e9s deviza elsz\u00e1mol\u00e1s, ad) k\u00f6vetel\u00e9sek, k\u00f6telezetts\u00e9gek kezel\u00e9se,<\/li>\n<li>a p\u00e1ly\u00e1zatok, projektek p\u00e9nz\u00fcgyi ellen\u0151rz\u00e9se \u00e9s elsz\u00e1moltat\u00e1sa,<\/li>\n<li>a hat\u00e1lyos sz\u00e1mviteli jogszab\u00e1lyok betart\u00e1sa mellett az egyetemi sz\u00e1mlarendnek megfelel\u0151en biztos\u00edtja a gazdas\u00e1gi esem\u00e9nyek k\u00f6nyvel\u00e9s\u00e9t,<\/li>\n<li>gondoskodik az egyetemi \u00e9s az idegen tulajdonban l\u00e9v\u0151 vagyonban be\u00e1ll\u00f3 v\u00e1ltoz\u00e1sok id\u0151beni regisztr\u00e1l\u00e1s\u00e1r\u00f3l,<\/li>\n<li>a lelt\u00e1roz\u00e1si szab\u00e1lyzatban foglalt feladatainak ell\u00e1t\u00e1sa, k\u00fcl\u00f6n\u00f6sen a lelt\u00e1rellen\u0151rz\u00e9si terv elk\u00e9sz\u00edt\u00e9se, j\u00f3v\u00e1hagy\u00e1sra felterjeszt\u00e9se, a lelt\u00e1roz\u00e1sok elrendel\u00e9s\u00e9r\u0151l a szervezeti egys\u00e9gek vezet\u0151inek \u00e9s a gazdas\u00e1gi ter\u00fclet vezet\u0151inek ki\u00e9rtes\u00edt\u00e9se,<\/li>\n<li>gondoskodik a sz\u00e1mviteli bizonylatok meg\u0151rz\u00e9s\u00e9r\u0151l.<\/li>\n<\/ul>\n","protected":false},"excerpt":{"rendered":"<p>A P\u00e9nz\u00fcgyi \u00e9s Vagyongazd\u00e1lkod\u00e1si F\u0151igazgat\u00f3s\u00e1g a kancell\u00e1r k\u00f6zvetlen ir\u00e1ny\u00edt\u00e1sa alatt \u00e1ll\u00f3, f\u0151igazgat\u00f3 \u00e1ltal ir\u00e1ny\u00edtott, az Egyetem \u00f6n\u00e1ll\u00f3 keretgazd\u00e1lkod\u00e1si jogk\u00f6rrel rendelkez\u0151 k\u00f6zponti funkcion\u00e1lis szervezeti egys\u00e9ge, amely ell\u00e1tja az Egyetem gazd\u00e1lkod\u00e1s\u00e1val \u00f6sszef\u00fcgg\u0151 feladatokat.<\/p>\n<p><strong>F\u0151 feladatai:<\/strong><br \/>\na p\u00e9nz\u00fcgyi \u00e9s sz\u00e1mviteli rend kialak\u00edt\u00e1sa \u00e9s betartat\u00e1sa, a bels\u0151 szab\u00e1lyoz\u00f3 dokumentumok elk\u00e9sz\u00edt\u00e9se&#8230;<\/p>\n","protected":false},"author":8,"featured_media":0,"parent":0,"menu_order":1,"comment_status":"open","ping_status":"closed","template":"","meta":{"_acf_changed":false,"footnotes":""},"categories":[],"tags":[],"class_list":["post-5","page","type-page","status-publish","hentry"],"acf":[],"_links":{"self":[{"href":"https:\/\/semmelweis.hu\/gfi\/wp-json\/wp\/v2\/pages\/5","targetHints":{"allow":["GET"]}}],"collection":[{"href":"https:\/\/semmelweis.hu\/gfi\/wp-json\/wp\/v2\/pages"}],"about":[{"href":"https:\/\/semmelweis.hu\/gfi\/wp-json\/wp\/v2\/types\/page"}],"author":[{"embeddable":true,"href":"https:\/\/semmelweis.hu\/gfi\/wp-json\/wp\/v2\/users\/8"}],"replies":[{"embeddable":true,"href":"https:\/\/semmelweis.hu\/gfi\/wp-json\/wp\/v2\/comments?post=5"}],"version-history":[{"count":10,"href":"https:\/\/semmelweis.hu\/gfi\/wp-json\/wp\/v2\/pages\/5\/revisions"}],"predecessor-version":[{"id":94643,"href":"https:\/\/semmelweis.hu\/gfi\/wp-json\/wp\/v2\/pages\/5\/revisions\/94643"}],"wp:attachment":[{"href":"https:\/\/semmelweis.hu\/gfi\/wp-json\/wp\/v2\/media?parent=5"}],"wp:term":[{"taxonomy":"category","embeddable":true,"href":"https:\/\/semmelweis.hu\/gfi\/wp-json\/wp\/v2\/categories?post=5"},{"taxonomy":"post_tag","embeddable":true,"href":"https:\/\/semmelweis.hu\/gfi\/wp-json\/wp\/v2\/tags?post=5"}],"curies":[{"name":"wp","href":"https:\/\/api.w.org\/{rel}","templated":true}]}}