{"id":372,"date":"2015-05-07T14:39:38","date_gmt":"2015-05-07T12:39:38","guid":{"rendered":"http:\/\/semmelweis.hu\/gmf\/?page_id=372"},"modified":"2025-12-12T08:55:15","modified_gmt":"2025-12-12T07:55:15","slug":"gazdalkodas-felugyeleti-osztaly","status":"publish","type":"page","link":"https:\/\/semmelweis.hu\/gfi\/szervezeti-egysegek\/gazdalkodas-felugyeleti-osztaly\/","title":{"rendered":"Gazd\u00e1lkod\u00e1s-fel\u00fcgyeleti Oszt\u00e1ly"},"content":{"rendered":"<p><strong>C\u00edm:<\/strong> 1085 Budapest, Baross utca 52. II. em. 204. szoba<\/p>\n<p>Al\u00e1\u00edr\u00e1si jogk\u00f6r\u00f6k gyakorl\u00e1s\u00e1val kapcsolatos \u00fcgyint\u00e9z\u00e9s: <a href=\"mailto:kotelem@semmelweis.hu\"><strong>kotelem@semmelweis.hu<\/strong><\/a><\/p>\n<p>&nbsp;<\/p>\n<p><em><strong>MUNKAT\u00c1RSAK:<\/strong> <\/em><\/p>\n<p><b>Kerekes Anna<\/b> oszt\u00e1lyvezet\u0151<\/p>\n<p>Telefonsz\u00e1m: 459-1500\/55309<\/p>\n<p>Mobil: +3620\/666-3730<\/p>\n<p><a href=\"mailto:kerekes.anna@semmelweis.hu\">kerekes.anna@semmelweis.hu<\/a><\/p>\n<p><strong>Feh\u00e9r Nikolett<\/strong> \u00fcgyint\u00e9z\u0151<\/p>\n<p>Telefonsz\u00e1m: 459-1500\/55247<\/p>\n<p><a href=\"mailto:nagy.erika@semmelweis.hu\">feher.nikolett@semmelweis.hu<\/a><\/p>\n","protected":false},"excerpt":{"rendered":"<p>C\u00edm: 1085 Budapest, Baross utca 52. II. em. 204. szoba<br \/>\nAl\u00e1\u00edr\u00e1si jogk\u00f6r\u00f6k gyakorl\u00e1s\u00e1val kapcsolatos \u00fcgyint\u00e9z\u00e9s: <a href=\"mailto:kotelem@semmelweis.hu\">kotelem@semmelweis.hu<\/a><br \/>\n&nbsp;<br \/>\nMUNKAT\u00c1RSAK:<br \/>\nKerekes Anna oszt\u00e1lyvezet\u0151<br \/>\nTelefonsz\u00e1m: 459-1500\/55309<br \/>\nMobil: +3620\/666-3730<br \/>\n<a href=\"mailto:kerekes.anna@semmelweis.hu\">kerekes.anna@semmelweis.hu<\/a><br \/>\nFeh\u00e9r Nikolett \u00fcgyint\u00e9z\u0151<br \/>\nTelefonsz\u00e1m: 459-1500\/55247<br \/>\n<a href=\"mailto:nagy.erika@semmelweis.hu\">feher.nikolett@semmelweis.hu<\/a><\/p>\n","protected":false},"author":12,"featured_media":0,"parent":413,"menu_order":0,"comment_status":"closed","ping_status":"closed","template":"","meta":{"_acf_changed":false,"footnotes":""},"categories":[],"tags":[],"class_list":["post-372","page","type-page","status-publish","hentry"],"acf":[],"_links":{"self":[{"href":"https:\/\/semmelweis.hu\/gfi\/wp-json\/wp\/v2\/pages\/372","targetHints":{"allow":["GET"]}}],"collection":[{"href":"https:\/\/semmelweis.hu\/gfi\/wp-json\/wp\/v2\/pages"}],"about":[{"href":"https:\/\/semmelweis.hu\/gfi\/wp-json\/wp\/v2\/types\/page"}],"author":[{"embeddable":true,"href":"https:\/\/semmelweis.hu\/gfi\/wp-json\/wp\/v2\/users\/12"}],"replies":[{"embeddable":true,"href":"https:\/\/semmelweis.hu\/gfi\/wp-json\/wp\/v2\/comments?post=372"}],"version-history":[{"count":11,"href":"https:\/\/semmelweis.hu\/gfi\/wp-json\/wp\/v2\/pages\/372\/revisions"}],"predecessor-version":[{"id":95191,"href":"https:\/\/semmelweis.hu\/gfi\/wp-json\/wp\/v2\/pages\/372\/revisions\/95191"}],"up":[{"embeddable":true,"href":"https:\/\/semmelweis.hu\/gfi\/wp-json\/wp\/v2\/pages\/413"}],"wp:attachment":[{"href":"https:\/\/semmelweis.hu\/gfi\/wp-json\/wp\/v2\/media?parent=372"}],"wp:term":[{"taxonomy":"category","embeddable":true,"href":"https:\/\/semmelweis.hu\/gfi\/wp-json\/wp\/v2\/categories?post=372"},{"taxonomy":"post_tag","embeddable":true,"href":"https:\/\/semmelweis.hu\/gfi\/wp-json\/wp\/v2\/tags?post=372"}],"curies":[{"name":"wp","href":"https:\/\/api.w.org\/{rel}","templated":true}]}}