{"id":198,"date":"2022-03-10T10:18:29","date_gmt":"2022-03-10T09:18:29","guid":{"rendered":"https:\/\/semmelweis.hu\/geriatriaiklinika\/?page_id=198"},"modified":"2026-03-18T09:52:37","modified_gmt":"2026-03-18T08:52:37","slug":"betegjogi-kepviselo","status":"publish","type":"page","link":"https:\/\/semmelweis.hu\/geriatriaiklinika\/betegellatas\/betegjogi-kepviselo\/","title":{"rendered":"Betegjogi K\u00e9pvisel\u0151"},"content":{"rendered":"<div id=\"GroupWiseSection_1646900205000_pacsirta.judit@semmelweis-univ.hu_2729378118210000B4706F6437386235_\" class=\"GroupWiseMessageBody active\">\n<div>Esetleges panasz\u00e1val fordulhat a ter\u00fcletileg illet\u00e9kes betegjogi k\u00e9pvisel\u0151h\u00f6z:<\/div>\n<div>\u00a0<\/div>\n<div>\n<p><strong>Dr. Lengyel Ingrid<\/strong><\/p>\n<p><strong>Telefon: +36 20 489 9609<\/strong><\/p>\n<p>melyen el\u00e9rhet\u0151\u00a0<em>h\u00e9tf\u0151t\u0151l-cs\u00fct\u00f6rt\u00f6kig<\/em>\u00a008:00 \u2013 16:30,\u00a0<\/p>\n<p><em>p\u00e9nteken<\/em>\u00a008:00 \u2013 14:00 \u00f3ra k\u00f6z\u00f6tt<\/p>\n<p><strong>Email:<\/strong>\u00a0ingrid.lengyel@ijsz.bm.gov.hu<\/p>\n<\/div>\n<\/div>\n<div>\n<div id=\"GroupWiseSection_1646983077000_pacsirta.judit@semmelweis-univ.hu_2729378118210000B4706F6437386235_\" class=\"GroupWiseMessageBody active\">\n<div>\u00a0<\/div>\n<div>A betegjogi k\u00e9pvisel\u0151 az eg\u00e9szs\u00e9g\u00fcgyi int\u00e9zm\u00e9nyt\u0151l f\u00fcggetlen szem\u00e9ly, az Integr\u00e1lt Jogv\u00e9delmi Szolg\u00e1lat munkat\u00e1rsa.<\/div>\n<\/div>\n<\/div>\n","protected":false},"excerpt":{"rendered":"<p>Esetleges panasz\u00e1val fordulhat a ter\u00fcletileg illet\u00e9kes betegjogi k\u00e9pvisel\u0151h\u00f6z:<br \/>\n\u00a0<\/p>\n<p>Dr. Lengyel Ingrid<br \/>\nTelefon: +36 20 489 9609<br \/>\nmelyen el\u00e9rhet\u0151\u00a0h\u00e9tf\u0151t\u0151l-cs\u00fct\u00f6rt\u00f6kig\u00a008:00 \u2013 16:30,\u00a0<br \/>\np\u00e9nteken\u00a008:00 \u2013 14:00 \u00f3ra k\u00f6z\u00f6tt<br \/>\nEmail:\u00a0ingrid.lengyel@ijsz.bm.gov.hu<\/p>\n<p>\u00a0<br \/>\nA betegjogi k\u00e9pvisel\u0151 az eg\u00e9szs\u00e9g\u00fcgyi int\u00e9zm\u00e9nyt\u0151l f\u00fcggetlen szem\u00e9ly, az Integr\u00e1lt Jogv\u00e9delmi Szolg\u00e1lat munkat\u00e1rsa.<\/p>\n","protected":false},"author":101808,"featured_media":0,"parent":22,"menu_order":0,"comment_status":"closed","ping_status":"closed","template":"","meta":{"_acf_changed":false,"footnotes":""},"categories":[],"tags":[],"class_list":["post-198","page","type-page","status-publish","hentry"],"acf":[],"_links":{"self":[{"href":"https:\/\/semmelweis.hu\/geriatriaiklinika\/wp-json\/wp\/v2\/pages\/198","targetHints":{"allow":["GET"]}}],"collection":[{"href":"https:\/\/semmelweis.hu\/geriatriaiklinika\/wp-json\/wp\/v2\/pages"}],"about":[{"href":"https:\/\/semmelweis.hu\/geriatriaiklinika\/wp-json\/wp\/v2\/types\/page"}],"author":[{"embeddable":true,"href":"https:\/\/semmelweis.hu\/geriatriaiklinika\/wp-json\/wp\/v2\/users\/101808"}],"replies":[{"embeddable":true,"href":"https:\/\/semmelweis.hu\/geriatriaiklinika\/wp-json\/wp\/v2\/comments?post=198"}],"version-history":[{"count":7,"href":"https:\/\/semmelweis.hu\/geriatriaiklinika\/wp-json\/wp\/v2\/pages\/198\/revisions"}],"predecessor-version":[{"id":575,"href":"https:\/\/semmelweis.hu\/geriatriaiklinika\/wp-json\/wp\/v2\/pages\/198\/revisions\/575"}],"up":[{"embeddable":true,"href":"https:\/\/semmelweis.hu\/geriatriaiklinika\/wp-json\/wp\/v2\/pages\/22"}],"wp:attachment":[{"href":"https:\/\/semmelweis.hu\/geriatriaiklinika\/wp-json\/wp\/v2\/media?parent=198"}],"wp:term":[{"taxonomy":"category","embeddable":true,"href":"https:\/\/semmelweis.hu\/geriatriaiklinika\/wp-json\/wp\/v2\/categories?post=198"},{"taxonomy":"post_tag","embeddable":true,"href":"https:\/\/semmelweis.hu\/geriatriaiklinika\/wp-json\/wp\/v2\/tags?post=198"}],"curies":[{"name":"wp","href":"https:\/\/api.w.org\/{rel}","templated":true}]}}

Betegjogi Képviselő

<div id="GroupWiseSection_1646900205000_pacsirta.judit@semmelweis-univ.hu_2729378118210000B4706F6437386235_" class="GroupWiseMessageBody active">
<div>Esetleges panaszával fordulhat a területileg illetékes betegjogi képviselőhöz:</div>
<div> </div>
<div>
<p><strong>Dr. Lengyel Ingrid</strong></p>
<p><strong>Telefon: +36 20 489 9609</strong></p>
<p>melyen elérhető <em>hétfőtől-csütörtökig</em> 08:00 – 16:30, </p>
<p><em>pénteken</em> 08:00 – 14:00 óra között</p>
<p><strong>Email:</strong> ingrid.lengyel@ijsz.bm.gov.hu</p>
</div>
</div>
<div>
<div id="GroupWiseSection_1646983077000_pacsirta.judit@semmelweis-univ.hu_2729378118210000B4706F6437386235_" class="GroupWiseMessageBody active">
<div> </div>
<div>A betegjogi képviselő az egészségügyi intézménytől független személy, az Integrált Jogvédelmi Szolgálat munkatársa.</div>
</div>
</div>

<p>Esetleges panaszával fordulhat a területileg illetékes betegjogi képviselőhöz:<br />
 </p>
<p>Dr. Lengyel Ingrid<br />
Telefon: +36 20 489 9609<br />
melyen elérhető hétfőtől-csütörtökig 08:00 – 16:30, <br />
pénteken 08:00 – 14:00 óra között<br />
Email: ingrid.lengyel@ijsz.bm.gov.hu</p>
<p> <br />
A betegjogi képviselő az egészségügyi intézménytől független személy, az Integrált Jogvédelmi Szolgálat munkatársa.</p>
