{"id":990,"date":"2014-12-19T00:00:00","date_gmt":"2014-12-18T23:00:00","guid":{"rendered":"http:\/\/semmelweis.hu\/genomikai-medicina\/beleegyezo-nyilatkozat-genetika\/"},"modified":"2024-09-06T09:02:00","modified_gmt":"2024-09-06T07:02:00","slug":"beleegyezo-nyilatkozat-genetika","status":"publish","type":"page","link":"https:\/\/semmelweis.hu\/genomikai-medicina\/betegellatas\/jarobeteg\/beleegyezo-nyilatkozat-genetika\/","title":{"rendered":"Beleegyez\u0151 nyilatkozat &#8211; genetika"},"content":{"rendered":"<p><strong>Let\u00f6lthet\u0151, nyomtathat\u00f3 v\u00e1ltozat: <\/strong><a href=\"\/wp-content\/blogs.dir\/72\/files\/file\/11\/beleegyezo-gri.pdf\" target=\"_blank\" rel=\"noopener noreferrer\">beleegyez\u0151 nyilatkozat genetikai vizsg\u00e1lathoz<\/a><\/p>\n<p>Int\u00e9zet\u00fcnk rutin genetikai diagnosztik\u00e1j\u00e1t k\u00e9t oszt\u00e1ly biztos\u00edtja:<\/p>\n<ol>\n<li>Molekul\u00e1ris Neurol\u00f3giai Oszt\u00e1ly \u2013 vezet\u0151je: Dr. G\u00e1l Anik\u00f3<\/li>\n<li>Neuromuscularis Genetikai Diagnosztikai Oszt\u00e1ly &#8211; vezet\u0151je: Dr. Udvari Szabolcs<\/li>\n<\/ol>\n<p>Amennyiben tov\u00e1bbi inform\u00e1ci\u00f3ra lenne sz\u00fcks\u00e9ge, k\u00e9rj\u00fck, \u00edrjon a\u00a0molneur@semmelweis.hu email c\u00edmre, vagy h\u00edvja a +36 1 459-1483 telefonsz\u00e1mot.<\/p>\n","protected":false},"excerpt":{"rendered":"<p>Let\u00f6lthet\u0151, nyomtathat\u00f3 v\u00e1ltozat: <a href=\"\/wp-content\/blogs.dir\/72\/files\/file\/11\/beleegyezo-gri.pdf\" target=\"_blank\" rel=\"noopener noreferrer\">beleegyez\u0151 nyilatkozat genetikai vizsg\u00e1lathoz<\/a><br \/>\nInt\u00e9zet\u00fcnk rutin genetikai diagnosztik\u00e1j\u00e1t k\u00e9t oszt\u00e1ly biztos\u00edtja:<\/p>\n<p>Molekul\u00e1ris Neurol\u00f3giai Oszt\u00e1ly \u2013 vezet\u0151je: Dr. G\u00e1l Anik\u00f3<br \/>\nNeuromuscularis Genetikai Diagnosztikai Oszt\u00e1ly &#8211; vezet\u0151je: Dr. Udvari Szabolcs<\/p>\n<p>Amennyiben tov\u00e1bbi inform\u00e1ci\u00f3ra lenne sz\u00fcks\u00e9ge, k\u00e9rj\u00fck, \u00edrjon a\u00a0molneur@semmelweis.hu email c\u00edmre, vagy h\u00edvja a +36 1 459-1483 telefonsz\u00e1mot.<\/p>\n","protected":false},"author":101429,"featured_media":0,"parent":1031,"menu_order":3,"comment_status":"closed","ping_status":"closed","template":"","meta":{"_acf_changed":false,"footnotes":""},"categories":[],"tags":[],"class_list":["post-990","page","type-page","status-publish","hentry"],"acf":[],"_links":{"self":[{"href":"https:\/\/semmelweis.hu\/genomikai-medicina\/wp-json\/wp\/v2\/pages\/990","targetHints":{"allow":["GET"]}}],"collection":[{"href":"https:\/\/semmelweis.hu\/genomikai-medicina\/wp-json\/wp\/v2\/pages"}],"about":[{"href":"https:\/\/semmelweis.hu\/genomikai-medicina\/wp-json\/wp\/v2\/types\/page"}],"author":[{"embeddable":true,"href":"https:\/\/semmelweis.hu\/genomikai-medicina\/wp-json\/wp\/v2\/users\/101429"}],"replies":[{"embeddable":true,"href":"https:\/\/semmelweis.hu\/genomikai-medicina\/wp-json\/wp\/v2\/comments?post=990"}],"version-history":[{"count":10,"href":"https:\/\/semmelweis.hu\/genomikai-medicina\/wp-json\/wp\/v2\/pages\/990\/revisions"}],"predecessor-version":[{"id":4108,"href":"https:\/\/semmelweis.hu\/genomikai-medicina\/wp-json\/wp\/v2\/pages\/990\/revisions\/4108"}],"up":[{"embeddable":true,"href":"https:\/\/semmelweis.hu\/genomikai-medicina\/wp-json\/wp\/v2\/pages\/1031"}],"wp:attachment":[{"href":"https:\/\/semmelweis.hu\/genomikai-medicina\/wp-json\/wp\/v2\/media?parent=990"}],"wp:term":[{"taxonomy":"category","embeddable":true,"href":"https:\/\/semmelweis.hu\/genomikai-medicina\/wp-json\/wp\/v2\/categories?post=990"},{"taxonomy":"post_tag","embeddable":true,"href":"https:\/\/semmelweis.hu\/genomikai-medicina\/wp-json\/wp\/v2\/tags?post=990"}],"curies":[{"name":"wp","href":"https:\/\/api.w.org\/{rel}","templated":true}]}}