{"id":4297,"date":"2025-11-11T09:32:27","date_gmt":"2025-11-11T08:32:27","guid":{"rendered":"https:\/\/semmelweis.hu\/genomikai-medicina\/?page_id=4297"},"modified":"2025-11-11T09:54:47","modified_gmt":"2025-11-11T08:54:47","slug":"aktualis","status":"publish","type":"page","link":"https:\/\/semmelweis.hu\/genomikai-medicina\/aktualis\/","title":{"rendered":"Aktu\u00e1lis!"},"content":{"rendered":"<h3>Beutal\u00f3<\/h3>\n<p>Int\u00e9zet\u00fcnkben az ambulanci\u00e1k rendel\u00e9seinek, illetve a fekv\u0151beteg ell\u00e1t\u00e1s ig\u00e9nybev\u00e9tele <strong>beutal\u00f3hoz k\u00f6t\u00f6tt<\/strong>. Az id\u0151pont foglal\u00e1s a rendel\u00e9sen val\u00f3 megjelen\u00e9s id\u0151keret\u00e9t biztos\u00edtja \u00e9s nem helyettes\u00edti a beutal\u00f3t. A rendel\u00e9s, vagy oszt\u00e1lyos felv\u00e9tel teh\u00e1t <strong>kiz\u00e1r\u00f3lag el\u0151zetes id\u0151pontegyeztet\u00e9s \u00e9s beutal\u00f3 megl\u00e9te eset\u00e9n vehet\u0151 ig\u00e9nybe.<\/strong><\/p>\n<p>Nyomat\u00e9kosan k\u00e9rj\u00fck, fert\u0151z\u0151 betegs\u00e9g t\u00fcneteivel (rossz k\u00f6z\u00e9rzet, gyenges\u00e9g, l\u00e1z, izzad\u00e1s, torok kapar\u00e1s, orrfoly\u00e1s, k\u00f6h\u00f6g\u00e9s, t\u00fcssz\u00f6g\u00e9s, hasmen\u00e9s, h\u00e1ny\u00e1s) ne j\u00f6jj\u00f6n el a rendel\u00e9sre vagy oszt\u00e1lyra, id\u0151pontj\u00e1t m\u00f3dos\u00edtsa!<\/p>\n<p>Ambulanci\u00e1ink v\u00e1r\u00f3ja betegeink sz\u00e1m\u00e1ra biztos\u00edt f\u00e9r\u0151helyet. K\u00e9rj\u00fck, hozz\u00e1tartoz\u00f3 \u00e9s k\u00eds\u00e9r\u0151 indokolt, sz\u00fcks\u00e9ges esetben j\u00f6jj\u00f6n. Zs\u00fafolts\u00e1g eset\u00e9n a hozz\u00e1tartoz\u00f3kt\u00f3l kinti v\u00e1rakoz\u00e1st k\u00e9r\u00fcnk. Erre korl\u00e1tozottan az el\u0151t\u00e9rben, illetve a k\u00f3rh\u00e1z b\u00fcf\u00e9j\u00e9ben, vagy az udvaron van lehet\u0151s\u00e9g.<\/p>\n<p>K\u00e9rj\u00fck olvassa el al\u00e1bb az \u00d6nre vonatkoz\u00f3 r\u00e9szt:<\/p>\n<div class=\"exp-col-content-holder\"><a class=\"expand-cnt-link\" href=\"#\">Betegeknek<\/a><\/p>\n<div class=\"hidden-content\">\n<p class=\"hiddenContentp\">J\u00e1r\u00f3beteg rendel\u00e9seinken \u00e9s fekv\u0151beteg oszt\u00e1lyunkon <strong>beutal\u00f3val, el\u0151zetes id\u0151pont egyeztet\u00e9st k\u00f6vet\u0151en<\/strong> tudjuk fogadni. Beutal\u00f3t b\u00e1rmely eg\u00e9szs\u00e9gbiztos\u00edt\u00f3val szerz\u0151d\u00f6tt orvost\u00f3l elfogadunk. <strong>Mag\u00e1norvosi beutal\u00f3<\/strong> k\u00f6zfinansz\u00edrozott ell\u00e1t\u00e1sra nem jogos\u00edt, ilyen esetben kiz\u00e1r\u00f3lag <strong>t\u00e9r\u00edt\u00e9ses ell\u00e1t\u00e1s vehet\u0151 ig\u00e9nybe<\/strong>, amir\u0151l <a href=\"https:\/\/semmelweispremium.hu\/\">itt t\u00e1j\u00e9koz\u00f3dhat<\/a> &#8211; <strong>Semmelweis Premium<\/strong>. Az \u00d6n \u00e1ltal egyeztetett id\u0151pontot k\u00e9rj\u00fck szigor\u00faan tartsa be \u00e9s sz\u00e1njon el\u00e9gs\u00e9ges id\u0151t a pontos \u00e9rkez\u00e9s\u00e9hez. Ambulanci\u00e1ink teljes kapacit\u00e1ssal \u00fczemelnek, \u00edgy k\u00e9s\u00e9sek -annak ok\u00e1t\u00f3l f\u00fcggetlen\u00fcl- sajnos legritk\u00e1bb esetben illeszthet\u0151ek bele a betegell\u00e1t\u00e1si folyamatba, ilyen esetben \u00faj id\u0151pontot kell egyeztetni<\/p>\n<\/div>\n<\/div>\n<div class=\"exp-col-content-holder\"><a class=\"expand-cnt-link\" href=\"#\">Orvosoknak<\/a><\/p>\n<div class=\"hidden-content\">\n<p>J\u00e1r\u00f3beteg rendel\u00e9seink \u00e9s fekv\u0151beteg oszt\u00e1lyunk NEAK finansz\u00edrozott szolg\u00e1ltat\u00f3 beutal\u00f3ja alapj\u00e1n vehet\u0151 ig\u00e9nybe. Beutal\u00f3, vagy TAJ sz\u00e1m n\u00e9lk\u00fcl lehet\u0151s\u00e9get biztos\u00edtunk t\u00e9r\u00edt\u00e9ses betegell\u00e1t\u00e1sra, amir\u0151l <a href=\"https:\/\/semmelweispremium.hu\/\">itt t\u00e1j\u00e9koz\u00f3dhat<\/a> &#8211; <strong>Semmelweis Premium<\/strong>. A hat\u00e1lyos jogszab\u00e1lyok szerint e-beutal\u00f3 k\u00f6telez\u0151. A beutal\u00f3nak a szem\u00e9lyes \u00e9s biztos\u00edtotti adatokon t\u00falmen\u0151en tartalmaznia kell a beutal\u00e1s indok\u00e1t \u00e9s ehhez kapcsol\u00f3d\u00f3an a relev\u00e1ns k\u00f3rt\u00f6rt\u00e9neti \u00f6sszefoglal\u00f3t. A beutal\u00f3 mellett id\u0151pontfoglal\u00e1s sz\u00fcks\u00e9ges.<\/p>\n<p>A beutal\u00e1shoz sz\u00fcks\u00e9ges adatok:<\/p>\n<p>Fekv\u0151beteg oszt\u00e1ly OTH k\u00f3d: 000005557, ell\u00e1t\u00f3 int\u00e9zm\u00e9ny k\u00f3dja: 520229, szolg\u00e1ltat\u00e1s t\u00edpusa: 0900<\/p>\n<p>Ambulancia OTH k\u00f3d: 000005495, ell\u00e1t\u00f3 int\u00e9zm\u00e9ny k\u00f3dja: 520229, szolg\u00e1ltat\u00e1s t\u00edpusa: 0900<\/p>\n<p>Genetikai tan\u00e1csad\u00e1s OTH k\u00f3d: 000005495, ell\u00e1t\u00f3 int\u00e9zm\u00e9ny k\u00f3dja: 520229, szolg\u00e1ltat\u00e1s t\u00edpusa: 6701<\/p>\n<\/div>\n<\/div>\n<p>&nbsp;<\/p>\n","protected":false},"excerpt":{"rendered":"<p>Beutal\u00f3 Int\u00e9zet\u00fcnkben az ambulanci\u00e1k rendel\u00e9seinek, illetve a fekv\u0151beteg ell\u00e1t\u00e1s ig\u00e9nybev\u00e9tele beutal\u00f3hoz k\u00f6t\u00f6tt. Az id\u0151pont foglal\u00e1s a rendel\u00e9sen val\u00f3 megjelen\u00e9s id\u0151keret\u00e9t biztos\u00edtja \u00e9s nem helyettes\u00edti a beutal\u00f3t. A rendel\u00e9s, vagy oszt\u00e1lyos felv\u00e9tel teh\u00e1t kiz\u00e1r\u00f3lag el\u0151zetes id\u0151pontegyeztet\u00e9s \u00e9s beutal\u00f3 megl\u00e9te eset\u00e9n vehet\u0151 ig\u00e9nybe. Nyomat\u00e9kosan k\u00e9rj\u00fck, fert\u0151z\u0151 betegs\u00e9g t\u00fcneteivel (rossz k\u00f6z\u00e9rzet, gyenges\u00e9g, l\u00e1z, izzad\u00e1s, torok kapar\u00e1s, orrfoly\u00e1s, k\u00f6h\u00f6g\u00e9s, &hellip;<\/p>\n","protected":false},"author":101429,"featured_media":0,"parent":0,"menu_order":0,"comment_status":"closed","ping_status":"closed","template":"","meta":{"_acf_changed":false,"footnotes":""},"categories":[],"tags":[],"class_list":["post-4297","page","type-page","status-publish","hentry"],"acf":[],"_links":{"self":[{"href":"https:\/\/semmelweis.hu\/genomikai-medicina\/wp-json\/wp\/v2\/pages\/4297","targetHints":{"allow":["GET"]}}],"collection":[{"href":"https:\/\/semmelweis.hu\/genomikai-medicina\/wp-json\/wp\/v2\/pages"}],"about":[{"href":"https:\/\/semmelweis.hu\/genomikai-medicina\/wp-json\/wp\/v2\/types\/page"}],"author":[{"embeddable":true,"href":"https:\/\/semmelweis.hu\/genomikai-medicina\/wp-json\/wp\/v2\/users\/101429"}],"replies":[{"embeddable":true,"href":"https:\/\/semmelweis.hu\/genomikai-medicina\/wp-json\/wp\/v2\/comments?post=4297"}],"version-history":[{"count":9,"href":"https:\/\/semmelweis.hu\/genomikai-medicina\/wp-json\/wp\/v2\/pages\/4297\/revisions"}],"predecessor-version":[{"id":4307,"href":"https:\/\/semmelweis.hu\/genomikai-medicina\/wp-json\/wp\/v2\/pages\/4297\/revisions\/4307"}],"wp:attachment":[{"href":"https:\/\/semmelweis.hu\/genomikai-medicina\/wp-json\/wp\/v2\/media?parent=4297"}],"wp:term":[{"taxonomy":"category","embeddable":true,"href":"https:\/\/semmelweis.hu\/genomikai-medicina\/wp-json\/wp\/v2\/categories?post=4297"},{"taxonomy":"post_tag","embeddable":true,"href":"https:\/\/semmelweis.hu\/genomikai-medicina\/wp-json\/wp\/v2\/tags?post=4297"}],"curies":[{"name":"wp","href":"https:\/\/api.w.org\/{rel}","templated":true}]}}

Aktuális!

<h3>Beutaló</h3>
<p>Intézetünkben az ambulanciák rendeléseinek, illetve a fekvőbeteg ellátás igénybevétele <strong>beutalóhoz kötött</strong>. Az időpont foglalás a rendelésen való megjelenés időkeretét biztosítja és nem helyettesíti a beutalót. A rendelés, vagy osztályos felvétel tehát <strong>kizárólag előzetes időpontegyeztetés és beutaló megléte esetén vehető igénybe.</strong></p>
<p>Nyomatékosan kérjük, fertőző betegség tüneteivel (rossz közérzet, gyengeség, láz, izzadás, torok kaparás, orrfolyás, köhögés, tüsszögés, hasmenés, hányás) ne jöjjön el a rendelésre vagy osztályra, időpontját módosítsa!</p>
<p>Ambulanciáink várója betegeink számára biztosít férőhelyet. Kérjük, hozzátartozó és kísérő indokolt, szükséges esetben jöjjön. Zsúfoltság esetén a hozzátartozóktól kinti várakozást kérünk. Erre korlátozottan az előtérben, illetve a kórház büféjében, vagy az udvaron van lehetőség.</p>
<p>Kérjük olvassa el alább az Önre vonatkozó részt:</p>
<div class="exp-col-content-holder"><a class="expand-cnt-link" href="#">Betegeknek</a></p>
<div class="hidden-content">
<p class="hiddenContentp">Járóbeteg rendeléseinken és fekvőbeteg osztályunkon <strong>beutalóval, előzetes időpont egyeztetést követően</strong> tudjuk fogadni. Beutalót bármely egészségbiztosítóval szerződött orvostól elfogadunk. <strong>Magánorvosi beutaló</strong> közfinanszírozott ellátásra nem jogosít, ilyen esetben kizárólag <strong>térítéses ellátás vehető igénybe</strong>, amiről <a href="https://semmelweispremium.hu/">itt tájékozódhat</a> &#8211; <strong>Semmelweis Premium</strong>. Az Ön által egyeztetett időpontot kérjük szigorúan tartsa be és szánjon elégséges időt a pontos érkezéséhez. Ambulanciáink teljes kapacitással üzemelnek, így késések -annak okától függetlenül- sajnos legritkább esetben illeszthetőek bele a betegellátási folyamatba, ilyen esetben új időpontot kell egyeztetni</p>
</div>
</div>
<div class="exp-col-content-holder"><a class="expand-cnt-link" href="#">Orvosoknak</a></p>
<div class="hidden-content">
<p>Járóbeteg rendeléseink és fekvőbeteg osztályunk NEAK finanszírozott szolgáltató beutalója alapján vehető igénybe. Beutaló, vagy TAJ szám nélkül lehetőséget biztosítunk térítéses betegellátásra, amiről <a href="https://semmelweispremium.hu/">itt tájékozódhat</a> &#8211; <strong>Semmelweis Premium</strong>. A hatályos jogszabályok szerint e-beutaló kötelező. A beutalónak a személyes és biztosítotti adatokon túlmenően tartalmaznia kell a beutalás indokát és ehhez kapcsolódóan a releváns kórtörténeti összefoglalót. A beutaló mellett időpontfoglalás szükséges.</p>
<p>A beutaláshoz szükséges adatok:</p>
<p>Fekvőbeteg osztály OTH kód: 000005557, ellátó intézmény kódja: 520229, szolgáltatás típusa: 0900</p>
<p>Ambulancia OTH kód: 000005495, ellátó intézmény kódja: 520229, szolgáltatás típusa: 0900</p>
<p>Genetikai tanácsadás OTH kód: 000005495, ellátó intézmény kódja: 520229, szolgáltatás típusa: 6701</p>
</div>
</div>
<p>&nbsp;</p>

<p>Beutaló Intézetünkben az ambulanciák rendeléseinek, illetve a fekvőbeteg ellátás igénybevétele beutalóhoz kötött. Az időpont foglalás a rendelésen való megjelenés időkeretét biztosítja és nem helyettesíti a beutalót. A rendelés, vagy osztályos felvétel tehát kizárólag előzetes időpontegyeztetés és beutaló megléte esetén vehető igénybe. Nyomatékosan kérjük, fertőző betegség tüneteivel (rossz közérzet, gyengeség, láz, izzadás, torok kaparás, orrfolyás, köhögés, &hellip;</p>
