{"id":2665,"date":"2018-10-04T10:36:00","date_gmt":"2018-10-04T08:36:00","guid":{"rendered":"http:\/\/semmelweis.hu\/genomikai-medicina\/?page_id=2665"},"modified":"2020-01-07T11:09:47","modified_gmt":"2020-01-07T10:09:47","slug":"2665-2","status":"publish","type":"page","link":"https:\/\/semmelweis.hu\/genomikai-medicina\/betegellatas\/klinikai-vizsgalataink\/2665-2\/","title":{"rendered":"Nemzeti Eg\u00e9szs\u00e9gt\u00e1rh\u00e1z"},"content":{"rendered":"<p style=\"text-align: justify\">Tisztelt H\u00f6lgyem\/Uram!<\/p>\n<p style=\"text-align: justify\">Egy nagyszab\u00e1s\u00fa hazai kutat\u00e1si programunkhoz szeretn\u00e9nk seg\u00edts\u00e9g\u00e9t k\u00e9rni.<\/p>\n<p style=\"text-align: justify\">Eg\u00e9szs\u00e9ges id\u0151s egy\u00e9neket keres\u00fcnk, abb\u00f3l a c\u00e9lb\u00f3l, hogy eg\u00e9szs\u00e9gre hajlamos\u00edt\u00f3 genetikai vari\u00e1nsokat azonos\u00edtsunk, illetve elk\u00e9sz\u00edts\u00fck a magyar referencia genomot (g\u00e9nt\u00e9rk\u00e9p adatb\u00e1zist). Minden n\u00e9pnek sz\u00fcks\u00e9ge van genetikai adatainak megismer\u00e9s\u00e9re, nek\u00fcnk magyaroknak k\u00fcl\u00f6n\u00f6sen fontos, hogy megismerj\u00fck a lakoss\u00e1gunkra jellegzetes genetikai vari\u00e1ci\u00f3kat, hiszen t\u00f6rt\u00e9nelm\u00fcnknek k\u00f6sz\u00f6nhet\u0151en igen sz\u00ednes genetikai palett\u00e1val rendelkez\u00fcnk. \u00cdgy az egyes betegs\u00e9gek rizik\u00f3inak becsl\u00e9se sor\u00e1n nem haszn\u00e1lhatjuk kiz\u00e1r\u00f3lagosan a Nyugat-Eur\u00f3pai referenci\u00e1kat, de az \u00e1zsiaiakat sem.<\/p>\n<p style=\"text-align: justify\">A Nemzeti Bionikai Program t\u00e1mogatja kutat\u00e1sunkat, amely keret\u00e9n bel\u00fcl 100, eg\u00e9szs\u00e9ges, id\u0151s egy\u00e9n teljes g\u00e9nt\u00e9rk\u00e9p\u00e9t szeretn\u00e9nk elk\u00e9sz\u00edteni (genomjukat szekven\u00e1lni, felt\u00e9rk\u00e9pezni).<\/p>\n<p style=\"text-align: justify\">A kutat\u00e1sban val\u00f3 r\u00e9szv\u00e9tel a sz\u0171r\u0151 vizsg\u00e1laton val\u00f3 megjelen\u00e9sb\u0151l (EKG \u00e9s laborat\u00f3riumi sz\u0171r\u00e9s) \u00e9s a genetikai vizsg\u00e1latba val\u00f3 beleegyez\u00e9sb\u0151l \u00e1ll. Maga a genomikai vizsg\u00e1lat egyszer\u0171 v\u00e9rminta v\u00e9telt jelent. Amennyiben az egy\u00e9n ig\u00e9nyli, a teljes g\u00e9nt\u00e9rk\u00e9p adatokat egy CD-n rendelkez\u00e9sre bocs\u00e1jtjuk \u00e9s annak gyermeki \u00e9s unok\u00e1i is haszn\u00e1t vehetik majd a j\u00f6v\u0151ben k\u00fcl\u00f6nb\u00f6z\u0151 eg\u00e9szs\u00e9g\u00fcgyi k\u00e9rd\u00e9sek kapcs\u00e1n. A genetikai inform\u00e1ci\u00f3 ugyanis egy olyan \u00f6r\u00f6k\u00f6s adat, amelyet folyamatosan \u00fajra \u00e9s \u00fajra lehet elemezni, ha az orvostudom\u00e1ny \u00fajabb ismeretekkel rendelkezik a genetikai vari\u00e1nsaink jelent\u0151s\u00e9g\u00e9r\u0151l.<\/p>\n<p style=\"text-align: justify\">A genomikai adatokat n\u00e9v n\u00e9lk\u00fcl fogjuk t\u00e1rolni. Azok a j\u00f6v\u0151ben nagy seg\u00edts\u00e9get fognak ny\u00fajtani minden genetik\u00e1val foglalkoz\u00f3 kutat\u00f3nak, foglalkozzon az illet\u0151 eg\u00e9szs\u00e9g\u00fcggyel kapcsolatos, vagy r\u00e9g\u00e9szeti kutat\u00e1sokkal.<\/p>\n<p style=\"text-align: justify\">Amennyiben \u00d6n elm\u00falt 75 \u00e9ves \u00e9s eddig a fert\u0151z\u0151 betegs\u00e9geken, baleseteken, kisebb m\u0171t\u00e9teken (mint pl. mandula, vakb\u00e9l, epeh\u00f3lyag) k\u00edv\u00fcl nem volt nagyobb betegs\u00e9ge, tisztelettel k\u00e9rj\u00fck, hogy\u00a0<a href=\"https:\/\/docs.google.com\/forms\/d\/e\/1FAIpQLScuKjKnuzNIg-5OqG4ePwTjclnYPhaCRYMVUm2_YPwq40V0fw\/viewform\">ide kattintva, k\u00f6zvetlen\u00fcl t\u00f6ltse ki online k\u00e9rd\u0151\u00edv\u00fcnket<\/a>, vagy legyen kedves a <a href=\"https:\/\/semmelweis.hu\/genomikai-medicina\/files\/2018\/10\/Eg\u00e9szs\u00e9gt\u00e1rh\u00e1z_k\u00e9rd\u0151\u00edv.pdf\">ide kattintva let\u00f6lteni a k\u00e9rd\u0151\u00edvet<\/a>, \u00e9s kit\u00f6ltve, postai \u00faton vagy e-mailen a k\u00f6vetkez\u0151 c\u00edmre visszak\u00fcldeni:<\/p>\n<p style=\"text-align: justify\"><strong>Dr. Moln\u00e1r M\u00e1ria Judit<\/strong><\/p>\n<p style=\"text-align: justify\"><strong>Genomikai Medicina \u00e9s Ritka Betegs\u00e9gek Int\u00e9zete<\/strong><\/p>\n<p style=\"text-align: justify\"><strong>Semmelweis Egyetem<\/strong><\/p>\n<p style=\"text-align: justify\"><a href=\"https:\/\/goo.gl\/maps\/21nPx7eLWiLrV2HRA\"><b>1082 Budapest, \u00dcll\u0151i \u00fat 78\/B<\/b><\/a><\/p>\n<p style=\"text-align: justify\">email: <a href=\"mailto:egeszsegtar@med.semmelweis-univ.hu\">egeszsegtar@med.semmelweis-univ.hu.<\/a><\/p>\n<p style=\"text-align: justify\">Ha tov\u00e1bbi k\u00e9rd\u00e9sei vannak a kutat\u00e1ssal kapcsolatban, k\u00e9rj\u00fck \u00edrjon a fenti email c\u00edmre, vagy h\u00edvja a +36 20 666 3493 telefonsz\u00e1mot. A jelentkez\u0151k bek\u00fcld\u00f6tt adatait \u00e1ttekintj\u00fck, azok k\u00f6z\u00fcl azokat az egy\u00e9neket, akik az el\u0151zetes adatok szerint alkalmasnak t\u0171nnek a bev\u00e1laszt\u00e1sra megvizsg\u00e1ljuk, \u00e9s sz\u0171r\u0151 vizsg\u00e1latokat v\u00e9gz\u00fcnk. Abban az esetben ker\u00fcl az illet\u0151 a kutat\u00e1sba, ha ezeknek a vizsg\u00e1latoknak az eredm\u00e9nyei sem tal\u00e1lnak kiz\u00e1r\u00f3 betegs\u00e9get.<\/p>\n<p style=\"text-align: justify\">Amennyiben \u00d6n nem akar, vagy r\u00e9gebbi\/megl\u00e9v\u0151 betegs\u00e9ge miatt nem tud jelentkezni, de ismer\u0151sei k\u00f6z\u00f6tt vannak id\u0151s, eg\u00e9szs\u00e9ges egy\u00e9nek, k\u00e9rj\u00fck, legyen kedves hozz\u00e1juk eljuttatni ezt az inform\u00e1ci\u00f3t \u00e9s a k\u00e9rd\u0151\u00edvet. Amennyiben az illet\u0151 szem\u00e9lyesen szeretn\u00e9 int\u00e9zet\u00fcnkben kit\u00f6lteni a k\u00e9rd\u0151\u00edvet arra is van lehet\u0151s\u00e9g.<\/p>\n<p style=\"text-align: justify\">K\u00f6sz\u00f6nj\u00fck sz\u00e9pen, hogy t\u00e1mogatja ezt az orsz\u00e1gos szinten fontos programot!<\/p>\n<p style=\"text-align: justify\">Tisztelettel<\/p>\n<p style=\"text-align: justify\">Dr. Moln\u00e1r M\u00e1ria Judit<\/p>\n<p style=\"text-align: justify\">a projekt vezet\u0151je<\/p>\n<p>&nbsp;<\/p>\n<p><a href=\"https:\/\/semmelweis.hu\/genomikai-medicina\/files\/2018\/10\/Eg\u00e9szs\u00e9gt\u00e1rh\u00e1z_k\u00e9rd\u0151\u00edv.pdf\">Eg\u00e9szs\u00e9gt\u00e1rh\u00e1z k\u00e9rd\u0151\u00edv let\u00f6lthet\u0151 itt<\/a><\/p>\n","protected":false},"excerpt":{"rendered":"<p>Tisztelt H\u00f6lgyem\/Uram! Egy nagyszab\u00e1s\u00fa hazai kutat\u00e1si programunkhoz szeretn\u00e9nk seg\u00edts\u00e9g\u00e9t k\u00e9rni. Eg\u00e9szs\u00e9ges id\u0151s egy\u00e9neket keres\u00fcnk, abb\u00f3l a c\u00e9lb\u00f3l, hogy eg\u00e9szs\u00e9gre hajlamos\u00edt\u00f3 genetikai vari\u00e1nsokat azonos\u00edtsunk, illetve elk\u00e9sz\u00edts\u00fck a magyar referencia genomot (g\u00e9nt\u00e9rk\u00e9p adatb\u00e1zist). Minden n\u00e9pnek sz\u00fcks\u00e9ge van genetikai adatainak megismer\u00e9s\u00e9re, nek\u00fcnk magyaroknak k\u00fcl\u00f6n\u00f6sen fontos, hogy megismerj\u00fck a lakoss\u00e1gunkra jellegzetes genetikai vari\u00e1ci\u00f3kat, hiszen t\u00f6rt\u00e9nelm\u00fcnknek k\u00f6sz\u00f6nhet\u0151en igen sz\u00ednes genetikai &hellip;<\/p>\n","protected":false},"author":101429,"featured_media":0,"parent":2456,"menu_order":1,"comment_status":"closed","ping_status":"closed","template":"","meta":{"_acf_changed":false,"footnotes":""},"categories":[],"tags":[],"class_list":["post-2665","page","type-page","status-publish","hentry"],"acf":[],"_links":{"self":[{"href":"https:\/\/semmelweis.hu\/genomikai-medicina\/wp-json\/wp\/v2\/pages\/2665","targetHints":{"allow":["GET"]}}],"collection":[{"href":"https:\/\/semmelweis.hu\/genomikai-medicina\/wp-json\/wp\/v2\/pages"}],"about":[{"href":"https:\/\/semmelweis.hu\/genomikai-medicina\/wp-json\/wp\/v2\/types\/page"}],"author":[{"embeddable":true,"href":"https:\/\/semmelweis.hu\/genomikai-medicina\/wp-json\/wp\/v2\/users\/101429"}],"replies":[{"embeddable":true,"href":"https:\/\/semmelweis.hu\/genomikai-medicina\/wp-json\/wp\/v2\/comments?post=2665"}],"version-history":[{"count":6,"href":"https:\/\/semmelweis.hu\/genomikai-medicina\/wp-json\/wp\/v2\/pages\/2665\/revisions"}],"predecessor-version":[{"id":2844,"href":"https:\/\/semmelweis.hu\/genomikai-medicina\/wp-json\/wp\/v2\/pages\/2665\/revisions\/2844"}],"up":[{"embeddable":true,"href":"https:\/\/semmelweis.hu\/genomikai-medicina\/wp-json\/wp\/v2\/pages\/2456"}],"wp:attachment":[{"href":"https:\/\/semmelweis.hu\/genomikai-medicina\/wp-json\/wp\/v2\/media?parent=2665"}],"wp:term":[{"taxonomy":"category","embeddable":true,"href":"https:\/\/semmelweis.hu\/genomikai-medicina\/wp-json\/wp\/v2\/categories?post=2665"},{"taxonomy":"post_tag","embeddable":true,"href":"https:\/\/semmelweis.hu\/genomikai-medicina\/wp-json\/wp\/v2\/tags?post=2665"}],"curies":[{"name":"wp","href":"https:\/\/api.w.org\/{rel}","templated":true}]}}

Nemzeti Egészségtárház

<p style="text-align: justify">Tisztelt Hölgyem/Uram!</p>
<p style="text-align: justify">Egy nagyszabású hazai kutatási programunkhoz szeretnénk segítségét kérni.</p>
<p style="text-align: justify">Egészséges idős egyéneket keresünk, abból a célból, hogy egészségre hajlamosító genetikai variánsokat azonosítsunk, illetve elkészítsük a magyar referencia genomot (géntérkép adatbázist). Minden népnek szüksége van genetikai adatainak megismerésére, nekünk magyaroknak különösen fontos, hogy megismerjük a lakosságunkra jellegzetes genetikai variációkat, hiszen történelmünknek köszönhetően igen színes genetikai palettával rendelkezünk. Így az egyes betegségek rizikóinak becslése során nem használhatjuk kizárólagosan a Nyugat-Európai referenciákat, de az ázsiaiakat sem.</p>
<p style="text-align: justify">A Nemzeti Bionikai Program támogatja kutatásunkat, amely keretén belül 100, egészséges, idős egyén teljes géntérképét szeretnénk elkészíteni (genomjukat szekvenálni, feltérképezni).</p>
<p style="text-align: justify">A kutatásban való részvétel a szűrő vizsgálaton való megjelenésből (EKG és laboratóriumi szűrés) és a genetikai vizsgálatba való beleegyezésből áll. Maga a genomikai vizsgálat egyszerű vérminta vételt jelent. Amennyiben az egyén igényli, a teljes géntérkép adatokat egy CD-n rendelkezésre bocsájtjuk és annak gyermeki és unokái is hasznát vehetik majd a jövőben különböző egészségügyi kérdések kapcsán. A genetikai információ ugyanis egy olyan örökös adat, amelyet folyamatosan újra és újra lehet elemezni, ha az orvostudomány újabb ismeretekkel rendelkezik a genetikai variánsaink jelentőségéről.</p>
<p style="text-align: justify">A genomikai adatokat név nélkül fogjuk tárolni. Azok a jövőben nagy segítséget fognak nyújtani minden genetikával foglalkozó kutatónak, foglalkozzon az illető egészségüggyel kapcsolatos, vagy régészeti kutatásokkal.</p>
<p style="text-align: justify">Amennyiben Ön elmúlt 75 éves és eddig a fertőző betegségeken, baleseteken, kisebb műtéteken (mint pl. mandula, vakbél, epehólyag) kívül nem volt nagyobb betegsége, tisztelettel kérjük, hogy <a href="https://docs.google.com/forms/d/e/1FAIpQLScuKjKnuzNIg-5OqG4ePwTjclnYPhaCRYMVUm2_YPwq40V0fw/viewform">ide kattintva, közvetlenül töltse ki online kérdőívünket</a>, vagy legyen kedves a <a href="https://semmelweis.hu/genomikai-medicina/files/2018/10/Egészségtárház_kérdőív.pdf">ide kattintva letölteni a kérdőívet</a>, és kitöltve, postai úton vagy e-mailen a következő címre visszaküldeni:</p>
<p style="text-align: justify"><strong>Dr. Molnár Mária Judit</strong></p>
<p style="text-align: justify"><strong>Genomikai Medicina és Ritka Betegségek Intézete</strong></p>
<p style="text-align: justify"><strong>Semmelweis Egyetem</strong></p>
<p style="text-align: justify"><a href="https://goo.gl/maps/21nPx7eLWiLrV2HRA"><b>1082 Budapest, Üllői út 78/B</b></a></p>
<p style="text-align: justify">email: <a href="mailto:egeszsegtar@med.semmelweis-univ.hu">egeszsegtar@med.semmelweis-univ.hu.</a></p>
<p style="text-align: justify">Ha további kérdései vannak a kutatással kapcsolatban, kérjük írjon a fenti email címre, vagy hívja a +36 20 666 3493 telefonszámot. A jelentkezők beküldött adatait áttekintjük, azok közül azokat az egyéneket, akik az előzetes adatok szerint alkalmasnak tűnnek a beválasztásra megvizsgáljuk, és szűrő vizsgálatokat végzünk. Abban az esetben kerül az illető a kutatásba, ha ezeknek a vizsgálatoknak az eredményei sem találnak kizáró betegséget.</p>
<p style="text-align: justify">Amennyiben Ön nem akar, vagy régebbi/meglévő betegsége miatt nem tud jelentkezni, de ismerősei között vannak idős, egészséges egyének, kérjük, legyen kedves hozzájuk eljuttatni ezt az információt és a kérdőívet. Amennyiben az illető személyesen szeretné intézetünkben kitölteni a kérdőívet arra is van lehetőség.</p>
<p style="text-align: justify">Köszönjük szépen, hogy támogatja ezt az országos szinten fontos programot!</p>
<p style="text-align: justify">Tisztelettel</p>
<p style="text-align: justify">Dr. Molnár Mária Judit</p>
<p style="text-align: justify">a projekt vezetője</p>
<p>&nbsp;</p>
<p><a href="https://semmelweis.hu/genomikai-medicina/files/2018/10/Egészségtárház_kérdőív.pdf">Egészségtárház kérdőív letölthető itt</a></p>

<p>Tisztelt Hölgyem/Uram! Egy nagyszabású hazai kutatási programunkhoz szeretnénk segítségét kérni. Egészséges idős egyéneket keresünk, abból a célból, hogy egészségre hajlamosító genetikai variánsokat azonosítsunk, illetve elkészítsük a magyar referencia genomot (géntérkép adatbázist). Minden népnek szüksége van genetikai adatainak megismerésére, nekünk magyaroknak különösen fontos, hogy megismerjük a lakosságunkra jellegzetes genetikai variációkat, hiszen történelmünknek köszönhetően igen színes genetikai &hellip;</p>
