{"id":1643,"date":"2016-02-16T15:59:04","date_gmt":"2016-02-16T14:59:04","guid":{"rendered":"http:\/\/semmelweis.hu\/genomikai-medicina\/?page_id=1643"},"modified":"2026-02-17T13:49:11","modified_gmt":"2026-02-17T12:49:11","slug":"munkatarsak-2","status":"publish","type":"page","link":"https:\/\/semmelweis.hu\/genomikai-medicina\/az-intezetrol\/munkatarsak-2\/","title":{"rendered":"Munkat\u00e1rsak"},"content":{"rendered":"<p><img loading=\"lazy\" decoding=\"async\" class=\" wp-image-3704 alignright\" src=\"https:\/\/semmelweis.hu\/genomikai-medicina\/files\/2022\/08\/Molnar-Maria-Judit-400x400.jpg\" alt=\"\" width=\"150\" height=\"150\" \/><b>Moln\u00e1r M\u00e1ria Judit Prof. Dr.<\/b><\/p>\n<p><b>egyetemi tan\u00e1r, int\u00e9zetvezet\u0151<\/b><\/p>\n<p>(1) 459 1500\/66601<\/p>\n<p><a href=\"mailto:molnar.mariajudit@semmelweis.hu\">molnar.mariajudit@semmelweis.hu<\/a><\/p>\n<p><a href=\"https:\/\/semmelweis.hu\/genomikai-medicina\/files\/2023\/08\/MMJ-CV-2023_HU.pdf\" target=\"_blank\" rel=\"noopener noreferrer\">\u00d6n\u00e9letrajz<\/a><\/p>\n<hr \/>\n<p><img loading=\"lazy\" decoding=\"async\" class=\" wp-image-3723 alignright\" src=\"https:\/\/semmelweis.hu\/genomikai-medicina\/files\/2022\/08\/Balicza-Peter-400x400.jpg\" alt=\"\" width=\"150\" height=\"150\" \/><\/p>\n<p><strong>Balicza P\u00e9ter Dr.<\/strong><\/p>\n<div dir=\"ltr\">\n<div>\n<div dir=\"ltr\">\n<div class=\"gmail_default\">PhD, neurol\u00f3gus szakorvos, gyermekneurol\u00f3gus szakorvos jel\u00f6lt<\/div>\n<\/div>\n<\/div>\n<div>\u00a0<\/div>\n<div>(1) 459 1500\/66198<\/div>\n<div>\u00a0<\/div>\n<\/div>\n<p style=\"text-align: left\"><a href=\"mailto:balicza.peter@semmelweis.hu\">balicza.peter@semmelweis.hu<\/a><\/p>\n<hr \/>\n<p><img loading=\"lazy\" decoding=\"async\" class=\" wp-image-3724 alignright\" src=\"https:\/\/semmelweis.hu\/genomikai-medicina\/files\/2022\/08\/Balicza-Ripka-Eszter_v-400x400.jpg\" alt=\"\" width=\"150\" height=\"150\" srcset=\"https:\/\/semmelweis.hu\/genomikai-medicina\/files\/2022\/08\/Balicza-Ripka-Eszter_v-400x400.jpg 400w, https:\/\/semmelweis.hu\/genomikai-medicina\/files\/2022\/08\/Balicza-Ripka-Eszter_v-1024x1024.jpg 1024w, https:\/\/semmelweis.hu\/genomikai-medicina\/files\/2022\/08\/Balicza-Ripka-Eszter_v-150x150.jpg 150w, https:\/\/semmelweis.hu\/genomikai-medicina\/files\/2022\/08\/Balicza-Ripka-Eszter_v-768x769.jpg 768w, https:\/\/semmelweis.hu\/genomikai-medicina\/files\/2022\/08\/Balicza-Ripka-Eszter_v-1534x1536.jpg 1534w, https:\/\/semmelweis.hu\/genomikai-medicina\/files\/2022\/08\/Balicza-Ripka-Eszter_v-2046x2048.jpg 2046w, https:\/\/semmelweis.hu\/genomikai-medicina\/files\/2022\/08\/Balicza-Ripka-Eszter_v-753x754.jpg 753w\" sizes=\"auto, (max-width: 150px) 100vw, 150px\" \/><\/p>\n<p><strong>Balicza-Ripka Eszter<\/strong><\/p>\n<div dir=\"ltr\">\n<div>\n<div dir=\"ltr\">\n<div class=\"gmail_default\">szervez\u00e9si \u00e9s inform\u00e1ci\u00f3s szak\u00e9rt\u0151<\/div>\n<div>\u00a0<\/div>\n<\/div>\n<\/div>\n<div>(1) 459 1500\/66603<\/div>\n<div>\u00a0<\/div>\n<\/div>\n<hr \/>\n<p><img loading=\"lazy\" decoding=\"async\" class=\"wp-image-3727 alignright\" src=\"https:\/\/semmelweis.hu\/genomikai-medicina\/files\/2022\/08\/Benedek-Peter-400x400.jpg\" alt=\"\" width=\"150\" height=\"150\" \/><\/p>\n<p><strong>Benedek P\u00e9ter Dr.\u00a0<\/strong><\/p>\n<div dir=\"ltr\">\n<div>neurol\u00f3gus rezidens<\/div>\n<\/div>\n<div>\u00a0<\/div>\n<div>(1) 459 1500\/66195<\/div>\n<div>\u00a0<\/div>\n<div dir=\"ltr\">\n<div><a href=\"mailto:benedek.peter@semmelweis.hu\">benedek.peter@semmelweis.hu<\/a><\/div>\n<div>\n<hr \/>\n<div>\u00a0<\/div>\n<\/div>\n<\/div>\n<div dir=\"ltr\">\n<div><strong>Borsos Be\u00e1ta Dr.<img loading=\"lazy\" decoding=\"async\" class=\"wp-image-3728 alignright\" src=\"https:\/\/semmelweis.hu\/genomikai-medicina\/files\/2022\/08\/Borsos-Beata-400x400.jpg\" alt=\"\" width=\"150\" height=\"150\" \/><\/strong><\/div>\n<div>\u00a0<\/div>\n<\/div>\n<div dir=\"ltr\">\n<div>klinikai genetikus szakorvos<\/div>\n<div>\u00a0<\/div>\n<\/div>\n<div>(1) 459 1500\/66128<\/div>\n<div dir=\"ltr\">\n<div>\u00a0<\/div>\n<\/div>\n<div dir=\"ltr\"><a href=\"mailto:borsos.beata@semmelweis.hu\" target=\"_blank\" rel=\"noopener noreferrer\">borsos.beata@semmelweis.hu<\/a><\/p>\n<hr \/>\n<p><strong>Buzai-Kiss Lilla<img loading=\"lazy\" decoding=\"async\" class=\"wp-image-3729 alignright\" src=\"https:\/\/semmelweis.hu\/genomikai-medicina\/files\/2022\/08\/Buzai-Kiss-Lilla_v-400x400.jpg\" alt=\"\" width=\"150\" height=\"150\" \/><\/strong><\/p>\n<div dir=\"ltr\">\n<div>PhD hallgat\u00f3<\/div>\n<div>\u00a0<\/div>\n<\/div>\n<div>(1) 459 1500\/66126<\/div>\n<\/div>\n<div>\u00a0<\/div>\n<hr \/>\n<p><img loading=\"lazy\" decoding=\"async\" class=\"wp-image-3730 alignright\" src=\"https:\/\/semmelweis.hu\/genomikai-medicina\/files\/2022\/08\/Csaban-Dora_v-400x400.jpg\" alt=\"\" width=\"150\" height=\"150\" \/><\/p>\n<p><strong>Csab\u00e1n D\u00f3ra Dr.<\/strong><\/p>\n<p>biom\u00e9rn\u00f6k\u00a0<\/p>\n<p>&nbsp;<\/p>\n<hr \/>\n<p><img loading=\"lazy\" decoding=\"async\" class=\"wp-image-3708 alignright\" src=\"https:\/\/semmelweis.hu\/genomikai-medicina\/files\/2022\/08\/Sagi-Judit-400x400.jpg\" alt=\"\" width=\"150\" height=\"150\" \/><\/p>\n<p><strong><span class=\"gmail_default\">Cs\u00e1nyin\u00e9 S\u00e1gi Judit Dr.<\/span><\/strong><\/p>\n<div dir=\"ltr\">\n<div>klinikai genetikus szakorvos<\/div>\n<\/div>\n<div>\u00a0<\/div>\n<div>\n<div dir=\"ltr\"><span style=\"font-size: 1rem\">(1) 459 1500\/66128<\/span><\/div>\n<div dir=\"ltr\">\u00a0<\/div>\n<div dir=\"ltr\"><a href=\"mailto:sagi.judit@semmelweis.hu\" target=\"_blank\" rel=\"noopener noreferrer\">sagi.judit@semmelweis.hu<\/a>\u00a0<\/div>\n<\/div>\n<div>\u00a0<\/div>\n<div><a href=\"https:\/\/semmelweis.hu\/genomikai-medicina\/files\/2022\/01\/Sagi-Judit-CV_210914_honlapra.pdf\">\u00d6n\u00e9letrajz<\/a><\/div>\n<hr \/>\n<p><strong><img loading=\"lazy\" decoding=\"async\" class=\"wp-image-3731 alignright\" src=\"https:\/\/semmelweis.hu\/genomikai-medicina\/files\/2022\/08\/Csendes-Barbara-400x400.jpg\" alt=\"\" width=\"150\" height=\"150\" \/>Csendes Barbara Dr.<\/strong><\/p>\n<p>klinikai genetikus szakorvos<\/p>\n<p>(1) 459 1500\/66128<\/p>\n<div dir=\"ltr\">\n<div><a href=\"mailto:csendes.barbara@semmelweis.hu\" target=\"_blank\" rel=\"noopener noreferrer\">csendes.barbara@semmelweis.hu<\/a><\/div>\n<\/div>\n<hr \/>\n<p><img loading=\"lazy\" decoding=\"async\" class=\"wp-image-3732 alignright\" src=\"https:\/\/semmelweis.hu\/genomikai-medicina\/files\/2022\/08\/Deak-Sandor-400x400.jpg\" alt=\"\" width=\"150\" height=\"150\" \/><\/p>\n<p><strong>De\u00e1k S\u00e1ndor<\/strong><\/p>\n<p>informatikus<\/p>\n<p>(20) 825 0190<\/p>\n<p><a href=\"mailto:deak.sandor@semmelweis.hu\">deak.sandor@semmelweis.hu<\/a><\/p>\n<div dir=\"ltr\">\n<div dir=\"ltr\">\n<div dir=\"ltr\">\n<div>\n<hr \/>\n<\/div>\n<\/div>\n<\/div>\n<\/div>\n<p><strong><img loading=\"lazy\" decoding=\"async\" class=\"wp-image-3734 alignright\" src=\"https:\/\/semmelweis.hu\/genomikai-medicina\/files\/2022\/08\/Fodor-Andras-400x400.jpg\" alt=\"\" width=\"150\" height=\"150\" \/>Fodor Andr\u00e1s<\/strong><\/p>\n<p>projektmenedzser<\/p>\n<p><a href=\"mailto:fodor.andras1@semmelweis.hu\">fodor.andras1@semmelweis.hu<\/a><\/p>\n<p>&nbsp;<\/p>\n<hr \/>\n<p><img loading=\"lazy\" decoding=\"async\" class=\"wp-image-3735 alignright\" src=\"https:\/\/semmelweis.hu\/genomikai-medicina\/files\/2022\/08\/Gal-Aniko-400x400.jpg\" alt=\"\" width=\"150\" height=\"150\" \/><\/p>\n<p><strong>G\u00e1l Anik\u00f3 Dr.<\/strong><\/p>\n<div dir=\"ltr\">\n<div>adjunktus, molekul\u00e1ris genetikai diagnoszta<\/div>\n<div>\u00a0<\/div>\n<div>(1) 459 1500\/66183, (20) 663 2516<\/div>\n<\/div>\n<p><a href=\"mailto:gal.aniko@semmelweis.hu\">gal.aniko@semmelweis.hu<\/a><\/p>\n<p><a href=\"https:\/\/semmelweis.hu\/genomikai-medicina\/files\/2016\/02\/CV_G\u00e1l_Anik\u00f3-141201.pdf\" target=\"_blank\" rel=\"noopener noreferrer\">\u00d6n\u00e9letrajz<\/a><\/p>\n<hr \/>\n<p><strong>Golarits Katalin R\u00e9ka\u00a0<\/strong><\/p>\n<div dir=\"ltr\">\n<div>\n<p>orvosi asszisztens<\/p>\n<p><span style=\"font-size: 1rem\">(1) 459 1500\/66123, (30) 877 2389<\/span><\/p>\n<p><a href=\"mailto:ritkaamb@semmelweis.hu\">ritkaamb@semmelweis.hu<\/a><span style=\"font-size: 1rem\">\u00a0<\/span><\/p>\n<\/div>\n<\/div>\n<hr \/>\n<p><img loading=\"lazy\" decoding=\"async\" class=\"wp-image-3737 alignright\" src=\"https:\/\/semmelweis.hu\/genomikai-medicina\/files\/2022\/08\/Grosz-Zoltan-400x400.jpg\" alt=\"\" width=\"150\" height=\"150\" \/><\/p>\n<p><strong>Grosz Zolt\u00e1n Dr.<\/strong><\/p>\n<div dir=\"ltr\">\n<div>neurol\u00f3gus klinikai f\u0151orvos, klinikai neurofiziol\u00f3gus<\/div>\n<div>\u00a0<\/div>\n<\/div>\n<p><a href=\"mailto:grosz.zoltan@semmelweis.hu\">grosz.zoltan@semmelweis.hu<\/a><\/p>\n<p><a href=\"https:\/\/semmelweis.hu\/genomikai-medicina\/files\/2018\/05\/CVAhonlap_Grosz.pdf\" target=\"_blank\" rel=\"noopener noreferrer\">\u00d6n\u00e9letrajz<\/a><\/p>\n<hr \/>\n<p><img loading=\"lazy\" decoding=\"async\" class=\"wp-image-3738 alignright\" src=\"https:\/\/semmelweis.hu\/genomikai-medicina\/files\/2022\/08\/Jimoh-Idris-Janos-400x400.jpg\" alt=\"\" width=\"150\" height=\"150\" \/><\/p>\n<p><strong>Jimoh Idris J\u00e1nos Dr.<\/strong><\/p>\n<p>klinikai genetikus szakorvos<\/p>\n<p>(1) 459 1500\/66183<\/p>\n<div id=\"divtagdefaultwrapper\" dir=\"ltr\" style=\"font-size: 12pt;font-family: Calibri,Helvetica,sans-serif;color: #000000\">\n<p><span style=\"font-size: 14pt\"><a href=\"mailto:jimoh.idris.janos@semmelweis.hu\">jimoh.idris.janos@semmelweis.hu<\/a><\/span><\/p>\n<\/div>\n<hr \/>\n<p><img loading=\"lazy\" decoding=\"async\" class=\"wp-image-3740 alignright\" src=\"https:\/\/semmelweis.hu\/genomikai-medicina\/files\/2022\/08\/Laszlo-Izabella-400x400.jpg\" alt=\"\" width=\"150\" height=\"150\" \/><\/p>\n<p><strong>L\u00e1szl\u00f3 Izabella<\/strong><\/p>\n<p>int\u00e9zeti vezet\u0151 asszisztens<\/p>\n<p>(1) 459 1492, (20) 666 3426<\/p>\n<p><a href=\"mailto:laszlo.izabella@semmelweis.hu\">laszlo.izabella@semmelweis.hu<\/a><\/p>\n<div><a href=\"mailto:molneur@semmelweis.hu\">molneur@semmelweis.hu<\/a><\/div>\n<div>\n<hr \/>\n<\/div>\n<div>\n<p><strong>Losonczi Ant\u00f3nia\u00a0<\/strong><\/p>\n<p>klinikai szakpszichol\u00f3gus<\/p>\n<p>(1) 459 1500\/66193<\/p>\n<div><a href=\"mailto:losonczi.antonia@semmelweis.hu\">losonczi.antonia@semmelweis.hu<\/a><\/div>\n<\/div>\n<hr \/>\n<p><img loading=\"lazy\" decoding=\"async\" class=\"wp-image-3703 alignright\" src=\"https:\/\/semmelweis.hu\/genomikai-medicina\/files\/2022\/08\/Marko-Marianna-400x400.jpg\" alt=\"\" width=\"150\" height=\"150\" \/><\/p>\n<p><strong>Mark\u00f3 Marianna<\/strong><\/p>\n<p>immunhisztok\u00e9miai szakasszisztens<\/p>\n<p>(1) 459 1500\/66182, (20) 663 2517<\/p>\n<p><a href=\"mailto:marko.marianna@semmelweis.hu\">marko.marianna@semmelweis.hu<\/a><\/p>\n<hr \/>\n<p><strong><img loading=\"lazy\" decoding=\"async\" class=\"wp-image-3705 alignright\" src=\"https:\/\/semmelweis.hu\/genomikai-medicina\/files\/2022\/08\/Molnar-Viktor_v-400x400.jpg\" alt=\"\" width=\"150\" height=\"150\" \/>Moln\u00e1r Viktor Dr.<\/strong><\/p>\n<div dir=\"ltr\">\n<div>klinikai genetikus szakorvos, adjunktus<\/div>\n<div>\u00a0<\/div>\n<div>(1) 459 1500\/66124<\/div>\n<div>\n<p>&nbsp;<\/p>\n<hr \/>\n<\/div>\n<\/div>\n<p><strong>Nagy Dominka Dr.<\/strong><\/p>\n<p>klinikai laborat\u00f3riumi genetikus rezidens<\/p>\n<p>(1) 459 1500\/66126<\/p>\n<p><a href=\"mailto:nagy.dominika1@semmelweis.hu\">nagy.dominika1@semmelweis.hu<\/a><\/p>\n<hr \/>\n<div>\n<p><strong>Nagy Zs\u00f3fia Fl\u00f3ra Dr.<img loading=\"lazy\" decoding=\"async\" class=\" wp-image-3903 alignright\" src=\"https:\/\/semmelweis.hu\/genomikai-medicina\/files\/2023\/05\/Nagy-Zsofia-Flora-1-400x400.jpg\" alt=\"\" width=\"150\" height=\"150\" srcset=\"https:\/\/semmelweis.hu\/genomikai-medicina\/files\/2023\/05\/Nagy-Zsofia-Flora-1-400x400.jpg 400w, https:\/\/semmelweis.hu\/genomikai-medicina\/files\/2023\/05\/Nagy-Zsofia-Flora-1-1024x1024.jpg 1024w, https:\/\/semmelweis.hu\/genomikai-medicina\/files\/2023\/05\/Nagy-Zsofia-Flora-1-150x150.jpg 150w, https:\/\/semmelweis.hu\/genomikai-medicina\/files\/2023\/05\/Nagy-Zsofia-Flora-1-768x768.jpg 768w, https:\/\/semmelweis.hu\/genomikai-medicina\/files\/2023\/05\/Nagy-Zsofia-Flora-1-1536x1536.jpg 1536w, https:\/\/semmelweis.hu\/genomikai-medicina\/files\/2023\/05\/Nagy-Zsofia-Flora-1-2048x2048.jpg 2048w, https:\/\/semmelweis.hu\/genomikai-medicina\/files\/2023\/05\/Nagy-Zsofia-Flora-1-753x753.jpg 753w\" sizes=\"auto, (max-width: 150px) 100vw, 150px\" \/><\/strong><\/p>\n<p>klinika genetikus rezidens orvos<\/p>\n<div><a href=\"tel:14591500\">(1) 459 1500<\/a>\/66128<\/div>\n<div>\u00a0<\/div>\n<div>\n<div><span style=\"color: #1e2326\"><a href=\"mailto:nagy.zsofia.flora@semmelweis.hu\">nagy.zsofia.flora@semmelweis.hu<\/a><\/span><\/div>\n<\/div>\n<\/div>\n<hr \/>\n<p><img loading=\"lazy\" decoding=\"async\" class=\"wp-image-3706 alignright\" src=\"https:\/\/semmelweis.hu\/genomikai-medicina\/files\/2022\/08\/Nagy-Zsuzsanna-400x400.jpg\" alt=\"\" width=\"150\" height=\"150\" \/><\/p>\n<p><strong>Nagy Zsuzsanna<\/strong><\/p>\n<p>szakasszisztens<\/p>\n<p>(1) 459 1500\/66696<\/p>\n<p>&nbsp;<\/p>\n<hr \/>\n<p><img loading=\"lazy\" decoding=\"async\" class=\"wp-image-3747 alignright\" src=\"https:\/\/semmelweis.hu\/genomikai-medicina\/files\/2022\/08\/Palasti-Agnes_v-400x400.jpg\" alt=\"\" width=\"150\" height=\"150\" srcset=\"https:\/\/semmelweis.hu\/genomikai-medicina\/files\/2022\/08\/Palasti-Agnes_v-400x400.jpg 400w, https:\/\/semmelweis.hu\/genomikai-medicina\/files\/2022\/08\/Palasti-Agnes_v-1024x1024.jpg 1024w, https:\/\/semmelweis.hu\/genomikai-medicina\/files\/2022\/08\/Palasti-Agnes_v-150x150.jpg 150w, https:\/\/semmelweis.hu\/genomikai-medicina\/files\/2022\/08\/Palasti-Agnes_v-768x768.jpg 768w, https:\/\/semmelweis.hu\/genomikai-medicina\/files\/2022\/08\/Palasti-Agnes_v-753x753.jpg 753w, https:\/\/semmelweis.hu\/genomikai-medicina\/files\/2022\/08\/Palasti-Agnes_v.jpg 1386w\" sizes=\"auto, (max-width: 150px) 100vw, 150px\" \/><\/p>\n<p><strong>Pal\u00e1sti \u00c1gnes Dr.<\/strong><\/p>\n<p>neurol\u00f3gus klinikai f\u0151orvos<\/p>\n<p>(1) 459 1500\/66198<\/p>\n<div dir=\"ltr\">\n<div><a href=\"mailto:palasti.agnes_katalin@semmelweis.hu\">palasti.agnes_katalin@semmelweis.hu<\/a><\/div>\n<div>\u00a0<\/div>\n<\/div>\n<p><a href=\"https:\/\/semmelweis.hu\/genomikai-medicina\/files\/2020\/04\/Pal\u00e1sti-\u00c1gnes-CV-magyar-honlapra.pdf\" target=\"_blank\" rel=\"noopener noreferrer\">\u00d6n\u00e9letrajz<\/a><\/p>\n<hr \/>\n<p><img loading=\"lazy\" decoding=\"async\" class=\"wp-image-3742 alignright\" src=\"https:\/\/semmelweis.hu\/genomikai-medicina\/files\/2022\/08\/Pentelenyi-Klara_v-400x400.jpg\" alt=\"\" width=\"150\" height=\"150\" \/><\/p>\n<p><strong>Pentel\u00e9nyi Kl\u00e1ra Dr.<\/strong>\u00a0<\/p>\n<p>molekul\u00e1ris biol\u00f3gus\u00a0<\/p>\n<p>(1) 459 1500\/66126<\/p>\n<p><a href=\"mailto:pentelenyi.klara@semmelweis.hu\">pentelenyi.klara@semmelweis.hu<\/a><\/p>\n<p><a href=\"https:\/\/semmelweis.hu\/genomikai-medicina\/files\/2016\/02\/CV_Pentel\u00e9nyiKl\u00e1ra-1.pdf\" target=\"_blank\" rel=\"noopener noreferrer\">\u00d6n\u00e9letrajz<\/a><\/p>\n<hr \/>\n<p><strong>Ripsz\u00e1m Emese Rebeka Dr.<\/strong><\/p>\n<p>klinikai genetikus rezidens<\/p>\n<p>(1) 459 1500\/66128<\/p>\n<p><a href=\"mailto:ripszam.emese@semmelweis.hu\">ripszam.emese@semmelweis.hu<\/a>\u00a0<\/p>\n<hr \/>\n<p><img loading=\"lazy\" decoding=\"async\" class=\"wp-image-3709 alignright\" src=\"https:\/\/semmelweis.hu\/genomikai-medicina\/files\/2022\/08\/Sary-Monika-400x400.jpg\" alt=\"\" width=\"150\" height=\"150\" \/><\/p>\n<p><strong>S\u00e1ry M\u00f3nika<\/strong><\/p>\n<p>hum\u00e1ngenetikai szakasszisztens<\/p>\n<p>(1) 459 1500\/66182<\/p>\n<p><a href=\"mailto:sary.monika@semmelweis.hu\">sary.monika@semmelweis.hu<\/a><\/p>\n<hr \/>\n<p><strong>Surj\u00e1n Kinga<br \/>\n<\/strong><\/p>\n<p>gy\u00f3gytorn\u00e1sz<\/p>\n<p>(1) 459 1500\/69564, (30) 016 4212\u00a0<\/p>\n<div dir=\"ltr\">\n<div>\n<hr \/>\n<\/div>\n<\/div>\n<p><strong>Szegedi M\u00e1rta Dr.\u00a0<\/strong><\/p>\n<p><img loading=\"lazy\" decoding=\"async\" class=\"wp-image-3712 alignright\" src=\"https:\/\/semmelweis.hu\/genomikai-medicina\/files\/2022\/08\/Szegedi-Marta-400x400.jpg\" alt=\"\" width=\"150\" height=\"150\" srcset=\"https:\/\/semmelweis.hu\/genomikai-medicina\/files\/2022\/08\/Szegedi-Marta-400x400.jpg 400w, https:\/\/semmelweis.hu\/genomikai-medicina\/files\/2022\/08\/Szegedi-Marta-1024x1024.jpg 1024w, https:\/\/semmelweis.hu\/genomikai-medicina\/files\/2022\/08\/Szegedi-Marta-150x150.jpg 150w, https:\/\/semmelweis.hu\/genomikai-medicina\/files\/2022\/08\/Szegedi-Marta-768x768.jpg 768w, https:\/\/semmelweis.hu\/genomikai-medicina\/files\/2022\/08\/Szegedi-Marta-1536x1536.jpg 1536w, https:\/\/semmelweis.hu\/genomikai-medicina\/files\/2022\/08\/Szegedi-Marta-2048x2048.jpg 2048w, https:\/\/semmelweis.hu\/genomikai-medicina\/files\/2022\/08\/Szegedi-Marta-753x753.jpg 753w\" sizes=\"auto, (max-width: 150px) 100vw, 150px\" \/><\/p>\n<div dir=\"ltr\">\n<div>adjunktus, klinikai genetikus szakorvos, orvos-k\u00f6zgazd\u00e1sz,<\/div>\n<div>magyar oktat\u00e1si felel\u0151s<\/div>\n<\/div>\n<p>(1) 459 1500\/66124<\/p>\n<p><a href=\"mailto:szegedi.marta@semmelweis.hu\">szegedi.marta@semmelweis.hu<\/a><\/p>\n<p><a href=\"https:\/\/semmelweis.hu\/genomikai-medicina\/files\/2021\/06\/CV_Dr.Szegedi-M\u00e1rta.doc.pdf\">\u00d6n\u00e9letrajz &#8211; magyar<\/a><\/p>\n<p><a href=\"https:\/\/semmelweis.hu\/genomikai-medicina\/files\/2021\/06\/CV_M\u00e1rta-Szegedi-MD-MSc-PhD.doc.pdf\">CV &#8211; English<\/a><\/p>\n<hr \/>\n<p><strong><img loading=\"lazy\" decoding=\"async\" class=\"wp-image-3713 alignright\" src=\"https:\/\/semmelweis.hu\/genomikai-medicina\/files\/2022\/08\/Szlepak-Tamas-400x400.jpg\" alt=\"\" width=\"150\" height=\"150\" \/>Szlep\u00e1k Tam\u00e1s\u00a0<\/strong><\/p>\n<p>biol\u00f3gus, PhD hallgat\u00f3\u00a0<\/p>\n<p>(1) 459 1500\/66126<\/p>\n<div dir=\"ltr\">\n<div><a href=\"mailto:szlepak.tamas@semmelweis.hu\" target=\"_blank\" rel=\"noopener noreferrer\">szlepak.tamas@semmelweis.hu<\/a><\/div>\n<\/div>\n<hr \/>\n<p><strong><img loading=\"lazy\" decoding=\"async\" class=\"wp-image-3714 alignright\" src=\"https:\/\/semmelweis.hu\/genomikai-medicina\/files\/2022\/08\/Szosznyak-Tunde_v-400x400.jpg\" alt=\"\" width=\"150\" height=\"150\" \/>Szoszny\u00e1k T\u00fcnde<\/strong><\/p>\n<p>szakasszisztens<\/p>\n<p>&nbsp;<\/p>\n<div dir=\"ltr\">\n<div class=\"gmail_default\"><a href=\"mailto:szosznyak.tunde@semmelweis.hu\">szosznyak.tunde@semmelweis.hu<\/a><\/div>\n<div>\u00a0<\/div>\n<\/div>\n<hr \/>\n<p><img loading=\"lazy\" decoding=\"async\" class=\"wp-image-3715 alignright\" src=\"https:\/\/semmelweis.hu\/genomikai-medicina\/files\/2022\/08\/Toth-Andrea-400x400.jpg\" alt=\"\" width=\"150\" height=\"150\" \/><\/p>\n<p><strong>T<\/strong><strong>\u00f3th Andrea<\/strong><\/p>\n<p>titk\u00e1rs\u00e1gvezet\u0151<\/p>\n<p>(1) 459 1483, (1) 459 1500\/66603<\/p>\n<p><a href=\"mailto:toth.andrea@semmelweis.hu\">toth.andrea@semmelweis.hu<\/a><\/p>\n<hr \/>\n<p><strong>T\u00f3th P\u00e9ter Dr.<img loading=\"lazy\" decoding=\"async\" class=\" wp-image-3906 alignright\" src=\"https:\/\/semmelweis.hu\/genomikai-medicina\/files\/2023\/05\/Toth_Peter-400x400.jpg\" alt=\"\" width=\"150\" height=\"150\" srcset=\"https:\/\/semmelweis.hu\/genomikai-medicina\/files\/2023\/05\/Toth_Peter-400x400.jpg 400w, https:\/\/semmelweis.hu\/genomikai-medicina\/files\/2023\/05\/Toth_Peter-1024x1024.jpg 1024w, https:\/\/semmelweis.hu\/genomikai-medicina\/files\/2023\/05\/Toth_Peter-150x150.jpg 150w, https:\/\/semmelweis.hu\/genomikai-medicina\/files\/2023\/05\/Toth_Peter-768x768.jpg 768w, https:\/\/semmelweis.hu\/genomikai-medicina\/files\/2023\/05\/Toth_Peter-1536x1536.jpg 1536w, https:\/\/semmelweis.hu\/genomikai-medicina\/files\/2023\/05\/Toth_Peter-2048x2048.jpg 2048w, https:\/\/semmelweis.hu\/genomikai-medicina\/files\/2023\/05\/Toth_Peter-753x753.jpg 753w\" sizes=\"auto, (max-width: 150px) 100vw, 150px\" \/><\/strong><\/p>\n<div dir=\"ltr\">\n<div>neurol\u00f3gus rezidens<\/div>\n<div>\u00a0<\/div>\n<div>(1) 459 1500\/66195<\/div>\n<div>\u00a0<\/div>\n<div><a href=\"mailto:toth.peter5@semmelweis.hu\">toth.peter5@semmelweis.hu<\/a><\/div>\n<\/div>\n<hr \/>\n<p><strong><img loading=\"lazy\" decoding=\"async\" class=\"wp-image-3716 alignright\" src=\"https:\/\/semmelweis.hu\/genomikai-medicina\/files\/2022\/08\/Toreki-Noemi-400x400.jpg\" alt=\"\" width=\"150\" height=\"150\" \/>T\u00f6reki No\u00e9mi<\/strong><\/p>\n<div dir=\"ltr\">\n<div>oszt\u00e1lyvezet\u0151 \u00e1pol\u00f3<\/div>\n<div>\u00a0<\/div>\n<div>(1) 459 1500\/66127, (20) 670 1169<\/div>\n<div>\u00a0<\/div>\n<div><a href=\"mailto:toreki.noemi@semmelweis.hu\">toreki.noemi@semmelweis.hu<\/a><\/div>\n<\/div>\n<div>\n<hr \/>\n<div dir=\"ltr\">\n<div><strong style=\"font-size: 1rem\">T<\/strong><strong style=\"font-size: 1rem\">rombit\u00e1s Barbara<\/strong><\/div>\n<p><strong><img loading=\"lazy\" decoding=\"async\" class=\"wp-image-3717 alignright\" src=\"https:\/\/semmelweis.hu\/genomikai-medicina\/files\/2022\/08\/Trombitas-Barbara-400x400.jpg\" alt=\"\" width=\"150\" height=\"150\" \/><\/strong><\/div>\n<\/div>\n<p>biol\u00f3gus<\/p>\n<p>(1) 459 1500\/66126<\/p>\n<p><a href=\"mailto:trombitas.barbara@semmelweis.hu\">trombitas.barbara@semmelweis.hu<\/a><\/p>\n<p>&nbsp;<\/p>\n<hr \/>\n<p><img loading=\"lazy\" decoding=\"async\" class=\"wp-image-3718 alignright\" src=\"https:\/\/semmelweis.hu\/genomikai-medicina\/files\/2022\/08\/Udvari-Szabolcs-400x400.jpg\" alt=\"\" width=\"150\" height=\"150\" \/><\/p>\n<p><strong>Udvari Szabolcs Dr.<\/strong><\/p>\n<p>molekul\u00e1ris biol\u00f3gus<\/p>\n<p>(1) 459 1500\/66126<\/p>\n<p><a href=\"mailto:udvari.szabolcs@semmelweis.hu\">udvari.szabolcs@semmelweis.hu<\/a><\/p>\n<p><a href=\"https:\/\/semmelweis.hu\/genomikai-medicina\/files\/2016\/06\/Udvari_Szabolcs_HU.pdf\" target=\"_blank\" rel=\"noopener noreferrer\">\u00d6n\u00e9letrajz<\/a><\/p>\n<hr \/>\n<p><img loading=\"lazy\" decoding=\"async\" class=\"wp-image-3719 alignright\" src=\"https:\/\/semmelweis.hu\/genomikai-medicina\/files\/2022\/08\/Varga-Noemi-400x400.jpg\" alt=\"\" width=\"150\" height=\"150\" \/><\/p>\n<p><strong>Varga No\u00e9mi \u00c1gnes Dr.<\/strong><\/p>\n<div dir=\"ltr\">\n<div>klinikai genetikus szakorvos, tan\u00e1rseg\u00e9d<\/div>\n<div>\u00a0<\/div>\n<div>(1) 459 1500\/66193<\/div>\n<div>\u00a0<\/div>\n<\/div>\n<p><a href=\"https:\/\/semmelweis.hu\/genomikai-medicina\/files\/2016\/02\/Varga-N-CV-magyar.pdf\" target=\"_blank\" rel=\"noopener noreferrer\">\u00d6n\u00e9letrajz<\/a><\/p>\n<hr \/>\n<p><strong>V\u00e1rhegyi Vera Dr.<img loading=\"lazy\" decoding=\"async\" class=\"wp-image-3743 alignright\" src=\"https:\/\/semmelweis.hu\/genomikai-medicina\/files\/2022\/08\/Varhegyi-Vera_v-1-400x400.jpg\" alt=\"\" width=\"150\" height=\"150\" \/><\/strong><\/p>\n<div dir=\"ltr\">\n<div>PhD hallgat\u00f3<\/div>\n<div>\u00a0<\/div>\n<div><a href=\"mailto:varhegyi.vera@semmelweis.hu\">varhegyi.vera@semmelweis.hu<\/a><\/div>\n<div>\u00a0<\/div>\n<\/div>\n<hr \/>\n<p><strong><img loading=\"lazy\" decoding=\"async\" class=\" wp-image-2391 alignright\" src=\"https:\/\/semmelweis.hu\/genomikai-medicina\/files\/2017\/10\/Zeke-H-e1659607141629.jpg\" alt=\"\" width=\"150\" height=\"150\" srcset=\"https:\/\/semmelweis.hu\/genomikai-medicina\/files\/2017\/10\/Zeke-H-e1659607141629.jpg 167w, https:\/\/semmelweis.hu\/genomikai-medicina\/files\/2017\/10\/Zeke-H-e1659607141629-150x150.jpg 150w\" sizes=\"auto, (max-width: 150px) 100vw, 150px\" \/>Zeke Helga Dr.<\/strong><\/p>\n<p>klinikai genetikus szakorvos<\/p>\n<p>&nbsp;<\/p>\n<hr \/>\n<div dir=\"ltr\">\n<div>\u00a0<\/div>\n<\/div>\n<p><em>Az al\u00e1bbi el\u00e9rhet\u0151s\u00e9gi adatok nem haszn\u00e1lhat\u00f3k fel az 1995. \u00e9vi CXIX. t\u00f6rv\u00e9ny szerinti kutat\u00e1s \u00e9s k\u00f6zvetlen \u00fczletszerz\u00e9s c\u00e9lj\u00e1ra.<\/em><\/p>\n<p>&nbsp;<\/p>\n","protected":false},"excerpt":{"rendered":"<p>Moln\u00e1r M\u00e1ria Judit Prof. Dr. egyetemi tan\u00e1r, int\u00e9zetvezet\u0151 (1) 459 1500\/66601 <a href=\"mailto:molnar.mariajudit@semmelweis.hu\">molnar.mariajudit@semmelweis.hu<\/a> <a href=\"https:\/\/semmelweis.hu\/genomikai-medicina\/files\/2023\/08\/MMJ-CV-2023_HU.pdf\" target=\"_blank\" rel=\"noopener noreferrer\">\u00d6n\u00e9letrajz<\/a> Balicza P\u00e9ter Dr. PhD, neurol\u00f3gus szakorvos, gyermekneurol\u00f3gus szakorvos jel\u00f6lt \u00a0 (1) 459 1500\/66198 \u00a0 <a href=\"mailto:balicza.peter@semmelweis.hu\">balicza.peter@semmelweis.hu<\/a> Balicza-Ripka Eszter szervez\u00e9si \u00e9s inform\u00e1ci\u00f3s szak\u00e9rt\u0151 \u00a0 (1) 459 1500\/66603 \u00a0 Benedek P\u00e9ter Dr.\u00a0 neurol\u00f3gus rezidens \u00a0 (1) 459 1500\/66195 \u00a0 <a href=\"mailto:benedek.peter@semmelweis.hu\">benedek.peter@semmelweis.hu<\/a> \u00a0 Borsos Be\u00e1ta Dr. \u00a0 klinikai genetikus szakorvos \u00a0 &hellip;<\/p>\n","protected":false},"author":276,"featured_media":0,"parent":3409,"menu_order":2,"comment_status":"closed","ping_status":"closed","template":"","meta":{"_acf_changed":false,"footnotes":""},"categories":[],"tags":[],"class_list":["post-1643","page","type-page","status-publish","hentry"],"acf":[],"_links":{"self":[{"href":"https:\/\/semmelweis.hu\/genomikai-medicina\/wp-json\/wp\/v2\/pages\/1643","targetHints":{"allow":["GET"]}}],"collection":[{"href":"https:\/\/semmelweis.hu\/genomikai-medicina\/wp-json\/wp\/v2\/pages"}],"about":[{"href":"https:\/\/semmelweis.hu\/genomikai-medicina\/wp-json\/wp\/v2\/types\/page"}],"author":[{"embeddable":true,"href":"https:\/\/semmelweis.hu\/genomikai-medicina\/wp-json\/wp\/v2\/users\/276"}],"replies":[{"embeddable":true,"href":"https:\/\/semmelweis.hu\/genomikai-medicina\/wp-json\/wp\/v2\/comments?post=1643"}],"version-history":[{"count":12,"href":"https:\/\/semmelweis.hu\/genomikai-medicina\/wp-json\/wp\/v2\/pages\/1643\/revisions"}],"predecessor-version":[{"id":4355,"href":"https:\/\/semmelweis.hu\/genomikai-medicina\/wp-json\/wp\/v2\/pages\/1643\/revisions\/4355"}],"up":[{"embeddable":true,"href":"https:\/\/semmelweis.hu\/genomikai-medicina\/wp-json\/wp\/v2\/pages\/3409"}],"wp:attachment":[{"href":"https:\/\/semmelweis.hu\/genomikai-medicina\/wp-json\/wp\/v2\/media?parent=1643"}],"wp:term":[{"taxonomy":"category","embeddable":true,"href":"https:\/\/semmelweis.hu\/genomikai-medicina\/wp-json\/wp\/v2\/categories?post=1643"},{"taxonomy":"post_tag","embeddable":true,"href":"https:\/\/semmelweis.hu\/genomikai-medicina\/wp-json\/wp\/v2\/tags?post=1643"}],"curies":[{"name":"wp","href":"https:\/\/api.w.org\/{rel}","templated":true}]}}