{"id":1350,"date":"2015-02-04T00:42:24","date_gmt":"2015-02-03T23:42:24","guid":{"rendered":"http:\/\/semmelweis.hu\/genomikai-medicina\/?page_id=1350"},"modified":"2025-12-04T13:24:43","modified_gmt":"2025-12-04T12:24:43","slug":"betegeknek","status":"publish","type":"page","link":"https:\/\/semmelweis.hu\/genomikai-medicina\/betegellatas\/betegeknek\/","title":{"rendered":"J\u00e1r\u00f3beteg-ell\u00e1t\u00e1s, betegfelv\u00e9tel"},"content":{"rendered":"<h4><span style=\"color: #ff0000\">\u00c9p\u00edtkez\u00e9s okozta v\u00e1ltoz\u00e1sok!!!<\/span><\/h4>\n<p><strong>A Szent R\u00f3kus T\u00f6mb ter\u00fclet\u00e9n \u00e9p\u00edtkez\u00e9s folyik, ez\u00e9rt a rendel\u00e9seinkre \u00e9s fekv\u0151beteg oszt\u00e1lyunkra akad\u00e1lyoztatott a eljut\u00e1s.<\/strong><\/p>\n<p><strong>Minden esetben a <span style=\"color: #ff0000\">piros nyilakat k\u00f6vess\u00e9k<\/span> a f\u0151bej\u00e1ratt\u00f3l, az udvaron \u00e1t. B\u00e1r a liftes feljut\u00e1s biztos\u00edtott (5. &#8211; 6. lift) hozz\u00e1nk a m\u00e1sodik emeletre, de arra b\u00edztatn\u00e1nk kedves betegeinket, hogy csak sz\u00fcks\u00e9g eset\u00e9n vegy\u00e9k ig\u00e9nybe azt, mert a lift munkater\u00fcleten tal\u00e1lhat\u00f3 \u00e9s m\u0171k\u00f6d\u00e9se bizonytalan. <\/strong><\/p>\n<p><strong>Sajnos a k\u00f6zvetlen\u00fcl mellette tal\u00e1lhat\u00f3 l\u00e9pcs\u0151h\u00e1z le van z\u00e1rva, ez\u00e9rt a Pszichi\u00e1tria l\u00e9pcs\u0151h\u00e1z\u00e1t tudj\u00e1k haszn\u00e1lni, ami kb. 15 m\u00e9terrel od\u00e9bb tal\u00e1lhat\u00f3 a sarokban, a soromp\u00f3val lez\u00e1rt kocsibej\u00e1r\u00f3 m\u00e1sik oldal\u00e1n. <span style=\"color: #ff0000\">Piros nyilas<\/span> t\u00e1bl\u00e1nkat itt is meg fogj\u00e1k tal\u00e1lni.<\/strong><\/p>\n<p><strong>Az eljut\u00e1st az Int\u00e9zm\u00e9ny betegir\u00e1ny\u00edt\u00f3 t\u00e1bl\u00e1i is nagyban seg\u00edtik! M\u00e1r a f\u0151bej\u00e1ratt\u00f3l k\u00f6vethet\u0151 a &#8222;<em>Genomikai Medicina \u00e9s Ritka Betegs\u00e9gek Int\u00e9zete &#8211; Ambulanci\u00e1k, ENG\/EMG&#8221;<\/em> felirat.<\/strong><\/p>\n<p>Meg\u00e9rt\u00e9s\u00fcket \u00e9s t\u00fcrelm\u00fcket k\u00f6sz\u00f6nj\u00fck!<\/p>\n<p>&nbsp;<\/p>\n<div class=\"fontos_div\">\n<p>T\u00e1j\u00e9koztatjuk kedves beteginket, hogy 2025. december 23-31. k\u00f6z\u00f6tt az el\u0151jegyz\u00e9s sz\u00fcnetel.<\/p>\n<p>\u00c1ldott \u00fcnnepeket k\u00edv\u00e1nunk!<\/p>\n<\/div>\n<h4>\u00a0<\/h4>\n<h4><strong>BEUTAL\u00d3<\/strong><\/h4>\n<p>Fontos \u00e9s r\u00e9szletes inform\u00e1ci\u00f3kat tal\u00e1l a <a href=\"https:\/\/semmelweis.hu\/genomikai-medicina\/aktualis\/\"><strong>beutal\u00f3r\u00f3l ide kattintva<\/strong><\/a>!<\/p>\n<p>&nbsp;<\/p>\n<h4 style=\"text-align: justify\"><strong>hogyan tud id\u0151pontot foglalni?<\/strong><\/h4>\n<p>K\u00e9tf\u00e9lek\u00e9ppen foglalhat hozz\u00e1nk id\u0151pontot:<\/p>\n<p><strong>1. Telefonon: el\u0151jegyz\u00e9s k\u00e9rhet\u0151 a+36 20 670 1906-os telefonsz\u00e1mon h\u00e9tk\u00f6znapokon 11.00 \u00e9s 15.00 \u00f3ra k\u00f6z\u00f6tt.\u00a0<\/strong><\/p>\n<p style=\"text-align: justify\">Id\u0151pontfoglal\u00e1skor a rugalmas \u00fcgyint\u00e9z\u00e9s \u00e9rdek\u00e9ben legyenek kedvesek <strong>el\u0151k\u00e9sz\u00edteni<\/strong> az el\u0151jegyzend\u0151 <strong>p\u00e1ciens TAJ sz\u00e1m\u00e1t \u00e9s telefonsz\u00e1m\u00e1t<\/strong>, mert ezeket k\u00e9rdezni fogja \u00fcgyint\u00e9z\u0151 koll\u00e9g\u00e1nk! Annak \u00e9rdek\u00e9ben, hogy a legmegfelel\u0151bb rendel\u00e9st, illetve az \u00d6n betegs\u00e9g\u00e9hez legink\u00e1bb \u00e9rt\u0151 koll\u00e9g\u00e1t tudjuk az el\u0151jegyz\u00e9skor javasolni, j\u00f3 ha a bek\u00fcld\u0151 <strong>diagn\u00f3zis is rendelkez\u00e9sre \u00e1ll<\/strong>. Felh\u00edvn\u00e1nk betegeink figyelm\u00e9t, hogy a rendszer\u00fcnk nem ad foglalt jelz\u00e9st! Akkor is kics\u00f6ng, ha az \u00fcgyint\u00e9z\u0151 koll\u00e9ga h\u00edv\u00e1sban van, \u00edgy fel tudja venni amennyiben az befejez\u0151dik.\u00a0<\/p>\n<p><em>K\u00e9rj\u00fck \u00d6n\u00f6ket, hogy leleteik ut\u00e1n ne ezen a telefonsz\u00e1mon \u00e9rdekl\u0151djenek, hanem az <a href=\"https:\/\/www.eeszt.gov.hu\/hu\/nyito-oldal\">Elektronikus Eg\u00e9szs\u00e9g\u00fcgyi Szolg\u00e1ltat\u00e1si T\u00e9r (<strong>EESZT<\/strong>)<\/a>\u00a0port\u00e1lj\u00e1n\u00a0 tekints\u00e9k meg azokat, vagy n\u00e9v \u00e9s TAJ sz\u00e1m megjel\u00f6l\u00e9ssel a kezel\u0151orvos\u00e1val\u00a0kor\u00e1bban egyeztetett\u00a0email c\u00edmen \u00e9rdekl\u0151djenek!\u00a0<\/em><\/p>\n<p><em>Genetikai leletet csak szem\u00e9lyesen genetikai tan\u00e1csad\u00e1s keret\u00e9ben adhatunk \u00e1t, ez\u00e9rt a tan\u00e1csad\u00e1sra k\u00e9rj\u00fck, id\u0151ben foglaljanak id\u0151pontot! Emailen az ut\u00e1n lehet a genetikai leletek vonatkoz\u00e1s\u00e1ban \u00e9rdekl\u0151dni, hogy elk\u00e9sz\u00fclt-e a lelet.<\/em><\/p>\n<p><strong><strong>2. Emailen: a <a href=\"mailto:ritkaidopont@semmelweis.hu\">ritkaidopont@semmelweis.hu<\/a><\/strong><\/strong><strong>\u00a0e-mail c\u00edmen.<\/strong><\/p>\n<p>Amennyiben az emailes id\u0151pontfoglal\u00e1st v\u00e1lasztj\u00e1k, k\u00e9rj\u00fck, mindenf\u00e9lek\u00e9ppen adj\u00e1k meg a lev\u00e9lben a k\u00f6vetkez\u0151ket: <strong>n\u00e9v, TAJ sz\u00e1m, telefonsz\u00e1m, az \u00d6n sz\u00e1m\u00e1ra alkalmatlan id\u0151pontok, id\u0151szakok. <\/strong><\/p>\n<p><em>K\u00e9rj\u00fck, ide ne k\u00fcldjenek k\u00f3rt\u00f6rt\u00e9neti dokumentumokat!! Azokat a rendel\u00e9sre hozz\u00e1k magukkal.<\/em><\/p>\n<h4>\u00a0<\/h4>\n<h4 style=\"text-align: justify\"><strong>\u00e9rkez\u00e9skor<\/strong><\/h4>\n<div class=\"keretes w-100\">\n<p style=\"text-align: justify\">Ambul\u00e1ns betegeinket <strong>el\u0151zetes id\u0151pont egyeztet\u00e9s ut\u00e1n tudjuk fogadni. <\/strong>Ambul\u00e1ns rendel\u00e9seink l\u00e1togat\u00e1s\u00e1hoz <strong>beutal\u00f3 sz\u00fcks\u00e9ges,<\/strong> \u00edgy k\u00e9rj\u00fck, ezt is mindenf\u00e9lek\u00e9ppen hozz\u00e1k magukkal!<\/p>\n<\/div>\n<p>El\u0151zetesen egyeztetett id\u0151pontra t\u00f6rt\u00e9n\u0151 \u00e9rkez\u00e9s eset\u00e9ben <strong>a helysz\u00ednen nem kell bejelentkezni<\/strong>! K\u00e9rj\u00fck, a rendel\u0151ink el\u0151tt v\u00e1rakozzanak, \u00e9s <strong>sz\u00f3l\u00edtani fogjuk!\u00a0<\/strong><\/p>\n<p>Honlapunkon arr\u00f3l is olvashatnak inform\u00e1ci\u00f3t, hogy <strong>hogyan k\u00e9sz\u00fcljenek az orvossal val\u00f3 tal\u00e1lkoz\u00e1sra<\/strong> annak \u00e9rdek\u00e9ben, hogy a leggyorsabban tudjunk diagn\u00f3zishoz \u00e9s kezel\u00e9shez jutni.\u00a0<a href=\"https:\/\/semmelweis.hu\/genomikai-medicina\/betegeknek\/hogyan-keszuljunk-fel-az-orvossal-torteno-talalkozasra\/\">Kattintson ide!<\/a><\/p>\n<p>&nbsp;<\/p>\n<p style=\"text-align: justify\"><strong>TAJ sz\u00e1mmal nem rendelkez\u0151 betegeink a <a href=\"https:\/\/www.semmelweiskft.hu\/\">Semmelweis Eg\u00e9szs\u00e9g\u00fcgyi Kft.<\/a><\/strong> seg\u00edts\u00e9g\u00e9vel vehetik ig\u00e9nybe szolg\u00e1ltat\u00e1sainkat, amelynek lebonyol\u00edt\u00e1s\u00e1ban seg\u00edt\u00fcnk.<\/p>\n<p style=\"text-align: justify\">Az Ambulanci\u00e1nk h\u00edvhat\u00f3 telefonsz\u00e1ma (k\u00e9rj\u00fck, el\u0151jegyz\u00e9shez a fenti telefonsz\u00e1mot h\u00edvj\u00e1k): <span style=\"font-size: inherit\">+36-1-459-1442<\/span><\/p>\n<h4>\u00a0<\/h4>\n<h4 style=\"text-align: justify\"><strong>Recept\u00edr\u00e1s<\/strong><\/h4>\n<div class=\"keretes w-100\">Az adminisztr\u00e1ci\u00f3s folyamatok gyors\u00edt\u00e1sa \u00e9rdek\u00e9ben k\u00e9rn\u00e9nk, hogy amennyiben emailben k\u00fcldik meg receptfel\u00edr\u00e1si ig\u00e9ny\u00fcket, \u00fagy a lev\u00e9l t\u00e1rgymez\u0151j\u00e9be a &#8222;V\u00e9ny\u00edr\u00e1s&#8221;-t \u00edrj\u00e1k be!<\/div>\n<p>&nbsp;<\/p>\n<p>&nbsp;<\/p>\n<h4 style=\"text-align: justify\"><strong>Parkol\u00e1s \u00e9s aut\u00f3val sz\u00e1ll\u00edt\u00e1s<\/strong><\/h4>\n<div class=\"keretes w-100\">\n<ul>\n<li><strong>Gyulai P\u00e1l utcai bej\u00e1ratot sajnos nem lehet aut\u00f3val megk\u00f6zel\u00edteni<\/strong>, ez\u00e9rt vagy a k\u00f6rny\u00e9kbeli utc\u00e1kban, vagy a Blaha Lujza t\u00e9ren tal\u00e1lhat\u00f3\u00a0<a href=\"https:\/\/europeum.hu\/parkolas\/\">Europeum Bev\u00e1s\u00e1rl\u00f3k\u00f6zpont m\u00e9lygar\u00e1zs\u00e1ban<\/a>\u00a0lehets\u00e9ges parkolni.<\/li>\n<li>Amennyiben <strong>p\u00e1ciens\u00fcnk mozg\u00e1s\u00e1ban korl\u00e1tozott \u00e9s k\u00eds\u00e9r\u0151je aut\u00f3val hozza<\/strong>, \u00fagy a St\u00e1hly utca fel\u00f6li, soromp\u00f3val lez\u00e1rt gazdas\u00e1gi bej\u00e1raton <strong>be lehet hajtani az udvarra. K\u00e9rj\u00fck \u00d6n\u00f6ket<\/strong>, hogy a p\u00e1ciens kiseg\u00edt\u00e9se ut\u00e1n azonnal hajtsanak ki az udvarr\u00f3l \u00e9s a fenti parkol\u00e1si lehet\u0151s\u00e9geket vegy\u00e9k ig\u00e9nybe! <strong>Ne parkoljanak le az udvarban, mert akad\u00e1lyoztatva lesz a ment\u0151forgalom! Meg\u00e9rt\u00e9s\u00fcket k\u00f6sz\u00f6nj\u00fck!<\/strong><\/li>\n<\/ul>\n<\/div>\n","protected":false},"excerpt":{"rendered":"<p>\u00c9p\u00edtkez\u00e9s okozta v\u00e1ltoz\u00e1sok!!! A Szent R\u00f3kus T\u00f6mb ter\u00fclet\u00e9n \u00e9p\u00edtkez\u00e9s folyik, ez\u00e9rt a rendel\u00e9seinkre \u00e9s fekv\u0151beteg oszt\u00e1lyunkra akad\u00e1lyoztatott a eljut\u00e1s. Minden esetben a piros nyilakat k\u00f6vess\u00e9k a f\u0151bej\u00e1ratt\u00f3l, az udvaron \u00e1t. B\u00e1r a liftes feljut\u00e1s biztos\u00edtott (5. &#8211; 6. lift) hozz\u00e1nk a m\u00e1sodik emeletre, de arra b\u00edztatn\u00e1nk kedves betegeinket, hogy csak sz\u00fcks\u00e9g eset\u00e9n vegy\u00e9k ig\u00e9nybe azt, &hellip;<\/p>\n","protected":false},"author":101429,"featured_media":0,"parent":3407,"menu_order":1,"comment_status":"closed","ping_status":"closed","template":"","meta":{"_acf_changed":false,"footnotes":""},"categories":[],"tags":[],"class_list":["post-1350","page","type-page","status-publish","hentry"],"acf":[],"_links":{"self":[{"href":"https:\/\/semmelweis.hu\/genomikai-medicina\/wp-json\/wp\/v2\/pages\/1350","targetHints":{"allow":["GET"]}}],"collection":[{"href":"https:\/\/semmelweis.hu\/genomikai-medicina\/wp-json\/wp\/v2\/pages"}],"about":[{"href":"https:\/\/semmelweis.hu\/genomikai-medicina\/wp-json\/wp\/v2\/types\/page"}],"author":[{"embeddable":true,"href":"https:\/\/semmelweis.hu\/genomikai-medicina\/wp-json\/wp\/v2\/users\/101429"}],"replies":[{"embeddable":true,"href":"https:\/\/semmelweis.hu\/genomikai-medicina\/wp-json\/wp\/v2\/comments?post=1350"}],"version-history":[{"count":12,"href":"https:\/\/semmelweis.hu\/genomikai-medicina\/wp-json\/wp\/v2\/pages\/1350\/revisions"}],"predecessor-version":[{"id":4316,"href":"https:\/\/semmelweis.hu\/genomikai-medicina\/wp-json\/wp\/v2\/pages\/1350\/revisions\/4316"}],"up":[{"embeddable":true,"href":"https:\/\/semmelweis.hu\/genomikai-medicina\/wp-json\/wp\/v2\/pages\/3407"}],"wp:attachment":[{"href":"https:\/\/semmelweis.hu\/genomikai-medicina\/wp-json\/wp\/v2\/media?parent=1350"}],"wp:term":[{"taxonomy":"category","embeddable":true,"href":"https:\/\/semmelweis.hu\/genomikai-medicina\/wp-json\/wp\/v2\/categories?post=1350"},{"taxonomy":"post_tag","embeddable":true,"href":"https:\/\/semmelweis.hu\/genomikai-medicina\/wp-json\/wp\/v2\/tags?post=1350"}],"curies":[{"name":"wp","href":"https:\/\/api.w.org\/{rel}","templated":true}]}}