{"id":1033,"date":"2014-12-19T00:00:00","date_gmt":"2014-12-18T23:00:00","guid":{"rendered":"http:\/\/semmelweis.hu\/genomikai-medicina\/mintakuldes\/"},"modified":"2024-09-06T08:55:59","modified_gmt":"2024-09-06T06:55:59","slug":"mintakuldes","status":"publish","type":"page","link":"https:\/\/semmelweis.hu\/genomikai-medicina\/betegellatas\/jarobeteg\/mintakuldes\/","title":{"rendered":"Mintak\u00fcld\u00e9s"},"content":{"rendered":"<p style=\"text-align: left\" align=\"center\"><strong>A vizsg\u00e1lati minta sz\u00e1ll\u00edt\u00e1sa\u00a0<\/strong><\/p>\n<p style=\"text-align: left\" align=\"center\">A vizsg\u00e1lati anyagokat post\u00e1n vagy szem\u00e9lyesen lehet eljuttatni int\u00e9zet\u00fcnkbe:<\/p>\n<div>\n<div class=\"fontos_div\" style=\"text-align: center\"><span style=\"font-size: 14pt\"><strong>SE Genomikai Medicina \u00e9s Ritka Betegs\u00e9gek Int\u00e9zete\u00a0<\/strong><\/span><br \/>\n<span style=\"font-size: 14pt\"><strong>1085 Budapest, Gyulai P\u00e1l u. 2.\u00a0 II.em. Laborat\u00f3rium<\/strong><\/span><\/div>\n<\/div>\n<h6 style=\"text-align: justify\">A vizsg\u00e1lati mint\u00e1hoz k\u00e9rj\u00fck a pontosan kit\u00f6lt\u00f6tt \u00e9s al\u00e1\u00edrt <strong><a href=\"https:\/\/semmelweis.hu\/genomikai-medicina\/betegellatas\/jarobeteg\/vizsgalatkero-lap-genetika\/\">vizsg\u00e1latk\u00e9r\u0151 lapot<\/a> \u00e9s <a href=\"https:\/\/semmelweis.hu\/genomikai-medicina\/betegellatas\/jarobeteg\/beleegyezo-nyilatkozat-genetika\/\">beleegyez\u00e9si nyilatkozatot<\/a><\/strong> mell\u00e9kelni, amelyek oldalunkr\u00f3l let\u00f6lthet\u0151k.<\/h6>\n<p style=\"text-align: left\" align=\"center\">Tov\u00e1bbi inform\u00e1ci\u00f3 a +36 1 459-1483-as telefonon \u00e9s a <a href=\"mailto:molneur@semmelweis.hu\">molneur@semmelweis.hu<\/a> vagy a\u00a0<a href=\"mailto:ritkaamb@semmelweis.hu\">ritkaamb@semmelweis.hu<\/a>\u00a0email c\u00edmen kaphat\u00f3.<\/p>\n","protected":false},"excerpt":{"rendered":"<p>A vizsg\u00e1lati minta sz\u00e1ll\u00edt\u00e1sa\u00a0 A vizsg\u00e1lati anyagokat post\u00e1n vagy szem\u00e9lyesen lehet eljuttatni int\u00e9zet\u00fcnkbe: SE Genomikai Medicina \u00e9s Ritka Betegs\u00e9gek Int\u00e9zete\u00a0 1085 Budapest, Gyulai P\u00e1l u. 2.\u00a0 II.em. Laborat\u00f3rium A vizsg\u00e1lati mint\u00e1hoz k\u00e9rj\u00fck a pontosan kit\u00f6lt\u00f6tt \u00e9s al\u00e1\u00edrt <a href=\"https:\/\/semmelweis.hu\/genomikai-medicina\/betegellatas\/jarobeteg\/vizsgalatkero-lap-genetika\/\">vizsg\u00e1latk\u00e9r\u0151 lapot<\/a> \u00e9s <a href=\"https:\/\/semmelweis.hu\/genomikai-medicina\/betegellatas\/jarobeteg\/beleegyezo-nyilatkozat-genetika\/\">beleegyez\u00e9si nyilatkozatot<\/a> mell\u00e9kelni, amelyek oldalunkr\u00f3l let\u00f6lthet\u0151k. Tov\u00e1bbi inform\u00e1ci\u00f3 a +36 1 459-1483-as telefonon \u00e9s a <a href=\"mailto:molneur@semmelweis.hu\">molneur@semmelweis.hu<\/a> vagy a\u00a0 <a href=\"mailto:ritkaamb@semmelweis.hu\">ritkaamb@semmelweis.hu<\/a> \u00a0email c\u00edmen &hellip;<\/p>\n","protected":false},"author":101429,"featured_media":0,"parent":1031,"menu_order":1,"comment_status":"closed","ping_status":"closed","template":"","meta":{"_acf_changed":false,"footnotes":""},"categories":[],"tags":[],"class_list":["post-1033","page","type-page","status-publish","hentry"],"acf":[],"_links":{"self":[{"href":"https:\/\/semmelweis.hu\/genomikai-medicina\/wp-json\/wp\/v2\/pages\/1033","targetHints":{"allow":["GET"]}}],"collection":[{"href":"https:\/\/semmelweis.hu\/genomikai-medicina\/wp-json\/wp\/v2\/pages"}],"about":[{"href":"https:\/\/semmelweis.hu\/genomikai-medicina\/wp-json\/wp\/v2\/types\/page"}],"author":[{"embeddable":true,"href":"https:\/\/semmelweis.hu\/genomikai-medicina\/wp-json\/wp\/v2\/users\/101429"}],"replies":[{"embeddable":true,"href":"https:\/\/semmelweis.hu\/genomikai-medicina\/wp-json\/wp\/v2\/comments?post=1033"}],"version-history":[{"count":13,"href":"https:\/\/semmelweis.hu\/genomikai-medicina\/wp-json\/wp\/v2\/pages\/1033\/revisions"}],"predecessor-version":[{"id":3626,"href":"https:\/\/semmelweis.hu\/genomikai-medicina\/wp-json\/wp\/v2\/pages\/1033\/revisions\/3626"}],"up":[{"embeddable":true,"href":"https:\/\/semmelweis.hu\/genomikai-medicina\/wp-json\/wp\/v2\/pages\/1031"}],"wp:attachment":[{"href":"https:\/\/semmelweis.hu\/genomikai-medicina\/wp-json\/wp\/v2\/media?parent=1033"}],"wp:term":[{"taxonomy":"category","embeddable":true,"href":"https:\/\/semmelweis.hu\/genomikai-medicina\/wp-json\/wp\/v2\/categories?post=1033"},{"taxonomy":"post_tag","embeddable":true,"href":"https:\/\/semmelweis.hu\/genomikai-medicina\/wp-json\/wp\/v2\/tags?post=1033"}],"curies":[{"name":"wp","href":"https:\/\/api.w.org\/{rel}","templated":true}]}}