{"id":9332,"date":"2022-06-20T11:01:34","date_gmt":"2022-06-20T09:01:34","guid":{"rendered":"https:\/\/semmelweis.hu\/innovacio\/?page_id=9332"},"modified":"2025-12-08T16:24:18","modified_gmt":"2025-12-08T15:24:18","slug":"rrf-2-1-2-21-2022-00010-a-gyakorlati-orvoskepzes-fejlesztese-a-semmelweis-egyetemen","status":"publish","type":"page","link":"https:\/\/semmelweis.hu\/gazdalkodas-kfi\/projektek\/oei-projektek\/operativ-programok-hazai-es-eus-projektek\/rrf-2-1-2-21-2022-00010-a-gyakorlati-orvoskepzes-fejlesztese-a-semmelweis-egyetemen\/","title":{"rendered":"RRF-2.1.2-21-2022-00010 | A gyakorlati orvosk\u00e9pz\u00e9s fejleszt\u00e9se a Semmelweis Egyetemen"},"content":{"rendered":"<p><img loading=\"lazy\" decoding=\"async\" class=\"size-medium wp-image-9333 alignleft\" src=\"https:\/\/semmelweis.hu\/gazdalkodas-kfi\/files\/2022\/06\/RRF-kedvezmenyezetti-infoblokk-keretes_logo-400x121.jpg\" alt=\"\" width=\"400\" height=\"121\" srcset=\"https:\/\/semmelweis.hu\/gazdalkodas-kfi\/files\/2022\/06\/RRF-kedvezmenyezetti-infoblokk-keretes_logo-400x121.jpg 400w, https:\/\/semmelweis.hu\/gazdalkodas-kfi\/files\/2022\/06\/RRF-kedvezmenyezetti-infoblokk-keretes_logo-1024x309.jpg 1024w, https:\/\/semmelweis.hu\/gazdalkodas-kfi\/files\/2022\/06\/RRF-kedvezmenyezetti-infoblokk-keretes_logo-768x232.jpg 768w, https:\/\/semmelweis.hu\/gazdalkodas-kfi\/files\/2022\/06\/RRF-kedvezmenyezetti-infoblokk-keretes_logo-753x227.jpg 753w, https:\/\/semmelweis.hu\/gazdalkodas-kfi\/files\/2022\/06\/RRF-kedvezmenyezetti-infoblokk-keretes_logo.jpg 1081w\" sizes=\"auto, (max-width: 400px) 100vw, 400px\" \/><\/p>\n<h4>\u00a0<\/h4>\n<h4>\u00a0<\/h4>\n<h4>\u00a0<\/h4>\n<h4 style=\"text-align: justify\"><strong>A gyakorlati orvosk\u00e9pz\u00e9s fejleszt\u00e9se a Semmelweis Egyetemen<\/strong><\/h4>\n<p>&nbsp;<\/p>\n<h5 style=\"text-align: justify\">A projekt az Eur\u00f3pai Uni\u00f3 t\u00e1mogat\u00e1s\u00e1val val\u00f3sul meg<\/h5>\n<ul>\n<li style=\"list-style-type: none\">\n<ul style=\"list-style-type: square\">\n<li><strong>V\u00e9gs\u0151 kedvezm\u00e9nyezett:<\/strong> Semmelweis Egyetem<\/li>\n<li style=\"text-align: justify\"><strong>Projekt azonos\u00edt\u00f3 sz\u00e1ma: <\/strong>RRF-2.1.2-21-2022-00010<strong>\u00a0<br \/>\n<\/strong><\/li>\n<li><strong>A fejleszt\u00e9s t\u00e1rgya<\/strong>: A gyakorlati orvosk\u00e9pz\u00e9s fejleszt\u00e9se a Semmelweis egyetemen<\/li>\n<li style=\"text-align: justify\"><strong>Szerz\u0151d\u00f6tt t\u00e1mogat\u00e1s \u00f6sszege: <\/strong>5 557 785 462 Ft<\/li>\n<li style=\"text-align: justify\"><strong>T\u00e1mogat\u00e1s intenzit\u00e1sa:<\/strong> 100%<\/li>\n<li style=\"text-align: justify\"><strong>Projekt megval\u00f3s\u00edt\u00e1s\u00e1nak kezdete:<\/strong> 2022. 03. 11.<\/li>\n<li style=\"text-align: justify\"><strong>Projekt tervezett fizikai befejez\u00e9se:<\/strong> 2026. 06. 30.<\/li>\n<li style=\"text-align: justify\"><a href=\"https:\/\/semmelweis.hu\/gazdalkodas-kfi\/segedletek\/oktatasi-egeszsegugyi-es-infrastrukturalis-projektek-segedletei\/\" target=\"_blank\" rel=\"noopener\">Seg\u00e9dletek<\/a><\/li>\n<\/ul>\n<\/li>\n<\/ul>\n<h5>\u00a0<\/h5>\n<h5 style=\"text-align: justify\">Projekt bemutat\u00e1sa<\/h5>\n<p style=\"text-align: justify\">A pand\u00e9mia okozta gazdas\u00e1gi \u00e9s t\u00e1rsadalmi neh\u00e9zs\u00e9gek jelent\u0151s kih\u00edv\u00e1sok el\u00e9 \u00e1ll\u00edtott\u00e1k a t\u00e1rsadalmakat \u00e9s gazdas\u00e1gokat. A magasan k\u00e9pzett, versenyk\u00e9pes munkaer\u0151 biztos\u00edt\u00e1sa az alapja annak a n\u00f6veked\u00e9si mint\u00e1nak, amely fenntarthat\u00f3, technol\u00f3gia-vez\u00e9relt innov\u00e1ci\u00f3s tev\u00e9kenys\u00e9gek ir\u00e1ny\u00e1ba (pl.: digit\u00e1lis oktat\u00e1s, kutat\u00e1s-fejleszt\u00e9s) er\u0151s\u00edtik meg a gazdas\u00e1gi-t\u00e1rsadalmi ellen\u00e1ll\u00f3k\u00e9pess\u00e9get \u00e9s n\u00f6veked\u00e9st.<\/p>\n<p>A beruh\u00e1z\u00e1s c\u00e9lja a Semmelweis Egyetem komplex fejleszt\u00e9s\u00e9nek t\u00e1mogat\u00e1sa, az infrastrukt\u00fara fejleszt\u00e9se a k\u00e9pz\u00e9s-, illetve k\u00e9szs\u00e9gfejleszt\u00e9s ment\u00e9n, ez\u00e1ltal a magyar fels\u0151oktat\u00e1s region\u00e1lis \u00e9s nemzetk\u00f6zi jelent\u0151s\u00e9g\u00e9nek n\u00f6vel\u00e9se, tov\u00e1bb\u00e1 a fels\u0151oktat\u00e1si kibocs\u00e1t\u00e1s munkaer\u0151piaci ig\u00e9nyekkel val\u00f3 m\u00e9g szorosabb \u00f6sszehangol\u00e1sa.<\/p>\n<h5 style=\"text-align: justify\">Infrastrukt\u00farafejleszt\u00e9s:<\/h5>\n<p>Az infrastrukt\u00farafejleszt\u00e9s keret\u00e9ben megval\u00f3sul a Semmelweis Egyetem Anat\u00f3miai, Sz\u00f6vet-\u00e9s Fejl\u0151d\u00e9stani Int\u00e9zet (Anat\u00f3miai \u00e9p\u00fclet) hallgat\u00f3i \u00e9s oktat\u00e1si t\u00e9r b\u0151v\u00edt\u00e9se \u00e9s energetikai korszer\u0171s\u00edt\u00e9se:<\/p>\n<ul>\n<li>Az \u00e9p\u00fclet eddig be\u00e9p\u00edtetlen tet\u0151tereinek be\u00e9p\u00edt\u00e9s\u00e9vel, valamint az \u00e9p\u00fclet sz\u00e1rnyv\u00e9geinek emeletr\u00e1\u00e9p\u00edt\u00e9s\u00e9vel az \u00e9p\u00fclet hasznos oktat\u00f3i tereinek tov\u00e1bbi b\u0151v\u00edt\u00e9se t\u00f6rt\u00e9nik.<\/li>\n<li>A beruh\u00e1z\u00e1sok sor\u00e1n az \u00e9p\u00fclet energetikai mutat\u00f3i az RRF p\u00e1ly\u00e1zat szigor\u00fa elv\u00e1r\u00e1sainak eleget tev\u0151 m\u00e9rt\u00e9kben javulnak majd, ennek \u00e9rdek\u00e9ben homlokzati ny\u00edl\u00e1sz\u00e1r\u00f3k cser\u00e9je, l\u00e1bazatok h\u0151 \u00e9s v\u00edzszigetel\u00e9se, valamint a f\u0171t\u00e9si rendszer korszer\u0171s\u00edt\u00e9se t\u00f6rt\u00e9nik meg. Mindehhez jelent\u0151s egyetemi forr\u00e1s is bevon\u00e1sra ker\u00fcl.<\/li>\n<\/ul>\n<h5 style=\"text-align: justify\">K\u00e9pz\u00e9sfejleszt\u00e9s:<\/h5>\n<p>A projekt keret\u00e9ben az egyetemi oktat\u00e1st\u00e1mogat\u00e1si k\u00f6rnyezet fejleszt\u00e9se, hallgat\u00f3i k\u00e9szs\u00e9gfejleszt\u00e9s ker\u00fcl megval\u00f3s\u00edt\u00e1sra.<\/p>\n<p>Eszk\u00f6zbeszerz\u00e9sek:<\/p>\n<ul>\n<li>Da Vinci robotseb\u00e9szeti eszk\u00f6z<\/li>\n<li>Komissi\u00f3z\u00f3 patikai robot<\/li>\n<\/ul>\n<p style=\"text-align: justify\">A projekt az Eur\u00f3pai Uni\u00f3 t\u00e1mogat\u00e1s\u00e1val val\u00f3sul meg.<\/p>\n<p><a href=\"https:\/\/semmelweis.hu\/oktatasmodszertan\/oktatasi-segedanyagok\/konferenciak\/semmelweis-oktatasi-konferencia\/\" target=\"_blank\" rel=\"noopener\">Nemzetk\u00f6zi Oktat\u00e1sfejleszt\u00e9si Konferencia 2023. m\u00e1jus 4-5.<\/a><\/p>\n<p><a href=\"https:\/\/semmelweis.hu\/oktatasmodszertan\/2023\/06\/13\/rrf-oktatasfejlesztesi-palyazat-2023\/\" target=\"_blank\" rel=\"noopener\">RRF Oktat\u00e1sfejleszt\u00e9si p\u00e1ly\u00e1zat 1.<\/a><\/p>\n<p><a href=\"https:\/\/semmelweis.hu\/oktatasmodszertan\/2023\/10\/31\/rrf-oktatasfejlesztesi-palyazat-2023-2-beadasi-hatarido-december-4\/\" target=\"_blank\" rel=\"noopener\">RRF Oktat\u00e1sfejleszt\u00e9si P\u00e1ly\u00e1zat 2.<\/a><\/p>\n<p>&nbsp;<\/p>\n","protected":false},"excerpt":{"rendered":"<p>\u00a0 \u00a0 \u00a0 A gyakorlati orvosk\u00e9pz\u00e9s fejleszt\u00e9se a Semmelweis Egyetemen &nbsp; A projekt az Eur\u00f3pai Uni\u00f3 t\u00e1mogat\u00e1s\u00e1val val\u00f3sul meg V\u00e9gs\u0151 kedvezm\u00e9nyezett: Semmelweis Egyetem Projekt azonos\u00edt\u00f3 sz\u00e1ma: RRF-2.1.2-21-2022-00010\u00a0 A fejleszt\u00e9s t\u00e1rgya: A gyakorlati orvosk\u00e9pz\u00e9s fejleszt\u00e9se a Semmelweis egyetemen Szerz\u0151d\u00f6tt t\u00e1mogat\u00e1s \u00f6sszege: 5 557 785 462 Ft T\u00e1mogat\u00e1s intenzit\u00e1sa: 100% Projekt megval\u00f3s\u00edt\u00e1s\u00e1nak kezdete: 2022. 03. 11. Projekt &hellip;<\/p>\n","protected":false},"author":102156,"featured_media":0,"parent":170,"menu_order":0,"comment_status":"closed","ping_status":"closed","template":"template-fullwidth.php","meta":{"_acf_changed":false,"footnotes":""},"categories":[],"tags":[],"class_list":["post-9332","page","type-page","status-publish","hentry"],"acf":[],"_links":{"self":[{"href":"https:\/\/semmelweis.hu\/gazdalkodas-kfi\/wp-json\/wp\/v2\/pages\/9332","targetHints":{"allow":["GET"]}}],"collection":[{"href":"https:\/\/semmelweis.hu\/gazdalkodas-kfi\/wp-json\/wp\/v2\/pages"}],"about":[{"href":"https:\/\/semmelweis.hu\/gazdalkodas-kfi\/wp-json\/wp\/v2\/types\/page"}],"author":[{"embeddable":true,"href":"https:\/\/semmelweis.hu\/gazdalkodas-kfi\/wp-json\/wp\/v2\/users\/102156"}],"replies":[{"embeddable":true,"href":"https:\/\/semmelweis.hu\/gazdalkodas-kfi\/wp-json\/wp\/v2\/comments?post=9332"}],"version-history":[{"count":11,"href":"https:\/\/semmelweis.hu\/gazdalkodas-kfi\/wp-json\/wp\/v2\/pages\/9332\/revisions"}],"predecessor-version":[{"id":11619,"href":"https:\/\/semmelweis.hu\/gazdalkodas-kfi\/wp-json\/wp\/v2\/pages\/9332\/revisions\/11619"}],"up":[{"embeddable":true,"href":"https:\/\/semmelweis.hu\/gazdalkodas-kfi\/wp-json\/wp\/v2\/pages\/170"}],"wp:attachment":[{"href":"https:\/\/semmelweis.hu\/gazdalkodas-kfi\/wp-json\/wp\/v2\/media?parent=9332"}],"wp:term":[{"taxonomy":"category","embeddable":true,"href":"https:\/\/semmelweis.hu\/gazdalkodas-kfi\/wp-json\/wp\/v2\/categories?post=9332"},{"taxonomy":"post_tag","embeddable":true,"href":"https:\/\/semmelweis.hu\/gazdalkodas-kfi\/wp-json\/wp\/v2\/tags?post=9332"}],"curies":[{"name":"wp","href":"https:\/\/api.w.org\/{rel}","templated":true}]}}