{"id":8155,"date":"2021-02-22T13:28:29","date_gmt":"2021-02-22T12:28:29","guid":{"rendered":"https:\/\/semmelweis.hu\/innovacio\/?page_id=8155"},"modified":"2025-02-04T10:17:00","modified_gmt":"2025-02-04T09:17:00","slug":"kutatoi-utanpotlas-tamogatasa-c-projekt-promocios-anyag","status":"publish","type":"page","link":"https:\/\/semmelweis.hu\/gazdalkodas-kfi\/projektek\/oei-projektek\/operativ-programok-hazai-es-eus-projektek\/efop-3-6-3-vekop-16-2017-00009-2\/kutatoi-utanpotlas-tamogatasa-c-projekt-promocios-anyag\/","title":{"rendered":"\u201eKutat\u00f3i ut\u00e1np\u00f3tl\u00e1s t\u00e1mogat\u00e1sa\u201d c. projekt &#8211; prom\u00f3ci\u00f3s anyag"},"content":{"rendered":"<p style=\"text-align: center\"><span style=\"font-size: 24pt\"><strong>K\u00e9sz\u00fclt a Semmelweis Egyetem megb\u00edz\u00e1s\u00e1b\u00f3l\u00a0<\/strong><\/span><span style=\"font-size: 24pt\"><strong>a Sz\u00e9chenyi 2020 t\u00e1mogat\u00e1s\u00e1val<\/strong><\/span><\/p>\n<p style=\"text-align: center\"><strong>EFOP-3.6.3-VEKOP-16-2017-00009<\/strong><\/p>\n<p style=\"text-align: center\"><strong>Az orvos-, eg\u00e9szs\u00e9gtudom\u00e1nyi- \u00e9s gy\u00f3gyszer\u00e9szk\u00e9pz\u00e9s tudom\u00e1nyos m\u0171helyeinek fejleszt\u00e9se<\/strong><\/p>\n<p style=\"text-align: center\">\u00a0<\/p>\n<p><a href=\"https:\/\/www.youtube.com\/watch?v=WIPFVbIQ6tY\">Debreceni Egyetem<\/a><\/p>\n<p><a href=\"https:\/\/www.youtube.com\/watch?v=uN_sx6to4zc\">P\u00e9csi Tudom\u00e1nyegyetem<\/a><\/p>\n<p><a href=\"https:\/\/www.youtube.com\/watch?v=3s-vYhVvl0g\">Semmelweis Egyetem<\/a><\/p>\n<p><a href=\"https:\/\/www.youtube.com\/watch?v=7SeDVVln1uQ\">Szegedi Tudom\u00e1nyegyetem<\/a><\/p>\n<p><img loading=\"lazy\" decoding=\"async\" class=\"size-medium wp-image-9617 alignright\" src=\"https:\/\/semmelweis.hu\/gazdalkodas-kfi\/files\/2022\/10\/Szechenyi-2020-arculati-400x275.jpg\" alt=\"\" width=\"400\" height=\"275\" srcset=\"https:\/\/semmelweis.hu\/gazdalkodas-kfi\/files\/2022\/10\/Szechenyi-2020-arculati-400x275.jpg 400w, https:\/\/semmelweis.hu\/gazdalkodas-kfi\/files\/2022\/10\/Szechenyi-2020-arculati-175x120.jpg 175w, https:\/\/semmelweis.hu\/gazdalkodas-kfi\/files\/2022\/10\/Szechenyi-2020-arculati.jpg 565w\" sizes=\"auto, (max-width: 400px) 100vw, 400px\" \/><\/p>\n","protected":false},"excerpt":{"rendered":"<p>K\u00e9sz\u00fclt a Semmelweis Egyetem megb\u00edz\u00e1s\u00e1b\u00f3l\u00a0a Sz\u00e9chenyi 2020 t\u00e1mogat\u00e1s\u00e1val<br \/>\nEFOP-3.6.3-VEKOP-16-2017-00009<br \/>\nAz orvos-, eg\u00e9szs\u00e9gtudom\u00e1nyi- \u00e9s gy\u00f3gyszer\u00e9szk\u00e9pz\u00e9s tudom\u00e1nyos m\u0171helyeinek fejleszt\u00e9se<br \/>\n\u00a0<br \/>\n<a href=\"https:\/\/www.youtube.com\/watch?v=WIPFVbIQ6tY\">Debreceni Egyetem<\/a><br \/>\n<a href=\"https:\/\/www.youtube.com\/watch?v=uN_sx6to4zc\">P\u00e9csi Tudom\u00e1nyegyetem<\/a><br \/>\n<a href=\"https:\/\/www.youtube.com\/watch?v=3s-vYhVvl0g\">Semmelweis Egyetem<\/a><br \/>\n<a href=\"https:\/\/www.youtube.com\/watch?v=7SeDVVln1uQ\">Szegedi Tudom\u00e1nyegyetem<\/a><\/p>\n","protected":false},"author":102156,"featured_media":0,"parent":10509,"menu_order":0,"comment_status":"closed","ping_status":"closed","template":"","meta":{"_acf_changed":false,"footnotes":""},"categories":[],"tags":[],"class_list":["post-8155","page","type-page","status-publish","hentry"],"acf":[],"_links":{"self":[{"href":"https:\/\/semmelweis.hu\/gazdalkodas-kfi\/wp-json\/wp\/v2\/pages\/8155","targetHints":{"allow":["GET"]}}],"collection":[{"href":"https:\/\/semmelweis.hu\/gazdalkodas-kfi\/wp-json\/wp\/v2\/pages"}],"about":[{"href":"https:\/\/semmelweis.hu\/gazdalkodas-kfi\/wp-json\/wp\/v2\/types\/page"}],"author":[{"embeddable":true,"href":"https:\/\/semmelweis.hu\/gazdalkodas-kfi\/wp-json\/wp\/v2\/users\/102156"}],"replies":[{"embeddable":true,"href":"https:\/\/semmelweis.hu\/gazdalkodas-kfi\/wp-json\/wp\/v2\/comments?post=8155"}],"version-history":[{"count":1,"href":"https:\/\/semmelweis.hu\/gazdalkodas-kfi\/wp-json\/wp\/v2\/pages\/8155\/revisions"}],"predecessor-version":[{"id":10511,"href":"https:\/\/semmelweis.hu\/gazdalkodas-kfi\/wp-json\/wp\/v2\/pages\/8155\/revisions\/10511"}],"up":[{"embeddable":true,"href":"https:\/\/semmelweis.hu\/gazdalkodas-kfi\/wp-json\/wp\/v2\/pages\/10509"}],"wp:attachment":[{"href":"https:\/\/semmelweis.hu\/gazdalkodas-kfi\/wp-json\/wp\/v2\/media?parent=8155"}],"wp:term":[{"taxonomy":"category","embeddable":true,"href":"https:\/\/semmelweis.hu\/gazdalkodas-kfi\/wp-json\/wp\/v2\/categories?post=8155"},{"taxonomy":"post_tag","embeddable":true,"href":"https:\/\/semmelweis.hu\/gazdalkodas-kfi\/wp-json\/wp\/v2\/tags?post=8155"}],"curies":[{"name":"wp","href":"https:\/\/api.w.org\/{rel}","templated":true}]}}