{"id":2,"date":"2023-02-28T12:00:33","date_gmt":"2023-02-28T11:00:33","guid":{"rendered":"https:\/\/semmelweis.hu\/galdalkodas-kfi\/?page_id=2"},"modified":"2025-10-01T13:54:49","modified_gmt":"2025-10-01T11:54:49","slug":"rolunk","status":"publish","type":"page","link":"https:\/\/semmelweis.hu\/gazdalkodas-kfi\/rolunk\/","title":{"rendered":"R\u00f3lunk"},"content":{"rendered":"<p>A P\u00e1ly\u00e1zati \u00e9s KFI H\u00e1l\u00f3zatir\u00e1ny\u00edt\u00e1si Igazgat\u00f3s\u00e1g (PKHI) a Semmelweis Egyetem Szen\u00e1tus\u00e1nak 104\/2022 (XII. 19.) sz\u00e1m\u00fa hat\u00e1rozat\u00e1val 2023. janu\u00e1r 1. napj\u00e1val j\u00f6tt l\u00e9tre \u00e9s kezdte meg tev\u00e9kenys\u00e9g\u00e9t.<\/p>\n<h5>A PKHI c\u00e9lja<\/h5>\n<p>A Semmelweis Egyetem oktat\u00e1si, eg\u00e9szs\u00e9g\u00fcgyi \u00e9s kutat\u00e1si tev\u00e9kenys\u00e9geihez kapcsol\u00f3d\u00f3 strat\u00e9giai c\u00e9lok el\u00e9r\u00e9se \u00e9rdek\u00e9ben az Egyetem nemzetk\u00f6zi, eur\u00f3pai uni\u00f3s \u00e9s hazai p\u00e1ly\u00e1zati \u00e9s KFI tev\u00e9kenys\u00e9g\u00e9nek gazdas\u00e1gi koordin\u00e1ci\u00f3j\u00e1val hozz\u00e1j\u00e1rulni az egyetemi eredm\u00e9nyekhez.<\/p>\n<h5>Az Igazgat\u00f3s\u00e1g f\u0151bb tev\u00e9kenys\u00e9gi ter\u00fcletei\u00a0<\/h5>\n<ul style=\"list-style-type: disc\">\n<li>KFI Alap kezel\u00e9se: Az egyetem vezet\u00e9se \u00e1ltal l\u00e9trehozott alap bev\u00e9tel\u00e9t KFI p\u00e1ly\u00e1zati overheadek k\u00e9pezik \u00e9s a KFI-tev\u00e9kenys\u00e9g fejleszt\u00e9s\u00e9hez, magasabb sz\u00ednvonal\u00fa m\u0171k\u00f6dtet\u00e9s\u00e9hez ny\u00fajt p\u00e9nz\u00fcgyi forr\u00e1sokat: egyr\u00e9szt a KFI T\u00e1mogat\u00f3 Szervezetek m\u0171k\u00f6d\u00e9s\u00e9t biztos\u00edtja, tov\u00e1bb\u00e1 bels\u0151 p\u00e1ly\u00e1zatok ki\u00edr\u00e1s\u00e1t teszi lehet\u0151v\u00e9, valamint nemzetk\u00f6zi p\u00e1ly\u00e1zatokban v\u00e1llalt \u00f6ner\u0151 fedezet\u00e9t adja (HCEMM, egy\u00e9b seed funding v\u00e1llal\u00e1sok)<\/li>\n<li>P\u00e1ly\u00e1zatokhoz kapcsol\u00f3d\u00f3 tev\u00e9kenys\u00e9gek:\n<ul>\n<li>Projektek nyilv\u00e1ntart\u00e1sa: <a href=\"https:\/\/semmelweis.hu\/gazdalkodas-kfi\/palyazati-nyilvantartas-2\/pnyr\/\" target=\"_blank\" rel=\"noopener\">P\u00e1ly\u00e1zati Nyilv\u00e1ntart\u00f3rendszer<\/a> (PNYR) folyamatos fejleszt\u00e9se \u00e9s m\u0171k\u00f6dtet\u00e9se a P\u00e1ly\u00e1zati Menedzsment K\u00f6zponttal egy\u00fcttm\u0171k\u00f6dve; gazdas\u00e1gi adatok (k\u00f6lts\u00e9gvet\u00e9s, elsz\u00e1mol\u00e1sok, p\u00e9nzforgalom, likvidit\u00e1s) egyeztet\u00e9se, f\u0151k\u00f6nyvi felad\u00e1sok k\u00e9sz\u00edt\u00e9se (f\u0151k\u00f6nyvi k\u00f6nyvel\u00e9s z\u00e1rtrendszer\u0171 analitik\u00e1ja)<\/li>\n<li>P\u00e1ly\u00e1zatok min\u0151s\u00edt\u00e9se: k\u00f6nyvel\u00e9shez, k\u00f6lts\u00e9gvet\u00e9shez sz\u00fcks\u00e9ges k\u00f3drendszer p\u00e1ly\u00e1zati szint\u0171 meghat\u00e1roz\u00e1sa<\/li>\n<li>Nem KFI t\u00edpus\u00fa p\u00e1ly\u00e1zatok: projektgener\u00e1l\u00e1s, p\u00e1ly\u00e1zati folyamatok t\u00e1mogat\u00e1sa, projekt \u00e9s\/vagy p\u00e9nz\u00fcgyi menedzsment feladatainak t\u00e1mogat\u00e1sa, kiemelt projektek eset\u00e9ben projekt \u00e9s p\u00e9nz\u00fcgyi menedzsment feladatok ell\u00e1t\u00e1sa<\/li>\n<li>KFI t\u00edpus\u00fa p\u00e1ly\u00e1zatok: projekt p\u00e9nz\u00fcgyi menedzsment feladatok t\u00e1mogat\u00e1sa, kiemelt projektek eset\u00e9ben ell\u00e1t\u00e1sa<\/li>\n<li>Projektmegval\u00f3s\u00edt\u00e1shoz kapcsol\u00f3d\u00f3 p\u00e9nz\u00fcgyi folyamatszab\u00e1lyoz\u00e1s<\/li>\n<li>T\u00e1mogat\u00f3 ir\u00e1ny\u00e1ba t\u00f6rt\u00e9n\u0151 <span style=\"color: #000000\">tev\u00e9kenys\u00e9gek (pl.: audit) ha<\/span>t\u00e9kony megval\u00f3s\u00edt\u00e1s\u00e1ban seg\u00edts\u00e9gny\u00fajt\u00e1s<\/li>\n<\/ul>\n<\/li>\n<li>Egy\u00e9b t\u00e1mogat\u00e1sokhoz kapcsol\u00f3d\u00f3 feladatok:\n<ul>\n<li>\u00d6szt\u00f6nd\u00edjp\u00e1ly\u00e1zatok p\u00e9nz\u00fcgyi menedzsment feladatainak ell\u00e1t\u00e1sa: Stipendium, Diaszp\u00f3ra<\/li>\n<li>Elsz\u00e1mol\u00e1sk\u00f6teles t\u00e1mogat\u00e1sok p\u00e9nz\u00fcgyi koordin\u00e1ci\u00f3ja a P\u00e9nz\u00fcgyi Igazgat\u00f3s\u00e1ggal egy\u00fcttm\u0171k\u00f6dve<\/li>\n<\/ul>\n<\/li>\n<li>Szadalmak hasznos\u00edt\u00e1s\u00e1hoz kapcsol\u00f3d\u00f3 p\u00e9nz\u00fcgyi feladatok ell\u00e1t\u00e1sa, fel\u00fcgyelete<\/li>\n<li>Core Facility hasznos\u00edt\u00e1sok gazdas\u00e1gi t\u00e1mogat\u00e1sa<\/li>\n<li>KFI P\u00e1ly\u00e1zatok Gazdas\u00e1gi Hivatal\u00e1nak \u00e9s a KFI Szervezetek Gazdas\u00e1gi Hivatal\u00e1nak ir\u00e1ny\u00edt\u00e1sa<\/li>\n<\/ul>\n<p>&nbsp;<\/p>\n<p>&nbsp;<\/p>\n<p>&nbsp;<\/p>\n","protected":false},"excerpt":{"rendered":"<p>A P\u00e1ly\u00e1zati \u00e9s KFI H\u00e1l\u00f3zatir\u00e1ny\u00edt\u00e1si Igazgat\u00f3s\u00e1g (PKHI) a Semmelweis Egyetem Szen\u00e1tus\u00e1nak 104\/2022 (XII. 19.) sz\u00e1m\u00fa hat\u00e1rozat\u00e1val 2023. janu\u00e1r 1. napj\u00e1val j\u00f6tt l\u00e9tre \u00e9s kezdte meg tev\u00e9kenys\u00e9g\u00e9t a K\u00f6zponti Gazdas\u00e1gi H\u00e1l\u00f3zatir\u00e1ny\u00edt\u00e1si Igazgat\u00f3s\u00e1g ut\u00f3dszervezetek\u00e9nt.\u00a0<\/p>\n","protected":false},"author":12,"featured_media":10,"parent":0,"menu_order":0,"comment_status":"closed","ping_status":"closed","template":"","meta":{"_acf_changed":false,"footnotes":""},"categories":[],"tags":[],"class_list":["post-2","page","type-page","status-publish","has-post-thumbnail","hentry"],"acf":[],"_links":{"self":[{"href":"https:\/\/semmelweis.hu\/gazdalkodas-kfi\/wp-json\/wp\/v2\/pages\/2","targetHints":{"allow":["GET"]}}],"collection":[{"href":"https:\/\/semmelweis.hu\/gazdalkodas-kfi\/wp-json\/wp\/v2\/pages"}],"about":[{"href":"https:\/\/semmelweis.hu\/gazdalkodas-kfi\/wp-json\/wp\/v2\/types\/page"}],"author":[{"embeddable":true,"href":"https:\/\/semmelweis.hu\/gazdalkodas-kfi\/wp-json\/wp\/v2\/users\/12"}],"replies":[{"embeddable":true,"href":"https:\/\/semmelweis.hu\/gazdalkodas-kfi\/wp-json\/wp\/v2\/comments?post=2"}],"version-history":[{"count":10,"href":"https:\/\/semmelweis.hu\/gazdalkodas-kfi\/wp-json\/wp\/v2\/pages\/2\/revisions"}],"predecessor-version":[{"id":11426,"href":"https:\/\/semmelweis.hu\/gazdalkodas-kfi\/wp-json\/wp\/v2\/pages\/2\/revisions\/11426"}],"wp:featuredmedia":[{"embeddable":true,"href":"https:\/\/semmelweis.hu\/gazdalkodas-kfi\/wp-json\/wp\/v2\/media\/10"}],"wp:attachment":[{"href":"https:\/\/semmelweis.hu\/gazdalkodas-kfi\/wp-json\/wp\/v2\/media?parent=2"}],"wp:term":[{"taxonomy":"category","embeddable":true,"href":"https:\/\/semmelweis.hu\/gazdalkodas-kfi\/wp-json\/wp\/v2\/categories?post=2"},{"taxonomy":"post_tag","embeddable":true,"href":"https:\/\/semmelweis.hu\/gazdalkodas-kfi\/wp-json\/wp\/v2\/tags?post=2"}],"curies":[{"name":"wp","href":"https:\/\/api.w.org\/{rel}","templated":true}]}}