{"id":10456,"date":"2023-11-22T15:11:40","date_gmt":"2023-11-22T14:11:40","guid":{"rendered":"https:\/\/semmelweis.hu\/gazdalkodas-kfi\/?page_id=10456"},"modified":"2023-11-22T15:11:40","modified_gmt":"2023-11-22T14:11:40","slug":"stipendium-hungaricum-osztondijprogram","status":"publish","type":"page","link":"https:\/\/semmelweis.hu\/gazdalkodas-kfi\/projektek\/oei-projektek\/hazai-forrasu-projektek\/stipendium-hungaricum-osztondijprogram\/","title":{"rendered":"Stipendium Hungaricum \u00d6szt\u00f6nd\u00edjprogram"},"content":{"rendered":"<p>Projekt neve: Stipendium Hungaricum \u00d6szt\u00f6nd\u00edjprogram<\/p>\n<p>T\u00e1mogat\u00e1s \u00f6sszege: 2.157.046.700 Ft<\/p>\n<p>Megval\u00f3s\u00edt\u00e1s id\u0151szaka: 2023.09.01\u20132024.08.31.<\/p>\n<p>A Stipendium Hungaricum Magyarorsz\u00e1g Korm\u00e1nya \u00e1ltal alap\u00edtott \u00f6szt\u00f6nd\u00edjprogram, amelynek c\u00e9lja a k\u00fclf\u00f6ldi hallgat\u00f3k magyar fels\u0151oktat\u00e1si int\u00e9zm\u00e9nyekben folytatand\u00f3 tanulm\u00e1nyainak kiemelt t\u00e1mogat\u00e1sa. A Stipendium Hungaricum program (a tov\u00e1bbiakban: SH program) oktat\u00e1spolitikai c\u00e9lja, hogy az Eur\u00f3pai Uni\u00f3, valamint az Eur\u00f3pai Fels\u0151oktat\u00e1si T\u00e9rs\u00e9g ir\u00e1nyelveivel \u00f6sszhangban el\u0151seg\u00edtse a magyar fels\u0151oktat\u00e1s nemzetk\u00f6zies\u00edt\u00e9s\u00e9t, min\u0151s\u00e9gfejleszt\u00e9s\u00e9t, er\u0151s\u00edtse a magyar tudom\u00e1nyos elit nemzetk\u00f6zi kapcsolatait, n\u00f6velje a fels\u0151oktat\u00e1si int\u00e9zm\u00e9nyek kultur\u00e1lis soksz\u00edn\u0171s\u00e9g\u00e9t, \u00e9s n\u00e9pszer\u0171s\u00edtse a vil\u00e1gban a versenyk\u00e9pes magyar fels\u0151oktat\u00e1st.<\/p>\n","protected":false},"excerpt":{"rendered":"<p>Projekt neve: Stipendium Hungaricum \u00d6szt\u00f6nd\u00edjprogram T\u00e1mogat\u00e1s \u00f6sszege: 2.157.046.700 Ft Megval\u00f3s\u00edt\u00e1s id\u0151szaka: 2023.09.01\u20132024.08.31. A Stipendium Hungaricum Magyarorsz\u00e1g Korm\u00e1nya \u00e1ltal alap\u00edtott \u00f6szt\u00f6nd\u00edjprogram, amelynek c\u00e9lja a k\u00fclf\u00f6ldi hallgat\u00f3k magyar fels\u0151oktat\u00e1si int\u00e9zm\u00e9nyekben folytatand\u00f3 tanulm\u00e1nyainak kiemelt t\u00e1mogat\u00e1sa. A Stipendium Hungaricum program (a tov\u00e1bbiakban: SH program) oktat\u00e1spolitikai c\u00e9lja, hogy az Eur\u00f3pai Uni\u00f3, valamint az Eur\u00f3pai Fels\u0151oktat\u00e1si T\u00e9rs\u00e9g ir\u00e1nyelveivel \u00f6sszhangban el\u0151seg\u00edtse a &hellip;<\/p>\n","protected":false},"author":102156,"featured_media":0,"parent":166,"menu_order":0,"comment_status":"closed","ping_status":"closed","template":"template-fullwidth.php","meta":{"_acf_changed":false,"footnotes":""},"categories":[],"tags":[],"class_list":["post-10456","page","type-page","status-publish","hentry"],"acf":[],"_links":{"self":[{"href":"https:\/\/semmelweis.hu\/gazdalkodas-kfi\/wp-json\/wp\/v2\/pages\/10456","targetHints":{"allow":["GET"]}}],"collection":[{"href":"https:\/\/semmelweis.hu\/gazdalkodas-kfi\/wp-json\/wp\/v2\/pages"}],"about":[{"href":"https:\/\/semmelweis.hu\/gazdalkodas-kfi\/wp-json\/wp\/v2\/types\/page"}],"author":[{"embeddable":true,"href":"https:\/\/semmelweis.hu\/gazdalkodas-kfi\/wp-json\/wp\/v2\/users\/102156"}],"replies":[{"embeddable":true,"href":"https:\/\/semmelweis.hu\/gazdalkodas-kfi\/wp-json\/wp\/v2\/comments?post=10456"}],"version-history":[{"count":1,"href":"https:\/\/semmelweis.hu\/gazdalkodas-kfi\/wp-json\/wp\/v2\/pages\/10456\/revisions"}],"predecessor-version":[{"id":10457,"href":"https:\/\/semmelweis.hu\/gazdalkodas-kfi\/wp-json\/wp\/v2\/pages\/10456\/revisions\/10457"}],"up":[{"embeddable":true,"href":"https:\/\/semmelweis.hu\/gazdalkodas-kfi\/wp-json\/wp\/v2\/pages\/166"}],"wp:attachment":[{"href":"https:\/\/semmelweis.hu\/gazdalkodas-kfi\/wp-json\/wp\/v2\/media?parent=10456"}],"wp:term":[{"taxonomy":"category","embeddable":true,"href":"https:\/\/semmelweis.hu\/gazdalkodas-kfi\/wp-json\/wp\/v2\/categories?post=10456"},{"taxonomy":"post_tag","embeddable":true,"href":"https:\/\/semmelweis.hu\/gazdalkodas-kfi\/wp-json\/wp\/v2\/tags?post=10456"}],"curies":[{"name":"wp","href":"https:\/\/api.w.org\/{rel}","templated":true}]}}

Stipendium Hungaricum Ösztöndíjprogram

<p>Projekt neve: Stipendium Hungaricum Ösztöndíjprogram</p>
<p>Támogatás összege: 2.157.046.700 Ft</p>
<p>Megvalósítás időszaka: 2023.09.01–2024.08.31.</p>
<p>A Stipendium Hungaricum Magyarország Kormánya által alapított ösztöndíjprogram, amelynek célja a külföldi hallgatók magyar felsőoktatási intézményekben folytatandó tanulmányainak kiemelt támogatása. A Stipendium Hungaricum program (a továbbiakban: SH program) oktatáspolitikai célja, hogy az Európai Unió, valamint az Európai Felsőoktatási Térség irányelveivel összhangban elősegítse a magyar felsőoktatás nemzetköziesítését, minőségfejlesztését, erősítse a magyar tudományos elit nemzetközi kapcsolatait, növelje a felsőoktatási intézmények kulturális sokszínűségét, és népszerűsítse a világban a versenyképes magyar felsőoktatást.</p>

<p>Projekt neve: Stipendium Hungaricum Ösztöndíjprogram Támogatás összege: 2.157.046.700 Ft Megvalósítás időszaka: 2023.09.01–2024.08.31. A Stipendium Hungaricum Magyarország Kormánya által alapított ösztöndíjprogram, amelynek célja a külföldi hallgatók magyar felsőoktatási intézményekben folytatandó tanulmányainak kiemelt támogatása. A Stipendium Hungaricum program (a továbbiakban: SH program) oktatáspolitikai célja, hogy az Európai Unió, valamint az Európai Felsőoktatási Térség irányelveivel összhangban elősegítse a &hellip;</p>
