{"id":10329,"date":"2023-10-09T15:03:10","date_gmt":"2023-10-09T13:03:10","guid":{"rendered":"https:\/\/semmelweis.hu\/innovacio\/?page_id=10329"},"modified":"2025-02-04T10:17:23","modified_gmt":"2025-02-04T09:17:23","slug":"vekop-8-6-3-16-2017-00005","status":"publish","type":"page","link":"https:\/\/semmelweis.hu\/gazdalkodas-kfi\/projektek\/oei-projektek\/operativ-programok-hazai-es-eus-projektek\/vekop-8-6-3-16-2017-00005\/","title":{"rendered":"VEKOP-8.6.3-16-2017-00005 | A szakk\u00e9pz\u00e9si int\u00e9zm\u00e9nyrendszer \u00e1tfog\u00f3 fejleszt\u00e9se"},"content":{"rendered":"<p style=\"text-align: right\"><img loading=\"lazy\" decoding=\"async\" class=\"alignnone size-medium wp-image-10813\" src=\"https:\/\/semmelweis.hu\/gazdalkodas-kfi\/files\/2024\/07\/infoblokk_kedv_final_felso_cmyk_ESZA-400x276.jpg\" alt=\"\" width=\"400\" height=\"276\" srcset=\"https:\/\/semmelweis.hu\/gazdalkodas-kfi\/files\/2024\/07\/infoblokk_kedv_final_felso_cmyk_ESZA-400x276.jpg 400w, https:\/\/semmelweis.hu\/gazdalkodas-kfi\/files\/2024\/07\/infoblokk_kedv_final_felso_cmyk_ESZA-1024x708.jpg 1024w, https:\/\/semmelweis.hu\/gazdalkodas-kfi\/files\/2024\/07\/infoblokk_kedv_final_felso_cmyk_ESZA-768x531.jpg 768w, https:\/\/semmelweis.hu\/gazdalkodas-kfi\/files\/2024\/07\/infoblokk_kedv_final_felso_cmyk_ESZA-175x120.jpg 175w, https:\/\/semmelweis.hu\/gazdalkodas-kfi\/files\/2024\/07\/infoblokk_kedv_final_felso_cmyk_ESZA-753x520.jpg 753w, https:\/\/semmelweis.hu\/gazdalkodas-kfi\/files\/2024\/07\/infoblokk_kedv_final_felso_cmyk_ESZA.jpg 1453w\" sizes=\"auto, (max-width: 400px) 100vw, 400px\" \/><\/p>\n<h4><strong>A szakk\u00e9pz\u00e9si int\u00e9zm\u00e9nyrendszer \u00e1tfog\u00f3 fejleszt\u00e9se<\/strong><\/h4>\n<ul>\n<li><strong>Projekt azonos\u00edt\u00f3 sz\u00e1ma:<\/strong> VEKOP-8.6.3-16-2017-00005<\/li>\n<li><strong>T\u00e1mogat\u00e1s \u00f6sszege:<\/strong> 270 000\u00a0000 Ft<\/li>\n<li><strong>T\u00e1mogat\u00e1s intenzit\u00e1sa:<\/strong> 100%<\/li>\n<li><strong>Projekt megval\u00f3s\u00edt\u00e1s\u00e1nak kezdete:<\/strong> 2018.01.01.<\/li>\n<li><strong>Projekt fizikai befejez\u00e9se:<\/strong> 2019.12.31.<\/li>\n<li><strong style=\"font-size: 1rem\">Konzorcium vezet\u0151je: Semmelweis Egyetem <\/strong><span style=\"font-size: 1rem\">a Budapesti Vend\u00e9gl\u00e1t\u00f3ipari \u00e9s Hum\u00e1n Szakk\u00e9pz\u00e9si Centrum jogut\u00f3dl\u00e1s nyom\u00e1n<\/span><\/li>\n<li><strong style=\"font-size: 1rem\">Konzorciumi tagok: <\/strong><span style=\"font-size: 1rem\">Budapesti Gazdas\u00e1gi Szakk\u00e9pz\u00e9si Centrum \u00e9s <\/span><span style=\"font-size: 1rem\">Budapesti Komplex Szakk\u00e9pz\u00e9si Centrum<\/span><\/li>\n<\/ul>\n<h5>A Projekt r\u00f6vid bemutat\u00e1sa<\/h5>\n<p style=\"text-align: justify\">Projekt els\u0151dleges c\u00e9lja volt a v\u00e9gzetts\u00e9g n\u00e9lk\u00fcli iskolaelhagy\u00e1s \u00e9s lemorzsol\u00f3d\u00e1s cs\u00f6kkent\u00e9se, a szakk\u00e9pz\u0151 iskol\u00e1k kulcskompetenci\u00e1inak meger\u0151s\u00edt\u00e9se, az alapk\u00e9szs\u00e9gek fejleszt\u00e9s\u00e9re alkalmas eszk\u00f6zrendszer b\u0151v\u00edt\u00e9se, a szakk\u00e9pz\u00e9s eredm\u00e9nyesebb\u00e9 t\u00e9tele \u00e9s ez \u00e1ltal a k\u00f6znevel\u00e9si rendszer m\u00e9lt\u00e1nyoss\u00e1g\u00e1nak, valamit a gazdas\u00e1g versenyk\u00e9pess\u00e9g\u00e9nek n\u00f6vel\u00e9se. A projektben v\u00e1llalt feladatok, tev\u00e9kenys\u00e9gek sikeresen megval\u00f3sultak. A tanul\u00f3csoportokban r\u00e9sztvev\u0151 tanul\u00f3k sz\u00e1ma 287 f\u0151, m\u00edg a tanul\u00f3csoportok sz\u00e1ma 70 db volt. A tanulm\u00e1nyi eredm\u00e9nyek javul\u00e1sa a tanul\u00f3csoportok eset\u00e9ben 141 f\u0151 eset\u00e9ben megval\u00f3sult. Tanulm\u00e1nyi eredm\u00e9ny javul\u00e1s 0,5 \u00e9rt\u00e9k alatt 75 f\u0151 est\u00e9ben volt kimutathat\u00f3. M\u00edg a t\u00e1rsas kompetencia javul\u00e1s 71 f\u0151 eset\u00e9ben nagy m\u00e9rt\u00e9kben javult. A k\u00f6z\u00e9pfok\u00fa v\u00e9gzetts\u00e9g n\u00e9lk\u00fcli tanul\u00f3i jogviszony megsz\u0171n\u00e9si sz\u00e1m\u00e1nak cs\u00f6kken\u00e9se az adott \u00e9vfolyamon bel\u00e9p\u0151k sz\u00e1m\u00e1hoz viszony\u00edtva 9,66% alakult. A kompetenciaalap\u00fa k\u00e9pz\u00e9sekhez k\u00e9sz\u00edtett tananyagok alkalmaz\u00e1s\u00e1t c\u00e9lz\u00f3 k\u00e9pz\u00e9seken r\u00e9sztvev\u0151 szakemberek sz\u00e1ma v\u00e1llaltak szerint 97 f\u0151 volt, m\u00edg k\u00e9pz\u00e9seken r\u00e9sztvev\u0151 szakemberek sz\u00e1ma a v\u00e1llatak szerint 88 f\u0151vel volt, ezzel ellent\u00e9tben\u00a0 316 f\u0151 vett r\u00e9szt. Digit\u00e1lis k\u00f6z\u00f6ss\u00e9gi alkot\u00f3m\u0171hely ker\u00fclt kialak\u00edt\u00e1sra. Ez ut\u00f3bbi keret\u00e9ben t\u00f6bbek k\u00f6z\u00f6tt a digit\u00e1lis infrastrukt\u00fara fejl\u0151d\u00f6tt. A p\u00e1ly\u00e1zat sz\u00ednvonalas, min\u0151s\u00e9gi lebonyol\u00edt\u00e1s\u00e1t mindv\u00e9gig min\u0151s\u00e9gbiztos\u00edt\u00e1s \u00e9s monitoring t\u00e1mogatta. A projekt tapasztalatainak \u00f6sszefoglal\u00e1sak\u00e9nt z\u00e1r\u00f3tanulm\u00e1ny k\u00e9sz\u00fclt.<\/p>\n<h5>A projekt keret\u00e9ben l\u00e9trehozott szakmai dokumentumok:<\/h5>\n<ul style=\"list-style-type: square\">\n<li><a href=\"https:\/\/semmelweis.hu\/gazdalkodas-kfi\/files\/2023\/10\/Megvalosithatosagi_tanulmany_2017.pdf\" target=\"_blank\" rel=\"noopener\">Megval\u00f3s\u00edthat\u00f3s\u00e1gi tanulm\u00e1ny<\/a><\/li>\n<li><a href=\"https:\/\/semmelweis.hu\/gazdalkodas-kfi\/files\/2023\/10\/Helyzetfelmeres_2018.pdf\" target=\"_blank\" rel=\"noopener\">Helyzet\u00e9rt\u00e9kel\u00e9si dokumentum<\/a>\u00a0<\/li>\n<li><a href=\"https:\/\/semmelweis.hu\/gazdalkodas-kfi\/files\/2023\/10\/Cselekvesi_terv_2018.pdf\" target=\"_blank\" rel=\"noopener\">Cselekv\u00e9si terv<\/a><\/li>\n<li><a href=\"https:\/\/semmelweis.hu\/gazdalkodas-kfi\/files\/2023\/10\/8.6.3-Cselekvesi-terv-ertekelese-es-felulvizsgalata.pdf\" target=\"_blank\" rel=\"noopener\">Cselekv\u00e9si terv \u00e9rt\u00e9kel\u00e9se \u00e9s fel\u00fclvizsg\u00e1lata<\/a>\u00a0<\/li>\n<li><a href=\"https:\/\/semmelweis.hu\/gazdalkodas-kfi\/files\/2023\/10\/Zarotanulmany_2019.pdf\" target=\"_blank\" rel=\"noopener\">Z\u00e1r\u00f3tanulm\u00e1ny<\/a>\u00a0<\/li>\n<\/ul>\n","protected":false},"excerpt":{"rendered":"<p>A szakk\u00e9pz\u00e9si int\u00e9zm\u00e9nyrendszer \u00e1tfog\u00f3 fejleszt\u00e9se Projekt azonos\u00edt\u00f3 sz\u00e1ma: VEKOP-8.6.3-16-2017-00005 T\u00e1mogat\u00e1s \u00f6sszege: 270 000\u00a0000 Ft T\u00e1mogat\u00e1s intenzit\u00e1sa: 100% Projekt megval\u00f3s\u00edt\u00e1s\u00e1nak kezdete: 2018.01.01. Projekt fizikai befejez\u00e9se: 2019.12.31. Konzorcium vezet\u0151je: Semmelweis Egyetem a Budapesti Vend\u00e9gl\u00e1t\u00f3ipari \u00e9s Hum\u00e1n Szakk\u00e9pz\u00e9si Centrum jogut\u00f3dl\u00e1s nyom\u00e1n Konzorciumi tagok: Budapesti Gazdas\u00e1gi Szakk\u00e9pz\u00e9si Centrum \u00e9s Budapesti Komplex Szakk\u00e9pz\u00e9si Centrum A Projekt r\u00f6vid bemutat\u00e1sa Projekt els\u0151dleges &hellip;<\/p>\n","protected":false},"author":102156,"featured_media":0,"parent":170,"menu_order":8,"comment_status":"closed","ping_status":"closed","template":"template-fullwidth.php","meta":{"_acf_changed":false,"footnotes":""},"categories":[],"tags":[],"class_list":["post-10329","page","type-page","status-publish","hentry"],"acf":[],"_links":{"self":[{"href":"https:\/\/semmelweis.hu\/gazdalkodas-kfi\/wp-json\/wp\/v2\/pages\/10329","targetHints":{"allow":["GET"]}}],"collection":[{"href":"https:\/\/semmelweis.hu\/gazdalkodas-kfi\/wp-json\/wp\/v2\/pages"}],"about":[{"href":"https:\/\/semmelweis.hu\/gazdalkodas-kfi\/wp-json\/wp\/v2\/types\/page"}],"author":[{"embeddable":true,"href":"https:\/\/semmelweis.hu\/gazdalkodas-kfi\/wp-json\/wp\/v2\/users\/102156"}],"replies":[{"embeddable":true,"href":"https:\/\/semmelweis.hu\/gazdalkodas-kfi\/wp-json\/wp\/v2\/comments?post=10329"}],"version-history":[{"count":11,"href":"https:\/\/semmelweis.hu\/gazdalkodas-kfi\/wp-json\/wp\/v2\/pages\/10329\/revisions"}],"predecessor-version":[{"id":10814,"href":"https:\/\/semmelweis.hu\/gazdalkodas-kfi\/wp-json\/wp\/v2\/pages\/10329\/revisions\/10814"}],"up":[{"embeddable":true,"href":"https:\/\/semmelweis.hu\/gazdalkodas-kfi\/wp-json\/wp\/v2\/pages\/170"}],"wp:attachment":[{"href":"https:\/\/semmelweis.hu\/gazdalkodas-kfi\/wp-json\/wp\/v2\/media?parent=10329"}],"wp:term":[{"taxonomy":"category","embeddable":true,"href":"https:\/\/semmelweis.hu\/gazdalkodas-kfi\/wp-json\/wp\/v2\/categories?post=10329"},{"taxonomy":"post_tag","embeddable":true,"href":"https:\/\/semmelweis.hu\/gazdalkodas-kfi\/wp-json\/wp\/v2\/tags?post=10329"}],"curies":[{"name":"wp","href":"https:\/\/api.w.org\/{rel}","templated":true}]}}

VEKOP-8.6.3-16-2017-00005 | A szakképzési intézményrendszer átfogó fejlesztése

<p style="text-align: right"><img loading="lazy" decoding="async" class="alignnone size-medium wp-image-10813" src="https://semmelweis.hu/gazdalkodas-kfi/files/2024/07/infoblokk_kedv_final_felso_cmyk_ESZA-400x276.jpg" alt="" width="400" height="276" srcset="https://semmelweis.hu/gazdalkodas-kfi/files/2024/07/infoblokk_kedv_final_felso_cmyk_ESZA-400x276.jpg 400w, https://semmelweis.hu/gazdalkodas-kfi/files/2024/07/infoblokk_kedv_final_felso_cmyk_ESZA-1024x708.jpg 1024w, https://semmelweis.hu/gazdalkodas-kfi/files/2024/07/infoblokk_kedv_final_felso_cmyk_ESZA-768x531.jpg 768w, https://semmelweis.hu/gazdalkodas-kfi/files/2024/07/infoblokk_kedv_final_felso_cmyk_ESZA-175x120.jpg 175w, https://semmelweis.hu/gazdalkodas-kfi/files/2024/07/infoblokk_kedv_final_felso_cmyk_ESZA-753x520.jpg 753w, https://semmelweis.hu/gazdalkodas-kfi/files/2024/07/infoblokk_kedv_final_felso_cmyk_ESZA.jpg 1453w" sizes="auto, (max-width: 400px) 100vw, 400px" /></p>
<h4><strong>A szakképzési intézményrendszer átfogó fejlesztése</strong></h4>
<ul>
<li><strong>Projekt azonosító száma:</strong> VEKOP-8.6.3-16-2017-00005</li>
<li><strong>Támogatás összege:</strong> 270 000 000 Ft</li>
<li><strong>Támogatás intenzitása:</strong> 100%</li>
<li><strong>Projekt megvalósításának kezdete:</strong> 2018.01.01.</li>
<li><strong>Projekt fizikai befejezése:</strong> 2019.12.31.</li>
<li><strong style="font-size: 1rem">Konzorcium vezetője: Semmelweis Egyetem </strong><span style="font-size: 1rem">a Budapesti Vendéglátóipari és Humán Szakképzési Centrum jogutódlás nyomán</span></li>
<li><strong style="font-size: 1rem">Konzorciumi tagok: </strong><span style="font-size: 1rem">Budapesti Gazdasági Szakképzési Centrum és </span><span style="font-size: 1rem">Budapesti Komplex Szakképzési Centrum</span></li>
</ul>
<h5>A Projekt rövid bemutatása</h5>
<p style="text-align: justify">Projekt elsődleges célja volt a végzettség nélküli iskolaelhagyás és lemorzsolódás csökkentése, a szakképző iskolák kulcskompetenciáinak megerősítése, az alapkészségek fejlesztésére alkalmas eszközrendszer bővítése, a szakképzés eredményesebbé tétele és ez által a köznevelési rendszer méltányosságának, valamit a gazdaság versenyképességének növelése. A projektben vállalt feladatok, tevékenységek sikeresen megvalósultak. A tanulócsoportokban résztvevő tanulók száma 287 fő, míg a tanulócsoportok száma 70 db volt. A tanulmányi eredmények javulása a tanulócsoportok esetében 141 fő esetében megvalósult. Tanulmányi eredmény javulás 0,5 érték alatt 75 fő estében volt kimutatható. Míg a társas kompetencia javulás 71 fő esetében nagy mértékben javult. A középfokú végzettség nélküli tanulói jogviszony megszűnési számának csökkenése az adott évfolyamon belépők számához viszonyítva 9,66% alakult. A kompetenciaalapú képzésekhez készített tananyagok alkalmazását célzó képzéseken résztvevő szakemberek száma vállaltak szerint 97 fő volt, míg képzéseken résztvevő szakemberek száma a vállatak szerint 88 fővel volt, ezzel ellentétben  316 fő vett részt. Digitális közösségi alkotóműhely került kialakításra. Ez utóbbi keretében többek között a digitális infrastruktúra fejlődött. A pályázat színvonalas, minőségi lebonyolítását mindvégig minőségbiztosítás és monitoring támogatta. A projekt tapasztalatainak összefoglalásaként zárótanulmány készült.</p>
<h5>A projekt keretében létrehozott szakmai dokumentumok:</h5>
<ul style="list-style-type: square">
<li><a href="https://semmelweis.hu/gazdalkodas-kfi/files/2023/10/Megvalosithatosagi_tanulmany_2017.pdf" target="_blank" rel="noopener">Megvalósíthatósági tanulmány</a></li>
<li><a href="https://semmelweis.hu/gazdalkodas-kfi/files/2023/10/Helyzetfelmeres_2018.pdf" target="_blank" rel="noopener">Helyzetértékelési dokumentum</a> </li>
<li><a href="https://semmelweis.hu/gazdalkodas-kfi/files/2023/10/Cselekvesi_terv_2018.pdf" target="_blank" rel="noopener">Cselekvési terv</a></li>
<li><a href="https://semmelweis.hu/gazdalkodas-kfi/files/2023/10/8.6.3-Cselekvesi-terv-ertekelese-es-felulvizsgalata.pdf" target="_blank" rel="noopener">Cselekvési terv értékelése és felülvizsgálata</a> </li>
<li><a href="https://semmelweis.hu/gazdalkodas-kfi/files/2023/10/Zarotanulmany_2019.pdf" target="_blank" rel="noopener">Zárótanulmány</a> </li>
</ul>

<p>A szakképzési intézményrendszer átfogó fejlesztése Projekt azonosító száma: VEKOP-8.6.3-16-2017-00005 Támogatás összege: 270 000 000 Ft Támogatás intenzitása: 100% Projekt megvalósításának kezdete: 2018.01.01. Projekt fizikai befejezése: 2019.12.31. Konzorcium vezetője: Semmelweis Egyetem a Budapesti Vendéglátóipari és Humán Szakképzési Centrum jogutódlás nyomán Konzorciumi tagok: Budapesti Gazdasági Szakképzési Centrum és Budapesti Komplex Szakképzési Centrum A Projekt rövid bemutatása Projekt elsődleges &hellip;</p>
