{"id":783,"date":"2017-03-21T09:41:34","date_gmt":"2017-03-21T08:41:34","guid":{"rendered":"http:\/\/semmelweis.hu\/fulorrgegeszet\/?page_id=783"},"modified":"2024-09-03T10:03:36","modified_gmt":"2024-09-03T08:03:36","slug":"fulzugas-ambulancia","status":"publish","type":"page","link":"https:\/\/semmelweis.hu\/fulorrgegeszet\/betegeinknek\/jarobeteg-ellatas\/fulzugas-ambulancia\/","title":{"rendered":"F\u00fclz\u00fag\u00e1s ambulancia"},"content":{"rendered":"<p>A f\u00fclz\u00fag\u00e1s \u2013 tinnitus \u00a0 kifejez\u00e9s a latin tinnire sz\u00f3b\u00f3l sz\u00e1rmazik, jelent\u00e9se: cseng\u00e9s. A f\u00fclz\u00fag\u00e1s olyan hang\u00e9rzet, melyet a beteg k\u00fcls\u0151 akusztikus inger n\u00e9lk\u00fcl \u00e9rz\u00e9kel. Els\u0151dlegesen szubjekt\u00edv t\u00fcnet, mely k\u00fcls\u0151 megfigyel\u0151 sz\u00e1m\u00e1ra nem hallhat\u00f3. Az objekt\u00edv tinnitus ritk\u00e1bb forma, ebben az esetben a hang\u00e9lm\u00e9nyt k\u00fcls\u0151 szeml\u00e9l\u0151 is \u00e9rz\u00e9kelheti pl. fonendoszk\u00f3p vagy egy\u00e9b akusztikai m\u00f3dszer seg\u00edts\u00e9g\u00e9vel.<\/p>\n<p>A f\u00fclz\u00fag\u00e1s (tinnitus) nem \u00f6n\u00e1ll\u00f3 betegs\u00e9g, hanem olyan t\u00fcnet, melyet t\u00f6bbf\u00e9le szervi elt\u00e9r\u00e9s okozhat. Az ut\u00f3bbi 20 \u00e9v kutat\u00e1si eredm\u00e9nyei alapj\u00e1n a f\u00fclz\u00fag\u00e1s k\u00f3r\u00e9lettan\u00e1nak magyar\u00e1zat\u00e1ra t\u00f6bb elm\u00e9let is sz\u00fcletett, de a teljes mechanizmus m\u00e1ig nem tiszt\u00e1zott.<\/p>\n<p>A f\u00fclz\u00fag\u00e1s szakambulancia 2011 \u00f3ta m\u0171k\u00f6dik klinik\u00e1nkon, a betegek vizsg\u00e1lata el\u0151jegyz\u00e9s alapj\u00e1n t\u00f6rt\u00e9nik. A f\u00fclz\u00fag\u00e1s megjelen\u00e9s\u00e9t\u0151l sz\u00e1m\u00edtott els\u0151 3 h\u00f3nap az akut szakasz, ez id\u0151 alatt t\u00f6bbnyire f\u00fcl-orr-g\u00e9g\u00e9sz koll\u00e9ga kezdi a t\u00fcnet protokoll szerinti kezel\u00e9s\u00e9t \u00e9s a sz\u00fcks\u00e9ges kivizsg\u00e1l\u00e1st. Ha a f\u00fclz\u00fag\u00e1s 3 h\u00f3napon t\u00fal is fenn\u00e1ll, akkor m\u00e1r kr\u00f3nikusnak tekintend\u0151. A f\u00fclz\u00fag\u00e1s ambulancia szerepe ebben az id\u0151szakban els\u0151dleges, a vizsg\u00e1lat konzult\u00e1ci\u00f3s jelleg\u0171. C\u00e9lja, hogy a f\u00fclz\u00fag\u00e1s panasz h\u00e1tter\u00e9ben felmer\u00fcl\u0151 szerte\u00e1gaz\u00f3 k\u00f3rokokat \u00e9s h\u00e1tt\u00e9rbetegs\u00e9geket felt\u00e1rjuk, a kor\u00e1bbi vizsg\u00e1lati eredm\u00e9nyeket \u00e1ttekints\u00fck \u00e9s szintetiz\u00e1ljuk, ha sz\u00fcks\u00e9ges tov\u00e1bbi vizsg\u00e1latokat k\u00e9rj\u00fcnk. Mindezek alapj\u00e1n hat\u00e1rozzuk meg a lehets\u00e9ges tov\u00e1bbi ter\u00e1pi\u00e1s utakat.<\/p>\n<div class=\"keretes w-100\">\n<p>vezet\u0151: Dr. Bencsik Be\u00e1ta<br \/>\negyetemi adjunktus, PhD<\/p>\n<p>A vizsg\u00e1latra (kontrollvizsg\u00e1latra is) el\u0151zetes el\u0151jegyz\u00e9s sz\u00fcks\u00e9ges a <strong>06-20-825-8712<\/strong> telefonsz\u00e1mon.<\/p>\n<\/div>\n","protected":false},"excerpt":{"rendered":"<p>A f\u00fclz\u00fag\u00e1s \u2013 tinnitus \u00a0 kifejez\u00e9s a latin tinnire sz\u00f3b\u00f3l sz\u00e1rmazik, jelent\u00e9se: cseng\u00e9s. A f\u00fclz\u00fag\u00e1s olyan hang\u00e9rzet, melyet a beteg k\u00fcls\u0151 akusztikus inger n\u00e9lk\u00fcl \u00e9rz\u00e9kel. Els\u0151dlegesen szubjekt\u00edv t\u00fcnet, mely k\u00fcls\u0151 megfigyel\u0151 sz\u00e1m\u00e1ra nem hallhat\u00f3. Az objekt\u00edv tinnitus ritk\u00e1bb forma, ebben az esetben a hang\u00e9lm\u00e9nyt k\u00fcls\u0151 szeml\u00e9l\u0151 is \u00e9rz\u00e9kelheti pl. fonendoszk\u00f3p vagy egy\u00e9b akusztikai m\u00f3dszer seg\u00edts\u00e9g\u00e9vel. &hellip;<\/p>\n","protected":false},"author":335,"featured_media":0,"parent":223,"menu_order":4,"comment_status":"closed","ping_status":"closed","template":"","meta":{"_acf_changed":false,"footnotes":""},"categories":[],"tags":[],"class_list":["post-783","page","type-page","status-publish","hentry"],"acf":[],"_links":{"self":[{"href":"https:\/\/semmelweis.hu\/fulorrgegeszet\/wp-json\/wp\/v2\/pages\/783","targetHints":{"allow":["GET"]}}],"collection":[{"href":"https:\/\/semmelweis.hu\/fulorrgegeszet\/wp-json\/wp\/v2\/pages"}],"about":[{"href":"https:\/\/semmelweis.hu\/fulorrgegeszet\/wp-json\/wp\/v2\/types\/page"}],"author":[{"embeddable":true,"href":"https:\/\/semmelweis.hu\/fulorrgegeszet\/wp-json\/wp\/v2\/users\/335"}],"replies":[{"embeddable":true,"href":"https:\/\/semmelweis.hu\/fulorrgegeszet\/wp-json\/wp\/v2\/comments?post=783"}],"version-history":[{"count":10,"href":"https:\/\/semmelweis.hu\/fulorrgegeszet\/wp-json\/wp\/v2\/pages\/783\/revisions"}],"predecessor-version":[{"id":2194,"href":"https:\/\/semmelweis.hu\/fulorrgegeszet\/wp-json\/wp\/v2\/pages\/783\/revisions\/2194"}],"up":[{"embeddable":true,"href":"https:\/\/semmelweis.hu\/fulorrgegeszet\/wp-json\/wp\/v2\/pages\/223"}],"wp:attachment":[{"href":"https:\/\/semmelweis.hu\/fulorrgegeszet\/wp-json\/wp\/v2\/media?parent=783"}],"wp:term":[{"taxonomy":"category","embeddable":true,"href":"https:\/\/semmelweis.hu\/fulorrgegeszet\/wp-json\/wp\/v2\/categories?post=783"},{"taxonomy":"post_tag","embeddable":true,"href":"https:\/\/semmelweis.hu\/fulorrgegeszet\/wp-json\/wp\/v2\/tags?post=783"}],"curies":[{"name":"wp","href":"https:\/\/api.w.org\/{rel}","templated":true}]}}