{"id":320,"date":"2015-10-15T18:21:00","date_gmt":"2015-10-15T16:21:00","guid":{"rendered":"http:\/\/semmelweis.hu\/fulorrgegeszet\/?page_id=320"},"modified":"2024-08-21T13:02:15","modified_gmt":"2024-08-21T11:02:15","slug":"foniatriai-szakambulancia-mukodesi-rendje","status":"publish","type":"page","link":"https:\/\/semmelweis.hu\/fulorrgegeszet\/betegeinknek\/jarobeteg-ellatas\/foniatriai-szakambulancia-mukodesi-rendje\/","title":{"rendered":"Foni\u00e1triai szakambulancia m\u0171k\u00f6d\u00e9si rendje"},"content":{"rendered":"<p><strong>Foni\u00e1triai \u00e9s Logop\u00e9diai Szakambulancia<\/strong> a hangk\u00e9pz\u00e9s, az artikul\u00e1ci\u00f3 \u00e9s a besz\u00e9d, a nyel\u00e9s zavarainak diagnosztik\u00e1j\u00e1val \u00e9s kezel\u00e9s\u00e9vel foglalkozik:<\/p>\n<ul>\n<li>g\u00e9gem\u0171t\u00e9tek, sz\u00e1j- \u00e9s garat\u00fcregi m\u0171t\u00e9tek ut\u00e1ni hangk\u00e9pz\u00e9si \u00e9s nyel\u00e9szavarok,<\/li>\n<li>pajzsmirigy m\u0171t\u00e9tet-, illetve egy\u00e9b nyaki m\u0171t\u00e9teket k\u00f6vet\u0151en kialakult g\u00e9geb\u00e9nul\u00e1sok (pl. rekurrenspar\u00e9zis)<\/li>\n<li>idegi eredet\u0171 hangk\u00e9pz\u00e9si- \u00e9s nyel\u00e9szavarok<\/li>\n<li>g\u00e9ge n\u00e9lk\u00fcli betegek hangk\u00e9pz\u00e9si zavara<\/li>\n<li>gyermekek hangk\u00e9pz\u00e9si- \u00e9s artikul\u00e1ci\u00f3 zavara, orrhangz\u00f3ss\u00e1ga<\/li>\n<li>t\u00falterhel\u00e9s okozta rekedts\u00e9g<\/li>\n<li>professzion\u00e1lis hanghaszn\u00e1l\u00f3k (\u00e9nekesek, sz\u00edn\u00e9szek, tan\u00e1rok) hang- \u00e9s artikul\u00e1ci\u00f3s rendelleness\u00e9gei<\/li>\n<\/ul>\n<p style=\"text-align: justify\"><strong>Foni\u00e1ter-f\u00fcl-orr-g\u00e9g\u00e9sz orvosok rendel\u00e9si ideje:<\/strong><\/p>\n<p style=\"text-align: justify\"><em>Prof. Dr. Tam\u00e1s L\u00e1szl\u00f3 telefonos egyeztet\u00e9s alapj\u00e1n<\/em><\/p>\n<p style=\"text-align: justify\"><em>Prof. Dr. Hacki Tam\u00e1s<\/em> <br \/>\nszerda 9:30-13:00<\/p>\n<p style=\"text-align: justify\"><em>Dr. Fent Zolt\u00e1n PhD<\/em> <br \/>\nkedd 9:30-13:00<\/p>\n<p style=\"text-align: justify\">Az ambulancia csak el\u0151jegyz\u00e9s alapj\u00e1n fogad p\u00e1cienseket, az al\u00e1bbi telefonsz\u00e1mokon t\u00f6rt\u00e9n\u0151 bejelent\u00e9s ut\u00e1n. El\u0151zetes f\u00fcl-orr-g\u00e9g\u00e9szeti vizsg\u00e1lati lelet bemutat\u00e1sa javasolt.<\/p>\n<p style=\"text-align: justify\"><strong>Kapcsolat: <\/strong>06\/30-016-4253<strong><br \/>\n<\/strong><\/p>\n<p><strong>Logop\u00e9dus gyakorl\u00f3 ter\u00e1pi\u00e1k (csak foni\u00e1triai, f\u00fcl-orr-g\u00e9g\u00e9szeti javaslat alapj\u00e1n):<\/strong><\/p>\n<ul>\n<li>hangk\u00e9pz\u00e9si, artikul\u00e1ci\u00f3 \u00e9s nyel\u00e9ster\u00e1pia<\/li>\n<li>g\u00e9ge n\u00e9lk\u00fcli hangk\u00e9pz\u00e9s<\/li>\n<li>professzion\u00e1lis hanghaszn\u00e1l\u00f3k kezel\u00e9se<\/li>\n<\/ul>\n<p><strong>Bodroghelyi M\u00f3nika<br \/>\nCsak logop\u00e9diai ter\u00e1pi\u00e1ra id\u0151pont: <\/strong>+0620\/221-7997, 09:00 &#8211; 15:00 \u00f3ra k\u00f6z\u00f6tt<strong><br \/>\n<\/strong><\/p>\n<p><strong>Rendel\u00e9si id\u0151k: <\/strong>H\u00e9tf\u0151-P\u00e9ntek 09:00 &#8211; 15:00<strong><br \/>\n<\/strong><\/p>\n","protected":false},"excerpt":{"rendered":"<p>Foni\u00e1triai \u00e9s Logop\u00e9diai Szakambulancia a hangk\u00e9pz\u00e9s, az artikul\u00e1ci\u00f3 \u00e9s a besz\u00e9d, a nyel\u00e9s zavarainak diagnosztik\u00e1j\u00e1val \u00e9s kezel\u00e9s\u00e9vel foglalkozik: g\u00e9gem\u0171t\u00e9tek, sz\u00e1j- \u00e9s garat\u00fcregi m\u0171t\u00e9tek ut\u00e1ni hangk\u00e9pz\u00e9si \u00e9s nyel\u00e9szavarok, pajzsmirigy m\u0171t\u00e9tet-, illetve egy\u00e9b nyaki m\u0171t\u00e9teket k\u00f6vet\u0151en kialakult g\u00e9geb\u00e9nul\u00e1sok (pl. rekurrenspar\u00e9zis) idegi eredet\u0171 hangk\u00e9pz\u00e9si- \u00e9s nyel\u00e9szavarok g\u00e9ge n\u00e9lk\u00fcli betegek hangk\u00e9pz\u00e9si zavara gyermekek hangk\u00e9pz\u00e9si- \u00e9s artikul\u00e1ci\u00f3 zavara, orrhangz\u00f3ss\u00e1ga t\u00falterhel\u00e9s &hellip;<\/p>\n","protected":false},"author":335,"featured_media":0,"parent":223,"menu_order":3,"comment_status":"closed","ping_status":"closed","template":"","meta":{"_acf_changed":false,"footnotes":""},"categories":[],"tags":[],"class_list":["post-320","page","type-page","status-publish","hentry"],"acf":[],"_links":{"self":[{"href":"https:\/\/semmelweis.hu\/fulorrgegeszet\/wp-json\/wp\/v2\/pages\/320","targetHints":{"allow":["GET"]}}],"collection":[{"href":"https:\/\/semmelweis.hu\/fulorrgegeszet\/wp-json\/wp\/v2\/pages"}],"about":[{"href":"https:\/\/semmelweis.hu\/fulorrgegeszet\/wp-json\/wp\/v2\/types\/page"}],"author":[{"embeddable":true,"href":"https:\/\/semmelweis.hu\/fulorrgegeszet\/wp-json\/wp\/v2\/users\/335"}],"replies":[{"embeddable":true,"href":"https:\/\/semmelweis.hu\/fulorrgegeszet\/wp-json\/wp\/v2\/comments?post=320"}],"version-history":[{"count":11,"href":"https:\/\/semmelweis.hu\/fulorrgegeszet\/wp-json\/wp\/v2\/pages\/320\/revisions"}],"predecessor-version":[{"id":2192,"href":"https:\/\/semmelweis.hu\/fulorrgegeszet\/wp-json\/wp\/v2\/pages\/320\/revisions\/2192"}],"up":[{"embeddable":true,"href":"https:\/\/semmelweis.hu\/fulorrgegeszet\/wp-json\/wp\/v2\/pages\/223"}],"wp:attachment":[{"href":"https:\/\/semmelweis.hu\/fulorrgegeszet\/wp-json\/wp\/v2\/media?parent=320"}],"wp:term":[{"taxonomy":"category","embeddable":true,"href":"https:\/\/semmelweis.hu\/fulorrgegeszet\/wp-json\/wp\/v2\/categories?post=320"},{"taxonomy":"post_tag","embeddable":true,"href":"https:\/\/semmelweis.hu\/fulorrgegeszet\/wp-json\/wp\/v2\/tags?post=320"}],"curies":[{"name":"wp","href":"https:\/\/api.w.org\/{rel}","templated":true}]}}