{"id":241,"date":"2015-02-13T08:00:14","date_gmt":"2015-02-13T07:00:14","guid":{"rendered":"http:\/\/semmelweis.hu\/fulorrgegeszet\/?page_id=241"},"modified":"2023-05-25T10:21:45","modified_gmt":"2023-05-25T08:21:45","slug":"a-soterapia-hatasai","status":"publish","type":"page","link":"https:\/\/semmelweis.hu\/fulorrgegeszet\/betegeinknek\/betegsegekrol\/a-soterapia-hatasai\/","title":{"rendered":"A s\u00f3ter\u00e1pia hat\u00e1sai"},"content":{"rendered":"<h3 style=\"text-align: justify\">\u00c9rdekess\u00e9gek a s\u00f3r\u00f3l<\/h3>\n<p style=\"text-align: justify\">\u201eK\u00e9t dolog a legfontosabb a vil\u00e1gon: a s\u00f3 \u00e9s a v\u00edz\u201d (Plinius).<\/p>\n<p style=\"text-align: justify\">A s\u00f3 a f\u00f6ld feh\u00e9r aranya, l\u00e9tfontoss\u00e1g\u00fa elem, amely a r\u00e9gm\u00falt id\u0151kben fizet\u0151eszk\u00f6zk\u00e9nt is szolg\u00e1lt, h\u00e1bor\u00fak folytak a s\u00f3b\u00e1ny\u00e1k birtokl\u00e1s\u00e9rt.<\/p>\n<p style=\"text-align: justify\">A primit\u00edv civiliz\u00e1ci\u00f3k m\u00e9g nem voltak tudat\u00e1ban a s\u00f3 fontoss\u00e1g\u00e1nak, a l\u00e9tfenntart\u00e1shoz sz\u00fcks\u00e9ges s\u00f3-\u00e9s \u00e1sv\u00e1nyi anyag mennyis\u00e9g\u00e9t f\u0151kent az \u00e1llatok v\u00e9r\u00e9b\u0151l nyert\u00e9k.<\/p>\n<p style=\"text-align: justify\">K\u00e9s\u0151bb a mez\u0151gazdas\u00e1g fejl\u0151d\u00e9s\u00e9vel a s\u00f3 ir\u00e1nti ig\u00e9ny megn\u0151tt. R\u00e1j\u00f6ttek, hogy seg\u00edts\u00e9g\u00e9vel tart\u00f3s\u00edtani lehet az \u00e9lelmiszereket, ami lehet\u0151v\u00e9 tette hosszabb utaz\u00e1sok k\u00f6zben az \u00e9lelmiszer sz\u00e1ll\u00edt\u00e1st \u00e9s ut\u00e1np\u00f3tl\u00e1st. A r\u00f3maiak s\u00f3 utakat \u00e9p\u00edtettek a s\u00f3 sz\u00e1ll\u00edt\u00e1s\u00e1ra. Az egyik ilyen \u2013 Via Salaria \u2013 az Adriai-tengerhez vezetett, ahol a mai napig is haszn\u00e1lt lep\u00e1rl\u00e1sos technik\u00e1val jutottak a s\u00f3hoz. Ellen\u0151rz\u00e9s alatt tartott\u00e1k a s\u00f3 \u00e1r\u00e1t, h\u00e1bor\u00fa eset\u00e9n megemelt\u00e9k, hogy abb\u00f3l fedezz\u00e9k a k\u00f6lts\u00e9geket, majd levitt\u00e9k, hogy az egyszer\u0171 polg\u00e1rok sz\u00e1m\u00e1ra is el\u00e9rhet\u0151 legyen a s\u00f3. A r\u00f3mai katon\u00e1kat s\u00f3val fizett\u00e9k. Az angol fizet\u00e9s \u2013 salary sz\u00f3 is a latin salarium \u2013 s\u00f3ban fizetni kifejez\u00e9sb\u0151l sz\u00e1rmazik.<\/p>\n<h3 style=\"text-align: justify\">Amit a term\u00e9szetes s\u00f3r\u00f3l tudni kell<\/h3>\n<p style=\"text-align: justify\">Sokan csup\u00e1n f\u0171szerk\u00e9nt ismerik a s\u00f3t, de az emberi szervezet sz\u00e1m\u00e1ra alapvet\u0151 fontoss\u00e1g\u00fa az eg\u00e9szs\u00e9g meg\u0151rz\u00e9s\u00e9ben.<\/p>\n<p style=\"text-align: justify\">Az asztali s\u00f3 \u00e9s a term\u00e9szetben tal\u00e1lhat\u00f3 krist\u00e1ly s\u00f3k \u00f6sszet\u00e9tele k\u00fcl\u00f6nb\u00f6zik egym\u00e1st\u00f3l. A term\u00e9szetes s\u00f3k k\u00e9miai tiszt\u00edt\u00e1sa \u00fatj\u00e1n nyerj\u00fck az asztali s\u00f3t, amely Na+ \u00e9s CI- ionokban is gazdagok (pl. K+, Ca+, Mg2+, Po43-, HCO3-). Az ionok elektromos potenci\u00e1llal, vagyis energi\u00e1val rendelkeznek. A v\u00e9r\u00fcnk, ill. test\u00fcnk egy\u00e9b intracellularis \u00e9s extracellularis folyad\u00e9kai v\u00edzben oldott ionokat tartalmaznak, vagyis elektrolit oldatnak tekinthet\u0151k. Szervezet\u00fcnk elektrolit h\u00e1ztart\u00e1s\u00e1nak egyens\u00falyban tart\u00e1sa alapvet\u0151 fontoss\u00e1g\u00fa az \u00e9letfunkci\u00f3ihoz, a norm\u00e1l hidralts\u00e1gi (= v\u00edzzel megfelel\u0151en ell\u00e1tott) \u00e1llapot fenntart\u00e1s\u00e1hoz, a v\u00e9r pH \u2013 \u00e9s a v\u00e9rnyom\u00e1s szab\u00e1lyoz\u00e1s\u00e1hoz, a norm\u00e1l ideg- \u00e9s izomm\u0171k\u00f6d\u00e9shez. Az idegsejtek \u00e9s az izomsz\u00f6vet k\u00e9pes tov\u00e1bb\u00edtani az elektromos aktivit\u00e1st. Elektrolitok, v\u00edzben oldott term\u00e9szetes s\u00f3k n\u00e9lk\u00fcl nem l\u00e9tezne gondolkod\u00e1s, besz\u00e9d, izom \u00f6sszeh\u00faz\u00f3d\u00e1s, mozg\u00e1s. A v\u00edz \u00e9s a s\u00f3 egyens\u00falya szab\u00e1lyozza a szervezet anyagcsere folyamatait, energetiz\u00e1lja \u00e9s aktiv\u00e1lja a szervezetet. S\u00f3 \u00e9s v\u00edz n\u00e9lk\u00fcl a test\u00fcnk teljesen m\u0171k\u00f6d\u0151k\u00e9ptelenn\u00e9 v\u00e1lik.<\/p>\n<h3 style=\"text-align: justify\">\u00c9lettani folyamatok, amelyek norm\u00e1l fenntart\u00e1sban szerepe van a term\u00e9szetes s\u00f3 ter\u00e1pi\u00e1nak<\/h3>\n<p style=\"text-align: justify\">szab\u00e1lyos sz\u00edvm\u0171k\u00f6d\u00e9s<\/p>\n<p style=\"text-align: justify\">v\u00e9rnyom\u00e1s szab\u00e1lyoz\u00e1s<\/p>\n<p style=\"text-align: justify\">v\u00e9rcukorszint szab\u00e1lyoz\u00e1s<\/p>\n<p style=\"text-align: justify\">t\u00fcd\u0151 tisztul\u00e1s, k\u00e9pz\u0151d\u00f6tt ny\u00e1k elt\u00e1vol\u00edt\u00e1sa, f\u0151kent asthm\u00e1ban \u00e9s ciszt\u00e1s fibr\u00f3zisban<\/p>\n<p style=\"text-align: justify\">arc\u00fcreg tisztul\u00e1s<\/p>\n<p style=\"text-align: justify\">er\u0151s antihisztamin hat\u00e1s (pl. allergi\u00e1k eset\u00e9n kedvez\u0151)<\/p>\n<p style=\"text-align: justify\">izomg\u00f6rcs megakad\u00e1lyoz\u00e1sa<\/p>\n<p style=\"text-align: justify\">fokozott ny\u00e1lk\u00e9pz\u0151d\u00e9s megakad\u00e1lyoz\u00e1sa<\/p>\n<p style=\"text-align: justify\">csont szil\u00e1rds\u00e1g\u00e1nak biztos\u00edt\u00e1sa, csontritkul\u00e1s megel\u0151z\u00e9se<\/p>\n<p style=\"text-align: justify\">alv\u00e1s szab\u00e1lyoz\u00e1sa<\/p>\n<p style=\"text-align: justify\">sz\u00e1raz k\u00f6h\u00f6g\u00e9s megsz\u00fcntet\u00e9se<\/p>\n<p style=\"text-align: justify\">k\u00f6szv\u00e9ny megel\u0151z\u00e9se<\/p>\n<p style=\"text-align: justify\">szexualit\u00e1s \u00e9s libido fenntart\u00e1sa<\/p>\n<p style=\"text-align: justify\">viszeress\u00e9g \u00e9s p\u00f3kh\u00e1l\u00f3 v\u00e9n\u00e1k kialakul\u00e1s\u00e1nak megel\u0151z\u00e9s\u00e9ben<\/p>\n<p style=\"text-align: justify\">idegsejtek k\u00f6zti kommunik\u00e1ci\u00f3 \u00e9s inform\u00e1ci\u00f3\u00e1raml\u00e1s fenntart\u00e1s\u00e1ban<\/p>\n<p style=\"text-align: justify\">t\u00e1panyag felsz\u00edv\u00f3d\u00e1s a b\u00e9lcsatorn\u00e1b\u00f3l<\/p>\n<h3 style=\"text-align: justify\">Fels\u0151 l\u00e9g\u00fati megbeteged\u00e9sek kezel\u00e9se s\u00f3 ter\u00e1pi\u00e1val<\/h3>\n<p style=\"text-align: justify\">Az inhal\u00e1ci\u00f3s ter\u00e1pia alkalmaz\u00e1sa a l\u00e9g\u00fati betegs\u00e9gekben r\u00e9g\u00f3ta ismert. Indi\u00e1ban m\u00e1r i.e. k\u00fcl\u00f6nb\u00f6z\u0151 magvak, gy\u00f6kerek el\u00e9get\u00e9s\u00e9vel keletkez\u0151 f\u00fcst bel\u00e9legz\u00e9s\u00e9t aj\u00e1nlott\u00e1k a k\u00f6h\u00f6g\u00e9s \u00e9s a s\u00edpol\u00f3 l\u00e9gz\u00e9s kezel\u00e9s\u00e9re. A haloter\u00e1pia, azaz s\u00f3 ter\u00e1pia j\u00f3t\u00e9kony hat\u00e1s\u00e1t 1843-ban Fliks Boczkowsky lengyel seb\u00e9sz bizony\u00edtotta be els\u0151k\u00e9nt. A s\u00f3 ter\u00e1pi\u00e1hoz a s\u00f3 barlangok mikrokl\u00edm\u00e1j\u00e1t mesters\u00e9ges \u00faton hozz\u00e1k l\u00e9tre.<\/p>\n<p style=\"text-align: justify\">A s\u00f3 r\u00e9szecsk\u00e9k nagys\u00e1gukt\u00f3l f\u00fcgg\u0151en a l\u00e9gutakban k\u00fcl\u00f6nb\u00f6z\u0151 m\u00e9lys\u00e9gekben \u00e9s m\u00e9retekben depon\u00e1l\u00f3dnak. A 8 mikrom\u00e9tern\u00e9l nagyobban a garatban, az 5-8 mikrom\u00e9ter k\u00f6z\u00f6ttiek pedig a nagy l\u00e9gutakban csap\u00f3dnak le. A 0,5-5 mikrom\u00e9ter k\u00f6z\u00f6tti r\u00e9szecsk\u00e9k lejutnak az als\u00f3 l\u00e9gutakba is \u00e9s ott depon\u00e1l\u00f3dnak. Ter\u00e1pi\u00e1s szempontb\u00f3l teh\u00e1t ez a m\u00e9ret a leghat\u00e9konyabb.<\/p>\n<h3 style=\"text-align: justify\">A s\u00f3 ter\u00e1pi\u00e1s kezel\u00e9s hat\u00e1smechanizmusa<\/h3>\n<p style=\"text-align: justify\">A gyullad\u00e1scs\u00f6kkent\u0151 hat\u00e1sa az alkalikus hat\u00e1s\u00e1nak k\u00f6sz\u00f6nhet\u0151, amely seg\u00edts\u00e9g\u00e9vel a s\u00f3 r\u00e9szecsk\u00e9k k\u00f6zvetlen\u00fcl megtapadnak a l\u00e9gutak ny\u00e1lkah\u00e1rty\u00e1j\u00e1n. A lerak\u00f3dott s\u00f3 r\u00e9szecske cs\u00f6kkenti a ny\u00e1lka viszkozit\u00e1s\u00e1t \u00e9s helyre \u00e1ll\u00edtja a norm\u00e1lis ny\u00e1lkah\u00e1rtya transzportj\u00e1t mely seg\u00edts\u00e9g\u00e9vel elt\u00e1vol\u00edtja az inaktiv\u00e1lt k\u00f3r\u00f3s mikroorganizmusokat \u00e9s a l\u00e9gutakban lerak\u00f3dott szennyez\u0151 anyagokat. \u00cdgy a bel\u00e9gzett s\u00f3 l\u00e9nyeg\u00e9ben old\u00f3szerk\u00e9nt funkcion\u00e1l \u00e9s mag\u00e1ba vonzza a fels\u0151 \u00e9s als\u00f3 l\u00e9gutakban megtapadt v\u00e1lad\u00e9kot. A term\u00e9szetes s\u00f3 krist\u00e1ly fert\u0151tlen\u00edt\u0151 hat\u00e1ssal rendelkezik- a v\u00edrusok, bakt\u00e9riumok \u00e9s gomb\u00e1k nagy r\u00e9sz\u00e9t elpuszt\u00edtja. Jav\u00edtja a szervezet fizikai, biok\u00e9miai aktivit\u00e1s\u00e1t, fokozza az anyagcser\u00e9t \u00e9s a perif\u00e9ri\u00e1s kering\u00e9st. A ny\u00e1lkah\u00e1rtya duzzanatot cs\u00f6kkenti, a ny\u00e1kot oldja, \u00fagy viselkedik, mint a term\u00e9szetes antihisztamin.<\/p>\n<p style=\"text-align: justify\">Az orsz\u00e1gban egyed\u00fcl\u00e1ll\u00f3 a budapesti Szent Gell\u00e9rt Gy\u00f3gyf\u00fcrd\u0151 Nappali K\u00f3rh\u00e1z r\u00e9szleg\u00e9nek s\u00f3s kamr\u00e1ja, ahol a konyhas\u00f3 \u00e9s sz\u00f3dabikarb\u00f3na vizes oldat\u00e1b\u00f3l k\u00e9pzett s\u0171r\u00edtett leveg\u0151vel porlasztott s\u0171r\u0171 k\u00f6dp\u00e1rn\u00e1t l\u00e9legeznek be a betegek. Ezt az \u00fagynevezett inhalat\u00f3riumot l\u00e9g\u00fati betegs\u00e9gek kezel\u00e9s\u00e9re 1918-ban, a Gell\u00e9rt Gy\u00f3gyf\u00fcrd\u0151vel egy id\u0151ben alak\u00edtott\u00e1k ki. A r\u00e9szleg szakmai munk\u00e1j\u00e1t dr. Gl\u00fcck Tibor alapozta meg, aki kor\u00e1nak elismert asztma tud\u00f3sa volt. Az inhalat\u00f3rium haszn\u00e1lata a tapad\u00f3s, nehezen \u00fcr\u00fcl\u0151, s\u0171r\u0171 v\u00e1lad\u00e9kk\u00e9pz\u0151d\u00e9ssel j\u00e1r\u00f3 fels\u0151 l\u00e9g\u00fati megbeteged\u00e9sek kezel\u00e9s\u00e9re aj\u00e1nlott.<\/p>\n<p style=\"text-align: justify\">A kezel\u00e9s egy kism\u00e9ret\u0171 z\u00e1rt helyis\u00e9gben t\u00f6rt\u00e9nik, amelyben a konyhas\u00f3 \u00e9s a sz\u00f3dabikarb\u00f3na vizes oldat\u00e1b\u00f3l k\u00e9pzett 0,5 mikron m\u00e9ret\u0171 porlasztott s\u00f3oldatot l\u00e9legeznek be a betegek. Ez a felh\u0151 egyenletesen bet\u00f6lti a szobah\u0151m\u00e9rs\u00e9klet\u0171 kamr\u00e1t, ahol a betegek 15-20 percet t\u00f6ltenek el egy kezel\u00e9s alkalm\u00e1val. A fels\u0151 l\u00e9gutak gyullad\u00e1sa a lerak\u00f3dott v\u00e1lad\u00e9k felold\u00e1sa \u00e9s ki\u00fcr\u00fcl\u00e9s\u00e9t k\u00f6vet\u0151en gy\u00f3gyul, a k\u00f6h\u00f6g\u00e9s megsz\u0171nik. Nagyfok\u00fa ny\u00e1kold\u00f3 hat\u00e1sa miatt er\u0151teljes \u00f6ntisztul\u00e1si folyamatot ind\u00edt el. A ter\u00e1pia k\u00edm\u00e9letes, \u00f6nmag\u00e1ban \u00e9s m\u00e1s kezel\u00e9sekkel egy\u00fctt is alkalmazhat\u00f3.<\/p>\n<h3 style=\"text-align: justify\">Milyen esetekben javasoljuk a kezel\u00e9st?<\/h3>\n<p style=\"text-align: justify\">A s\u00f3 ter\u00e1pia ny\u00e1kold\u00f3 \u00e9s gyullad\u00e1scs\u00f6kkent\u0151 hat\u00e1sa miatt \u00f6n\u00e1ll\u00f3 \u00e9s kieg\u00e9sz\u00edt\u0151 kezel\u00e9sben kiv\u00e1l\u00f3 eredm\u00e9nnyel aj\u00e1nlhat\u00f3 szinte valamennyi l\u00e9g\u00fati megbeteged\u00e9sben. J\u00f3 eredm\u00e9nyek v\u00e1rhat\u00f3ak a fels\u0151 l\u00e9g\u00fati k\u00f3rk\u00e9pek k\u00f6z\u00fcl a kr\u00f3nikus mell\u00e9k\u00fcreg gyullad\u00e1sokban, elh\u00faz\u00f3d\u00f3, h\u00e1ts\u00f3 v\u00e1lad\u00e9kk\u00e9pz\u0151d\u00e9ssel j\u00e1r\u00f3 k\u00f3rk\u00e9pekben, allergi\u00e1s \u00e9s id\u00fclt n\u00e1th\u00e1ban gyermek \u00e9s feln\u0151tt korban egyar\u00e1nt. Term\u00e9szetesen r\u00e9szletes f\u00fcl-orr-g\u00e9g\u00e9szeti kivizsg\u00e1l\u00e1s javasolt a ter\u00e1pia megkezd\u00e9se el\u0151tt. A 2012-ben megjelent irodalmi adatok szerint az eg\u00e9szs\u00e9ges gyermekek haloter\u00e1pi\u00e1s kezel\u00e9se cs\u00f6kkenti a fels\u0151 l\u00e9g\u00fati megbeteged\u00e9sek el\u0151fordul\u00e1s\u00e1nak gyakors\u00e1g\u00e1t.<\/p>\n<p style=\"text-align: justify\">A s\u00f3 ter\u00e1pia sikeresen alkalmazhat\u00f3 m\u00e9g az als\u00f3 l\u00e9g\u00fati id\u00fclt h\u00f6rghurut, t\u00fcd\u0151gyullad\u00e1s akut st\u00e1diuma ut\u00e1n, t\u00fcd\u0151t\u00e1gulat, k\u00f6h\u00f6g\u00e9ssel j\u00e1r\u00f3 k\u00f3rk\u00e9pekben \u00edgy pl. doh\u00e1nyz\u00e1s miatti k\u00f6h\u00f6g\u00e9sben, de eredm\u00e9nyes lehet megf\u00e1z\u00e1s, influenza ut\u00e1n a l\u00e1badoz\u00e1s szakm\u00e1ban \u00e9s m\u00e9g sz\u00e1mos egy\u00e9b k\u00f3rk\u00e9pben egyar\u00e1nt.<\/p>\n<p style=\"text-align: justify\">\u00d6sszefoglal\u00f3an meg\u00e1llap\u00edthatjuk, hogy a s\u00f3 inhal\u00e1ci\u00f3s ter\u00e1pia haszn\u00e1latos mind a heveny mind az id\u00fclt l\u00e9g\u00fati obstrukt\u00edv megbeteged\u00e9sekben. Alkalmazhatjuk expektor\u00e1ci\u00f3 el\u0151seg\u00edt\u00e9s\u00e9re valamint lok\u00e1lis gyullad\u00e1scs\u00f6kkent\u0151 hat\u00e1s el\u00e9r\u00e9s\u00e9re egyar\u00e1nt.<\/p>\n<p style=\"text-align: justify\">Nem javasol a kezel\u00e9s l\u00e1zzal j\u00e1r\u00f3 akut l\u00e9g\u00fati megbeteged\u00e9ssel j\u00e1r\u00f3 gyullad\u00e1sos k\u00f3rk\u00e9pekben, magas v\u00e9rnyom\u00e1s eset\u00e9ben valamint fert\u0151z\u0151 megbeteged\u00e9sben.<\/p>\n<p style=\"text-align: justify\">A szakszer\u0171en elv\u00e9gzett haloter\u00e1pi\u00e1s kezel\u00e9snek nincsenek mell\u00e9khat\u00e1sai.<\/p>\n","protected":false},"excerpt":{"rendered":"<p>\u00c9rdekess\u00e9gek a s\u00f3r\u00f3l \u201eK\u00e9t dolog a legfontosabb a vil\u00e1gon: a s\u00f3 \u00e9s a v\u00edz\u201d (Plinius). A s\u00f3 a f\u00f6ld feh\u00e9r aranya, l\u00e9tfontoss\u00e1g\u00fa elem, amely a r\u00e9gm\u00falt id\u0151kben fizet\u0151eszk\u00f6zk\u00e9nt is szolg\u00e1lt, h\u00e1bor\u00fak folytak a s\u00f3b\u00e1ny\u00e1k birtokl\u00e1s\u00e9rt. A primit\u00edv civiliz\u00e1ci\u00f3k m\u00e9g nem voltak tudat\u00e1ban a s\u00f3 fontoss\u00e1g\u00e1nak, a l\u00e9tfenntart\u00e1shoz sz\u00fcks\u00e9ges s\u00f3-\u00e9s \u00e1sv\u00e1nyi anyag mennyis\u00e9g\u00e9t f\u0151kent az \u00e1llatok &hellip;<\/p>\n","protected":false},"author":335,"featured_media":0,"parent":226,"menu_order":4,"comment_status":"open","ping_status":"closed","template":"","meta":{"_acf_changed":false,"footnotes":""},"categories":[],"tags":[],"class_list":["post-241","page","type-page","status-publish","hentry"],"acf":[],"_links":{"self":[{"href":"https:\/\/semmelweis.hu\/fulorrgegeszet\/wp-json\/wp\/v2\/pages\/241","targetHints":{"allow":["GET"]}}],"collection":[{"href":"https:\/\/semmelweis.hu\/fulorrgegeszet\/wp-json\/wp\/v2\/pages"}],"about":[{"href":"https:\/\/semmelweis.hu\/fulorrgegeszet\/wp-json\/wp\/v2\/types\/page"}],"author":[{"embeddable":true,"href":"https:\/\/semmelweis.hu\/fulorrgegeszet\/wp-json\/wp\/v2\/users\/335"}],"replies":[{"embeddable":true,"href":"https:\/\/semmelweis.hu\/fulorrgegeszet\/wp-json\/wp\/v2\/comments?post=241"}],"version-history":[{"count":6,"href":"https:\/\/semmelweis.hu\/fulorrgegeszet\/wp-json\/wp\/v2\/pages\/241\/revisions"}],"predecessor-version":[{"id":2119,"href":"https:\/\/semmelweis.hu\/fulorrgegeszet\/wp-json\/wp\/v2\/pages\/241\/revisions\/2119"}],"up":[{"embeddable":true,"href":"https:\/\/semmelweis.hu\/fulorrgegeszet\/wp-json\/wp\/v2\/pages\/226"}],"wp:attachment":[{"href":"https:\/\/semmelweis.hu\/fulorrgegeszet\/wp-json\/wp\/v2\/media?parent=241"}],"wp:term":[{"taxonomy":"category","embeddable":true,"href":"https:\/\/semmelweis.hu\/fulorrgegeszet\/wp-json\/wp\/v2\/categories?post=241"},{"taxonomy":"post_tag","embeddable":true,"href":"https:\/\/semmelweis.hu\/fulorrgegeszet\/wp-json\/wp\/v2\/tags?post=241"}],"curies":[{"name":"wp","href":"https:\/\/api.w.org\/{rel}","templated":true}]}}