{"id":221,"date":"2015-02-10T20:24:42","date_gmt":"2015-02-10T19:24:42","guid":{"rendered":"http:\/\/semmelweis.hu\/fulorrgegeszet\/?page_id=221"},"modified":"2023-04-18T10:29:22","modified_gmt":"2023-04-18T08:29:22","slug":"fekvobeteg-ellatas","status":"publish","type":"page","link":"https:\/\/semmelweis.hu\/fulorrgegeszet\/betegeinknek\/fekvobeteg-ellatas\/","title":{"rendered":"Fekv\u0151beteg ell\u00e1t\u00e1s"},"content":{"rendered":"<p style=\"text-align: justify\">A fekv\u0151betegek felv\u00e9tele <strong>7 \u00f3rai kezdettel<\/strong> a magasf\u00f6ldszinten tal\u00e1lhat\u00f3 fekv\u0151beteg felv\u00e9teli ablakn\u00e1l (2.ablak) t\u00f6rt\u00e9nik, <strong>TAJ-k\u00e1rtya, szem\u00e9lyigazolv\u00e1ny \u00e9s lakc\u00edmk\u00e1rtya<\/strong> bemutat\u00e1s\u00e1t k\u00f6vet\u0151en.<\/p>\n<p style=\"text-align: justify\">A betegek azonos\u00edt\u00e1s c\u00e9lj\u00e1b\u00f3l egy csukl\u00f3ra helyezhet\u0151 karszalagot kapnak, melyen a n\u00e9v, TAJ-sz\u00e1m ker\u00fcl felt\u00fcntet\u00e9sre. A n\u0151k \u00e9s gyermekek az I.emeleti, a f\u00e9rfiak a II. emeleti n\u0151v\u00e9rpultban jelentkeznek a befekv\u00e9shez sz\u00fcks\u00e9ges orvosi dukument\u00e1ci\u00f3ikkal. <br \/>\nA betegek al\u00e1\u00edr\u00e1sukkal igazolj\u00e1k a kezel\u00e9sbe, befekv\u00e9sbe, karszalag felhelyez\u00e9sbe val\u00f3 beleegyez\u00e9s\u00fcket.<\/p>\n<p><span id=\"page34R_mcid34\" class=\"markedContent\"><span dir=\"ltr\" role=\"presentation\">A<\/span> <span dir=\"ltr\" role=\"presentation\">fekv\u0151beteg<\/span><span dir=\"ltr\" role=\"presentation\">&#8211;<\/span><span dir=\"ltr\" role=\"presentation\">ell\u00e1t\u00e1s<\/span> <span dir=\"ltr\" role=\"presentation\">eset\u00e9n az<\/span> <span dir=\"ltr\" role=\"presentation\">oszt\u00e1ly<\/span> <span dir=\"ltr\" role=\"presentation\">n\u0151v\u00e9rpultj\u00e1n\u00e1l kell jelentkezni \u00e9s<\/span> <span dir=\"ltr\" role=\"presentation\">az<\/span> <span dir=\"ltr\" role=\"presentation\">oszt\u00e1lyon szolg\u00e1latot <\/span><span dir=\"ltr\" role=\"presentation\">teljes\u00edt\u0151 \u00e1pol\u00f3<\/span> <span dir=\"ltr\" role=\"presentation\">bek\u00eds\u00e9ri \u00d6nt a k\u00f3rterembe. A k\u00f3rtermekben<\/span> <span dir=\"ltr\" role=\"presentation\">\u00e1pol\u00f3<\/span><span dir=\"ltr\" role=\"presentation\">, oszt\u00e1lyos orvos \u00e9s<\/span> <span dir=\"ltr\" role=\"presentation\">oszt\u00e1lyvezet\u0151 orvos <\/span><span dir=\"ltr\" role=\"presentation\">v\u00e9gzi az ell\u00e1t\u00e1st.<\/span><\/span><span id=\"page34R_mcid35\" class=\"markedContent\"><\/span><span id=\"page34R_mcid36\" class=\"markedContent\"> <br role=\"presentation\" \/><br \/>\n<span dir=\"ltr\" role=\"presentation\">Amennyiben nem rendelkezik \u00e9rv\u00e9nyes magyar t\u00e1rsadalombiztos\u00edt\u00e1ssal, az<\/span> <span dir=\"ltr\" role=\"presentation\">eg\u00e9szs\u00e9g\u00fcgyi szolg\u00e1ltat\u00e1s <\/span><span dir=\"ltr\" role=\"presentation\">d\u00edj\u00e1t kiz\u00e1r\u00f3lag k\u00e9szp\u00e9nzben (HUF) tudja kiegyenl\u00edteni.<br \/>\n<\/span><\/span><\/p>\n<p><span id=\"page34R_mcid36\" class=\"markedContent\"><\/span><span id=\"page43R_mcid6\" class=\"markedContent\"><\/span><span id=\"page43R_mcid7\" class=\"markedContent\"><\/span><strong>K\u00e9rj\u00fck a felv\u00e9tel el\u0151tt gondolja \u00e1t az al\u00e1bbiakat:<\/strong><br \/>\n&#8211; kor\u00e1bbi betegs\u00e9gek, m\u0171t\u00e9ti beavatkoz\u00e1sok<br \/>\n&#8211; fert\u0151z\u0151 betegs\u00e9gek<br \/>\n&#8211; kapott-e m\u00e1r valaha v\u00e9rt, volt-e ezzel kapcsolatos sz\u00f6v\u0151dm\u00e9nye<br \/>\n&#8211; rendszeresen szedett gy\u00f3gyszerek neve, adagja<br \/>\n&#8211; szed-e rendszeresen speci\u00e1lis gy\u00f3gyszert, ezt elhozta-e mag\u00e1val (egyedi m\u00e9lt\u00e1nyoss\u00e1g\u00fa<br \/>\n\u00a0 k\u00e9sz\u00edtm\u00e9nyek, inzulin)<br \/>\n&#8211; allergia (gy\u00f3gyszer, \u00e9tel, pollen)<br \/>\n&#8211; gy\u00f3gy\u00e1szati seg\u00e9deszk\u00f6z (szem\u00fcveg, hall\u00f3k\u00e9sz\u00fcl\u00e9k, bot, mank\u00f3, saj\u00e1t kerekes sz\u00e9k, stb)<br \/>\n&#8211; di\u00e9ta<\/p>\n<p>T\u00e1j\u00e9koztatni szeretn\u00e9nk, hogy bizonyos szempontok m\u00f3dos\u00edthatj\u00e1k a felv\u00e9teli sorrendet, illetve azt, hogy bizonyos esetekben a v\u00e1rakoz\u00e1si id\u0151 hossz\u00fa lehet. Pl. s\u00fcrg\u0151ss\u00e9gi esetek, professzori vizit stb.<\/p>\n<p>A klinik\u00e1n t\u00f6rt\u00e9n\u0151 benntart\u00f3zkod\u00e1s alatt a higi\u00e9n\u00e9s szab\u00e1lyok betart\u00e1sa mellett, saj\u00e1t ruh\u00e1zat (pizsama, h\u00e1l\u00f3ing, h\u00e1l\u00f3kab\u00e1t, papucs) haszn\u00e1lhat\u00f3.<\/p>\n<p>K\u00e9rj\u00fck, ha Betegnek speci\u00e1lis probl\u00e9m\u00e1ja van jelezze.<\/p>\n","protected":false},"excerpt":{"rendered":"<p>A fekv\u0151betegek felv\u00e9tele 7 \u00f3rai kezdettel a magasf\u00f6ldszinten tal\u00e1lhat\u00f3 fekv\u0151beteg felv\u00e9teli ablakn\u00e1l (2.ablak) t\u00f6rt\u00e9nik, TAJ-k\u00e1rtya, szem\u00e9lyigazolv\u00e1ny \u00e9s lakc\u00edmk\u00e1rtya bemutat\u00e1s\u00e1t k\u00f6vet\u0151en. A betegek azonos\u00edt\u00e1s c\u00e9lj\u00e1b\u00f3l egy csukl\u00f3ra helyezhet\u0151 karszalagot kapnak, melyen a n\u00e9v, TAJ-sz\u00e1m ker\u00fcl felt\u00fcntet\u00e9sre. A n\u0151k \u00e9s gyermekek az I.emeleti, a f\u00e9rfiak a II. emeleti n\u0151v\u00e9rpultban jelentkeznek a befekv\u00e9shez sz\u00fcks\u00e9ges orvosi dukument\u00e1ci\u00f3ikkal. A betegek &hellip;<\/p>\n","protected":false},"author":335,"featured_media":0,"parent":218,"menu_order":4,"comment_status":"open","ping_status":"closed","template":"","meta":{"_acf_changed":false,"footnotes":""},"categories":[],"tags":[],"class_list":["post-221","page","type-page","status-publish","hentry"],"acf":[],"_links":{"self":[{"href":"https:\/\/semmelweis.hu\/fulorrgegeszet\/wp-json\/wp\/v2\/pages\/221","targetHints":{"allow":["GET"]}}],"collection":[{"href":"https:\/\/semmelweis.hu\/fulorrgegeszet\/wp-json\/wp\/v2\/pages"}],"about":[{"href":"https:\/\/semmelweis.hu\/fulorrgegeszet\/wp-json\/wp\/v2\/types\/page"}],"author":[{"embeddable":true,"href":"https:\/\/semmelweis.hu\/fulorrgegeszet\/wp-json\/wp\/v2\/users\/335"}],"replies":[{"embeddable":true,"href":"https:\/\/semmelweis.hu\/fulorrgegeszet\/wp-json\/wp\/v2\/comments?post=221"}],"version-history":[{"count":6,"href":"https:\/\/semmelweis.hu\/fulorrgegeszet\/wp-json\/wp\/v2\/pages\/221\/revisions"}],"predecessor-version":[{"id":1917,"href":"https:\/\/semmelweis.hu\/fulorrgegeszet\/wp-json\/wp\/v2\/pages\/221\/revisions\/1917"}],"up":[{"embeddable":true,"href":"https:\/\/semmelweis.hu\/fulorrgegeszet\/wp-json\/wp\/v2\/pages\/218"}],"wp:attachment":[{"href":"https:\/\/semmelweis.hu\/fulorrgegeszet\/wp-json\/wp\/v2\/media?parent=221"}],"wp:term":[{"taxonomy":"category","embeddable":true,"href":"https:\/\/semmelweis.hu\/fulorrgegeszet\/wp-json\/wp\/v2\/categories?post=221"},{"taxonomy":"post_tag","embeddable":true,"href":"https:\/\/semmelweis.hu\/fulorrgegeszet\/wp-json\/wp\/v2\/tags?post=221"}],"curies":[{"name":"wp","href":"https:\/\/api.w.org\/{rel}","templated":true}]}}