{"id":205,"date":"2015-01-12T20:46:37","date_gmt":"2015-01-12T19:46:37","guid":{"rendered":"http:\/\/semmelweis.hu\/fulorrgegeszet\/?page_id=205"},"modified":"2023-05-25T11:29:31","modified_gmt":"2023-05-25T09:29:31","slug":"posztgradualis-kepzes","status":"publish","type":"page","link":"https:\/\/semmelweis.hu\/fulorrgegeszet\/oktatas\/posztgradualis-kepzes\/","title":{"rendered":"Posztgradu\u00e1lis k\u00e9pz\u00e9s"},"content":{"rendered":"<h3 align=\"JUSTIFY\">POSZTGRADU\u00c1LIS K\u00c9PZ\u00c9S<\/h3>\n<p align=\"JUSTIFY\"><span style=\"color: #000000;font-size: 14pt\"><span style=\"font-family: Georgia,serif\"><span lang=\"hu-HU\">Ennek \u00f6t f\u0151 ir\u00e1nya van:<\/span><\/span><\/span><\/p>\n<ul style=\"list-style-type: square\">\n<li><span style=\"color: #000000;font-size: 14pt\"><span style=\"font-family: Georgia,serif\"><span lang=\"hu-HU\">Szakorvosk\u00e9pz\u00e9s<\/span><\/span><\/span><\/li>\n<li><span style=\"color: #000000;font-size: 14pt\"><span style=\"font-family: Georgia,serif\"><span lang=\"hu-HU\">Szakorvos tov\u00e1bbk\u00e9pz\u00e9s<\/span><\/span><\/span><\/li>\n<li><span style=\"color: #000000;font-size: 14pt\"><span style=\"font-family: Georgia,serif\"><span lang=\"hu-HU\">Doktori Iskola<\/span><\/span><\/span><\/li>\n<li><span style=\"color: #000000;font-size: 14pt\"><span style=\"font-family: Georgia,serif\"><span lang=\"hu-HU\">Klinikai oktat\u00f3k-nevel\u0151k szakir\u00e1ny\u00fa tov\u00e1bbk\u00e9pz\u00e9se<\/span><\/span><\/span><\/li>\n<li><span style=\"color: #000000;font-size: 14pt\"><span style=\"font-family: Georgia,serif\"><span lang=\"hu-HU\">Szakdolgoz\u00f3k tov\u00e1bbk\u00e9pz\u00e9se<\/span><\/span><\/span><\/li>\n<\/ul>\n<h5 align=\"JUSTIFY\"><span style=\"color: #000000;font-size: 14pt\"><span style=\"font-family: Georgia,serif\"><span lang=\"hu-HU\">Szakorvosk\u00e9pz\u00e9s<\/span><\/span><\/span><\/h5>\n<p align=\"JUSTIFY\"><span style=\"font-size: 14pt\"><span style=\"font-family: Georgia,serif\"><span lang=\"hu-HU\">A r\u00e9gi\u00f3 szakorvosk\u00e9pz\u00e9s\u00e9nek egyik k\u00f6zpontja mindig a SE F\u00fcl-Orr-G\u00e9g\u00e9szeti \u00e9s Fej-nyakseb\u00e9szeti Klinika. <\/span><\/span><b> <\/b><span style=\"font-family: Georgia,serif\"><span lang=\"hu-HU\">A f\u00fcl-orr-g\u00e9g\u00e9szeti \u00e9s fej-nyakseb\u00e9szeti szakvizsga, valamint az egy\u00e9b alapszakvizsg\u00e1k \u00e9s r\u00e1\u00e9p\u00edtett szakk\u00e9pes\u00edt\u00e9sek el\u0151\u00edrt f\u00fcl-orr-g\u00e9g\u00e9szeti \u00e9s fej-nyakseb\u00e9szeti gyakorlat\u00e1nak id\u0151tartam\u00e1ra, a klinika minden esetben az adhat\u00f3 maxim\u00e1lis gyakorlati id\u0151 let\u00f6lthet\u0151s\u00e9g\u00e9re van akkredit\u00e1lva. A szakorvosk\u00e9pz\u00e9s feladatai a k\u00f6vetkez\u0151k:<\/span><\/span><\/span><\/p>\n<p align=\"JUSTIFY\"><span style=\"color: #000000;font-size: 14pt\">\u2013 <span style=\"font-family: Georgia,serif\"><span lang=\"hu-HU\">f\u00fcl-orr-g\u00e9g\u00e9sz szakorvosk\u00e9pz\u00e9s a miniszt\u00e9rium \u00e1ltal szab\u00e1lyozott rezidensi \/ szakorvosjel\u00f6lti rendszeren kereszt\u00fcl<\/span><\/span><\/span><\/p>\n<p align=\"JUSTIFY\"><span style=\"color: #000000;font-size: 14pt\">\u2013 <span style=\"font-family: Georgia,serif\"><span lang=\"hu-HU\">egy\u00e9b alapszakvizsg\u00e1kra t\u00f6rt\u00e9n\u0151 felk\u00e9sz\u00edt\u00e9s (az egyes szakm\u00e1kn\u00e1l meghat\u00e1rozott id\u0151tartam\u00fa f\u00fcl-orr-g\u00e9g\u00e9szeti \u00e9s fej-nyakseb\u00e9szeti szakgyakorlat elm\u00e9leti \u00e9s gyakorlati ismeretanyag\u00e1nak \u00e1tad\u00e1sa, az adott szakk\u00e9pes\u00edt\u00e9sre vonatkoz\u00f3 f\u00fcl-orr-g\u00e9g\u00e9szeti \u00e9s fej-nyakseb\u00e9szeti gyakorlat keret\u00e9n bel\u00fcl).<\/span><\/span><\/span><\/p>\n<p align=\"JUSTIFY\"><span style=\"color: #000000;font-size: 14pt\">\u2013 <span style=\"font-family: Georgia,serif\"><span lang=\"hu-HU\">szakorvosok r\u00e1\u00e9p\u00edtett szakvizsg\u00e1j\u00e1nak, licencvizsg\u00e1j\u00e1nak megszerz\u00e9s\u00e9hez sz\u00fcks\u00e9ges szakmai gyakorlatok (pl. audiol\u00f3gia, foni\u00e1tria, gyermek-f\u00fcl-orr-g\u00e9g\u00e9szet) lehet\u0151s\u00e9g\u00e9nek ny\u00fajt\u00e1sa.<\/span><\/span><\/span><\/p>\n<p align=\"JUSTIFY\"><span style=\"font-size: 14pt\"><span style=\"color: #000000\"><span style=\"font-family: Georgia,serif\"><span lang=\"hu-HU\">Az \u00faj t\u00edpus\u00fa szakorvosk\u00e9pz\u00e9s 1999. okt\u00f3ber 1-\u00e9n indult. A k\u00e9pz\u00e9s szab\u00e1lyoz\u00e1sa jelenleg a t\u00f6bbsz\u00f6r m\u00f3dos\u00edtott 22\/2012 (IX.14.) EMMI rendelet alapj\u00e1n t\u00f6rt\u00e9nik. A k\u00e9pz\u00e9si id\u0151tartam 60 h\u00f3nap (24 h\u00f3nap t\u00f6rzsk\u00e9pz\u00e9s: rezidensi id\u0151szak + 36 h\u00f3nap <\/span><\/span><\/span><span style=\"font-family: Georgia,serif\"><span lang=\"hu-HU\">speci\u00e1lis k\u00e9pz\u00e9s, f\u00fcl-orr-g\u00e9g\u00e9szeti \u00e9s fej-nyakseb\u00e9szeti szakgyakorlat: szakorvosjel\u00f6lti id\u0151szak).<\/span><\/span><\/span><\/p>\n<p align=\"JUSTIFY\"><span style=\"font-family: Georgia, serif;font-size: 14pt\"><span lang=\"hu-HU\">Az \u00faj t\u00edpus\u00fa szakorvosk\u00e9pz\u00e9s l\u00e9nyege, hogy a szakorvosjel\u00f6ltek a szakorvosk\u00e9pz\u00e9s els\u0151 k\u00e9t \u00e9v\u00e9t (t\u00f6rzsk\u00e9pz\u00e9s) rezidensi rendszerben t\u00f6ltik el. Ez alatt a f\u00fcl-orr-g\u00e9g\u00e9sz szakorvosjel\u00f6lteknek a k\u00f6vetkez\u0151 r\u00e9szk\u00e9pz\u00e9si peri\u00f3dusokat kell teljes\u00edtenie: 11 h\u00f3nap f\u00fcl-orr-g\u00e9g\u00e9szeti propedeutika gyakorlat, 1 h\u00f3nap oxyol\u00f3gia gyakorlat, 2 h\u00f3nap \u00e9s 1 h\u00e9t belgy\u00f3gy\u00e1szati profil\u00fa s\u00fcrg\u0151ss\u00e9gi gyakorlat, 2 h\u00f3nap seb\u00e9szeti profil\u00fa vagy \u00e1ltal\u00e1nos s\u00fcrg\u0151ss\u00e9gi gyakorlat, 1 h\u00f3nap arc-, \u00e1llcsont- \u00e9s sz\u00e1jseb\u00e9szeti gyakorlat, 2 h\u00f3nap fej-nyak traumatol\u00f3giai gyakorlat, 1 h\u00f3nap \u00e1ltal\u00e1nos seb\u00e9szeti gyakorlat, 1 h\u00f3nap idegseb\u00e9szeti gyakorlat, 1 h\u00f3nap patol\u00f3giai gyakorlat. Tov\u00e1bbi k\u00f6telez\u0151 tanfolyamok: <\/span><\/span><\/p>\n<ul>\n<li>\n<p align=\"JUSTIFY\"><span style=\"font-family: Georgia, serif;font-size: 14pt\"><span lang=\"hu-HU\">1 h\u00e9t reanim\u00e1ci\u00f3s tanfolyam, <\/span><\/span><\/p>\n<\/li>\n<li>\n<p align=\"JUSTIFY\"><span style=\"font-family: Georgia, serif;font-size: 14pt\"><span lang=\"hu-HU\">2 h\u00e9t transzf\u00fazi\u00f3s tanfolyam, <\/span><\/span><\/p>\n<\/li>\n<li>\n<p align=\"JUSTIFY\"><span style=\"font-family: Georgia, serif;font-size: 14pt\"><span lang=\"hu-HU\">1 h\u00f3nap t\u00f6rzsk\u00e9pz\u00e9si tanfolyam.<\/span><\/span><\/p>\n<\/li>\n<\/ul>\n<p align=\"JUSTIFY\"><span style=\"font-family: Georgia, serif;font-size: 14pt\"><span lang=\"hu-HU\">Minden r\u00e9szk\u00e9pz\u00e9si peri\u00f3dus csak el\u0151zetesen akkredit\u00e1lt k\u00e9pz\u0151helyen t\u00f6lthet\u0151.<\/span><\/span><\/p>\n<p align=\"JUSTIFY\"><span style=\"font-family: Georgia, serif;font-size: 14pt\"><span lang=\"hu-HU\">A szakorvosk\u00e9pz\u00e9s tov\u00e1bbi idej\u00e9ben (3 \u00e9v) a szakorvosjel\u00f6ltek szakgyakorlaton vesznek r\u00e9szt akkredit\u00e1lt k\u00e9pz\u0151helyeken, melyb\u0151l a szakorvosjel\u00f6lt munkahely\u00e9nek \u00e9rv\u00e9nyes akkredit\u00e1ci\u00f3j\u00e1t\u00f3l f\u00fcgg\u0151en a szakorvosjel\u00f6ltnek bizonyos el\u0151\u00edrt id\u0151tartamot a SE F\u00fcl-Orr-G\u00e9g\u00e9szeti \u00e9s Fej-Nyakseb\u00e9szeti Klinik\u00e1n kell let\u00f6ltenie. Ez a 36 h\u00f3nap speci\u00e1lis k\u00e9pz\u00e9sb\u0151l maximum 32,5 h\u00f3nap speci\u00e1lis f\u00fcl-orr-g\u00e9gegy\u00f3gy\u00e1szati k\u00e9pz\u00e9st \u00e9s 2 h\u00f3nap onkol\u00f3giai oszt\u00e1lyon let\u00f6ltend\u0151 gyakorlati k\u00e9pz\u00e9st tartalmaz, valamint ebben a peri\u00f3dusban kell elv\u00e9gezni az al\u00e1bbi tanfolyamokat:<\/span><\/span><\/p>\n<p align=\"JUSTIFY\"><span style=\"font-size: 14pt\"><span style=\"font-family: Courier New,serif\"><span lang=\"hu-HU\">&#8211; <\/span><\/span><span style=\"font-family: Georgia,serif\"><span lang=\"hu-HU\">1 h\u00e9t audiol\u00f3giai tanfolyam,<\/span><\/span><\/span><\/p>\n<p align=\"JUSTIFY\"><span style=\"font-size: 14pt\"><span style=\"font-family: Courier New,serif\"><span lang=\"hu-HU\">&#8211; <\/span><\/span><span style=\"font-family: Georgia,serif\"><span lang=\"hu-HU\">1 h\u00e9t allergol\u00f3giai, immunol\u00f3giai tanfolyam,<\/span><\/span><\/span><\/p>\n<p align=\"JUSTIFY\"><span style=\"font-size: 14pt\"><span style=\"font-family: Courier New,serif\"><span lang=\"hu-HU\">&#8211; <\/span><\/span><span style=\"font-family: Georgia,serif\"><span lang=\"hu-HU\">4 h\u00e9t f\u00fcl-orr-g\u00e9g\u00e9szeti \u00e9s fej-nyakseb\u00e9szeti szakvizsga-el\u0151k\u00e9sz\u00edt\u0151 tanfolyam.<\/span><\/span><\/span><\/p>\n<p align=\"JUSTIFY\"><span style=\"font-size: 14pt\"><span style=\"font-family: Georgia,serif\"><span lang=\"hu-HU\"><br \/>\nA szakvizsg\u00e1ra bocs\u00e1jt\u00e1s felt\u00e9tele, a miniszt\u00e9riumi rendeletben el\u0151\u00edrt megadott sz\u00e1m\u00fa \u00e9s t\u00edpus\u00fa vizsg\u00e1lat, beavatkoz\u00e1s \u00e9s m\u0171t\u00e9t elv\u00e9gz\u00e9se,<\/span><\/span><span style=\"color: #000000\"><span style=\"font-family: Georgia,serif\"><span lang=\"hu-HU\"> melyek teljes\u00edt\u00e9se a leckek\u00f6nyvben van r\u00f6gz\u00edtve.<\/span><\/span><\/span><\/span><\/p>\n<p align=\"JUSTIFY\"><span style=\"color: #000000;font-size: 14pt\"><span style=\"font-family: Georgia,serif\"><span lang=\"hu-HU\">A szakorvosk\u00e9pz\u00e9s ideje alatt minden k\u00e9pz\u00e9sben l\u00e9v\u0151 koll\u00e9g\u00e1nak k\u00f6telez\u0151 elv\u00e9geznie a Szakorvosi Felk\u00e9sz\u00edt\u0151 \u00e9s Tov\u00e1bbk\u00e9pz\u0151 Programot (r\u00e9szletesebben l\u00e1sd al\u00e1bb).<\/span><\/span><\/span><\/p>\n<p align=\"JUSTIFY\"><span style=\"color: #000000;font-size: 14pt\"><span style=\"font-family: Georgia,serif\"><span lang=\"hu-HU\">A szakorvosk\u00e9pz\u00e9sre t\u00f6rt\u00e9n\u0151 felv\u00e9telkor a szakorvosjel\u00f6ltnek k\u00e9sz\u00fcl egy szem\u00e9lyre szabott k\u00e9pz\u00e9si terv a gyakorlatok sorrendj\u00e9nek, id\u0151pontj\u00e1nak megjel\u00f6l\u00e9s\u00e9vel, kijel\u00f6l\u00e9sre ker\u00fcl sz\u00e1m\u00e1ra a k\u00e9pz\u0151 klinika, amely v\u00e9gigk\u00eds\u00e9ri szakk\u00e9pz\u00e9s\u00e9t. Kijel\u00f6l\u00e9sre ker\u00fcl egy tutor, aki fel\u00fcgyeli \u00e9s ellen\u0151rzi a rezidens illetve szakorvosjel\u00f6lt k\u00e9pz\u00e9s\u00e9t \u00e9s rendszeres a D\u00e9k\u00e1ni Hivatal fel\u00e9 leadott jelent\u00e9sben \u00e9rt\u00e9keli a k\u00e9pz\u00e9sben l\u00e9v\u0151 koll\u00e9ga szakmai fejl\u0151d\u00e9s\u00e9t, tov\u00e1bb\u00e1 javaslatokat tesz sz\u00fcks\u00e9ges ismeretanyag p\u00f3tl\u00e1s\u00e1ra, a k\u00e9pz\u00e9s elemeinek v\u00e1ltoztat\u00e1s\u00e1ra.<\/span><\/span><\/span><\/p>\n<p align=\"JUSTIFY\"><span style=\"font-family: Georgia, serif;font-size: 14pt\"><span lang=\"hu-HU\">A klinik\u00e1n a k\u00f6vetkez\u0151 gyakorlatok t\u00f6lthet\u0151k: 11 h\u00f3nap f\u00fcl-orr-g\u00e9g\u00e9szeti propedeutika, 32,5 h\u00f3nap f\u00fcl-orr-g\u00e9g\u00e9szeti \u00e9s fej-nyakseb\u00e9szeti szakgyakorlat.<\/span><\/span><\/p>\n<h5 align=\"JUSTIFY\">Rezidensek<\/h5>\n<p align=\"JUSTIFY\"><span style=\"color: #000000;font-size: 14pt\"><span style=\"font-family: Georgia,serif\"><span lang=\"hu-HU\">A rezidensek k\u00f6zalkalmazottak, akikre vonatkozik a munka t\u00f6rv\u00e9nyk\u00f6nyve, valamint az egyetem, mint munk\u00e1ltat\u00f3 ez ir\u00e1ny\u00fa utas\u00edt\u00e1sai, szab\u00e1lyzatai.<\/span><\/span><\/span><\/p>\n<p align=\"JUSTIFY\"><span style=\"font-size: 14pt\"><span style=\"color: #000000\"><span style=\"font-family: Georgia,serif\"><span lang=\"hu-HU\">A rezidensek egy napt\u00e1ri \u00e9vben <\/span><\/span><\/span><span style=\"font-family: Georgia,serif\"><span lang=\"hu-HU\">21 nap szabads\u00e1ggal <\/span><\/span><span style=\"color: #000000\"><span style=\"font-family: Georgia,serif\"><span lang=\"hu-HU\">rendelkeznek. Ennek egynegyed\u00e9t szabadon haszn\u00e1lhatj\u00e1k fel, a marad\u00e9k h\u00e1romnegyedet a munk\u00e1ltat\u00f3val egyeztetni\u00fck kell. A munk\u00e1ltat\u00f3i jogokat annak a klinik\u00e1nak igazgat\u00f3ja gyakorolja, ahol \u00e9ppen gyakorlatukat t\u00f6ltik.<\/span><\/span><\/span><\/span><\/p>\n<p align=\"JUSTIFY\"><span style=\"color: #000000;font-size: 14pt\"><span style=\"font-family: Georgia,serif\"><span lang=\"hu-HU\">Rezidensek illetve szakorvosjel\u00f6ltek csak fel\u00fcgyelettel v\u00e9gezhetnek munk\u00e1t. \u00dcgyeleti rendszerben rezidensek \u00e9s szakorvosjel\u00f6ltek csak k\u00f6zvetlen fel\u00fcgyelettel tev\u00e9kenykedhetnek.<\/span><\/span><\/span><\/p>\n<p align=\"JUSTIFY\"><span style=\"color: #000000;font-size: 14pt\"><span style=\"font-family: Georgia,serif\"><span lang=\"hu-HU\">Szakgyakorlati id\u0151ben a szakorvosjel\u00f6lt oszt\u00e1lyos orvosk\u00e9nt van beosztva. Feladata az oszt\u00e1lyos orvosi munka v\u00e9gz\u00e9se (betegfelv\u00e9tel \u00e9s vizsg\u00e1lat, adminisztr\u00e1ci\u00f3, k\u00f3rlap \u00e9s z\u00e1r\u00f3jelent\u00e9s k\u00e9sz\u00edt\u00e9se) fel\u00fcgyelettel, a klinika napi diagnosztikai \u00e9s m\u0171t\u00e9ti tev\u00e9kenys\u00e9g\u00e9ben t\u00f6rt\u00e9n\u0151 r\u00e9szv\u00e9tel szint\u00e9n fel\u00fcgyelettel.<\/span><\/span><\/span><\/p>\n<h5 align=\"JUSTIFY\"><span style=\"color: #000000;font-size: 14pt\"><span style=\"font-family: Georgia,serif\"><span lang=\"hu-HU\">Szakorvosi Felk\u00e9sz\u00edt\u0151 Tanfolyamok<\/span><\/span><\/span><\/h5>\n<p align=\"JUSTIFY\"><span style=\"color: #000000;font-size: 14pt\"><span style=\"font-family: Georgia,serif\"><span lang=\"hu-HU\">A magyar f\u00fcl-orr-g\u00e9g\u00e9szeti \u00e9s fej-nyakseb\u00e9szeti szakvizsga elnyer\u00e9s\u00e9hez a k\u00e9pz\u00e9sben l\u00e9v\u0151 koll\u00e9g\u00e1knak le kell t\u00f6lteni\u00fck a t\u00f6rzsk\u00e9pz\u00e9si gyakorlatot, a 36 h\u00f3napos szakk\u00e9pz\u00e9si gyakorlatot, megfelel\u0151, dokument\u00e1lt m\u0171t\u00e9ti sz\u00e1mmal kell rendelkezni\u00fck, \u00e9s a k\u00f6telez\u0151 tanfolyamokat el kell v\u00e9gezni\u00fck. Ezt k\u00f6vet\u0151en bocs\u00e1that\u00f3k szakvizsg\u00e1ra. A 4 hetes szakvizsga-el\u0151k\u00e9sz\u00edt\u0151 tov\u00e1bbk\u00e9pz\u00e9seket a n\u00e9gy egyetemi F\u00fcl-Orr-G\u00e9g\u00e9szeti \u00e9s Fej-Nyakseb\u00e9szeti Klinika rot\u00e1ci\u00f3s rendszerben v\u00e9gzi.<\/span><\/span><\/span><\/p>\n<h5 align=\"JUSTIFY\"><span style=\"color: #000000;font-size: 14pt\"><span style=\"font-family: Georgia,serif\"><span lang=\"hu-HU\">Szakorvos tov\u00e1bbk\u00e9pz\u00e9s<\/span><\/span><\/span><\/h5>\n<p align=\"JUSTIFY\"><span style=\"color: #000000;font-size: 14pt\"><span style=\"font-family: Georgia,serif\"><span lang=\"hu-HU\">A Semmelweis Egyetem F\u00fcl-Orr-G\u00e9g\u00e9szeti \u00e9s Fej-Nyakseb\u00e9szeti Klinika munkat\u00e1rsai saj\u00e1t szervez\u00e9s\u0171 \u00e9s lebonyol\u00edt\u00e1s\u00fa tanfolyamokkal, valamint m\u00e1s int\u00e9zm\u00e9nyekkel \u00e9s akkredit\u00e1lt tanfolyamszervez\u0151kkel k\u00f6z\u00f6sen lebonyol\u00edt\u00e1sra ker\u00fcl\u0151 tanfolyamokon t\u00f6rt\u00e9n\u0151 oktat\u00f3i aktivit\u00e1ssal vesznek r\u00e9szt a szakir\u00e1ny\u00fa tov\u00e1bbk\u00e9pz\u00e9sben.<\/span><\/span><\/span><\/p>\n<p align=\"JUSTIFY\"><span style=\"color: #000000;font-size: 14pt\"><span style=\"font-family: Georgia,serif\"><span lang=\"hu-HU\">A szakorvosok tov\u00e1bbk\u00e9pz\u00e9s\u00e9t a Semmelweis Egyetem F\u00fcl-Orr-G\u00e9g\u00e9szeti \u00e9s Fej-Nyakseb\u00e9szeti Klinik\u00e1ja sz\u00e1mos, a klinika \u00e1ltal szervezett el\u0151ad\u00e1s \u00e9s tanfolyam form\u00e1j\u00e1ban val\u00f3s\u00edtja meg. Ennek f\u0151bb \u2013 de b\u00e1rmikor v\u00e1ltoztathat\u00f3 \u2013 form\u00e1i a k\u00f6vetkez\u0151k:<\/span><\/span><\/span><\/p>\n<ul>\n<li>\n<p align=\"JUSTIFY\"><span style=\"color: #000000;font-size: 14pt\"><span style=\"font-family: Georgia,serif\"><span lang=\"hu-HU\"><strong>K\u00f6telez\u0151 szinten tart\u00f3 tanfolyam<\/strong> \u2013az 5 \u00e9ves tov\u00e1bbk\u00e9pz\u00e9si ciklusban 3 <\/span><\/span><\/span>alkalommal (50 pontos)<\/p>\n<\/li>\n<\/ul>\n<p align=\"JUSTIFY\"><span style=\"color: #000000;font-size: 14pt\"><span style=\"font-family: Georgia,serif\"><span lang=\"hu-HU\">Egy-, vagy k\u00e9t\u00e9vente 2 hetes kerekasztal konferenci\u00e1t szervez\u00fcnk az \u00e9rdekl\u0151d\u0151 szakorvosok sz\u00e1m\u00e1ra, ahol szakm\u00e1nk kiv\u00e1l\u00f3s\u00e1gai \u00e1ttekint\u00e9st ny\u00fajtanak a f\u00fcl-orr- g\u00e9g\u00e9szet aktu\u00e1lis probl\u00e9m\u00e1ir\u00f3l, az \u00faj diagnosztikus \u00e9s ter\u00e1pi\u00e1s lehet\u0151s\u00e9gekr\u0151l (200-300 r\u00e9sztvev\u0151\/ tanfolyam).<\/span><\/span><\/span><\/p>\n<ul>\n<li>\n<p align=\"JUSTIFY\"><strong><span style=\"color: #000000;font-size: 14pt\"><span style=\"font-family: Georgia,serif\"><span lang=\"hu-HU\">Rhinol\u00f3giai \u00e9s FESS tanfolyam<\/span><\/span><\/span><\/strong><\/p>\n<\/li>\n<\/ul>\n<p align=\"JUSTIFY\"><span style=\"color: #000000;font-size: 14pt\"><span style=\"font-family: Georgia,serif\"><span lang=\"hu-HU\">\u00c9vente egy alkalommal egyhetes tanfolyamot szervez\u00fcnk nemzetk\u00f6zi el\u0151ad\u00f3kkal, cadaver disszekci\u00f3val. A tanfolyam c\u00e9lja, hogy a szakorvosok betekint\u00e9st nyerjenek az endoszk\u00f3pos orrmell\u00e9k\u00fcreg-seb\u00e9szet (FESS) gyakorlat\u00e1ba (15-20 r\u00e9sztvev\u0151\/tanfolyam).<\/span><\/span><\/span><\/p>\n<ul>\n<li>\n<p align=\"JUSTIFY\"><strong><span style=\"color: #000000;font-size: 14pt\"><span style=\"font-family: Georgia,serif\"><span lang=\"hu-HU\">Komplex otoneurol\u00f3giai diagnosztika tanfolyam<\/span><\/span><\/span><\/strong><\/p>\n<\/li>\n<\/ul>\n<p align=\"JUSTIFY\"><span style=\"color: #000000;font-size: 14pt\"><span style=\"font-family: Georgia,serif\"><span lang=\"hu-HU\">\u00c9vente egy alkalommal, az orsz\u00e1gban egyed\u00fcl\u00e1ll\u00f3k\u00e9nt 3 napos tanfolyamot szervez\u00fcnk megh\u00edvott el\u0151ad\u00f3k \u00e9s klinik\u00e1nk oktat\u00f3inak r\u00e9szv\u00e9tel\u00e9vel, klinikai esetbemutat\u00e1ssal (15-20 r\u00e9sztvev\u0151\/ tanfolyam).<\/span><\/span><\/span><\/p>\n<ul>\n<li>\n<p align=\"JUSTIFY\"><strong><span style=\"color: #000000;font-size: 14pt\"><span style=\"font-family: Georgia,serif\"><span lang=\"hu-HU\">Gyakorlati k\u00e9pz\u00e9s audiol\u00f3giai (r\u00e1\u00e9p\u00edtett) szakvizsg\u00e1hoz<\/span><\/span><\/span><\/strong><\/p>\n<\/li>\n<\/ul>\n<p align=\"JUSTIFY\"><span style=\"color: #000000;font-size: 14pt\"><span style=\"font-family: Georgia,serif\"><span lang=\"hu-HU\">\u00c9vente 10-15 f\u00fcl-orr-g\u00e9g\u00e9sz szakorvos t\u00f6lt 1-4 hetes gyakorlatot klinik\u00e1nk audiol\u00f3giai ambulanci\u00e1j\u00e1n az audiol\u00f3gia szakvizsga el\u0151tt.<\/span><\/span><\/span><\/p>\n<ul>\n<li><strong><span style=\"color: #000000;font-size: 14pt\"><span style=\"font-family: Georgia,serif\"><span lang=\"hu-HU\">Gyakorlati k\u00e9pz\u00e9s allergol\u00f3giai \u00e9s klinikai immunol\u00f3giai (r\u00e1\u00e9p\u00edtett) szakvizsg\u00e1hoz<\/span><\/span><\/span><\/strong><\/li>\n<\/ul>\n<p align=\"JUSTIFY\"><span style=\"color: #000000;font-size: 14pt\"><span style=\"font-family: Georgia,serif\"><span lang=\"hu-HU\">\u00c9vente 4-5 f\u00fcl-orr-g\u00e9g\u00e9sz szakorvos t\u00f6lt 1-4 hetes gyakorlatot klinik\u00e1nk allergol\u00f3giai szakambulanci\u00e1j\u00e1n az allergol\u00f3giai \u00e9s klinikai immunol\u00f3gia szakvizsga el\u0151tt<\/span><\/span><\/span><\/p>\n<ul>\n<li>\n<p><strong><span style=\"color: #000000;font-size: 14pt\"><span style=\"font-family: Georgia,serif\"><span lang=\"hu-HU\">Egy\u00e9ni gyakorlati tov\u00e1bbk\u00e9pz\u00e9s audiol\u00f3gusok sz\u00e1m\u00e1ra.<\/span><\/span><\/span><\/strong><\/p>\n<\/li>\n<\/ul>\n<p align=\"JUSTIFY\"><span style=\"color: #000000;font-size: 14pt\"><span style=\"font-family: Georgia,serif\"><span lang=\"hu-HU\">\u00c9vente 5-10 audiol\u00f3gus szakorvos t\u00f6lt 3 h\u00f3nap gyakorlatot klinik\u00e1nk audiol\u00f3giai <\/span><\/span><\/span><\/p>\n<p align=\"JUSTIFY\"><span style=\"color: #000000;font-size: 14pt\"><span style=\"font-family: Georgia,serif\"><span lang=\"hu-HU\">szakambulanci\u00e1j\u00e1n.<\/span><\/span><\/span><\/p>\n<ul>\n<li><strong><span style=\"color: #000000;font-size: 14pt\"><span style=\"font-family: Georgia,serif\"><span lang=\"hu-HU\">Foni\u00e1tria gyakorlati k\u00e9pz\u00e9s foni\u00e1tria szakvizsg\u00e1hoz<\/span><\/span><\/span><\/strong><\/li>\n<\/ul>\n<p><span style=\"color: #000000;font-size: 14pt\"><span style=\"font-family: Georgia,serif\"><span lang=\"hu-HU\">\u00c9vente 2 f\u0151 3 h\u00f3nap gyakorlatot t\u00f6lt a klinik\u00e1n<\/span><\/span><\/span><\/p>\n<p align=\"JUSTIFY\"><span style=\"color: #000000;font-size: 14pt\"><span style=\"font-family: Georgia,serif\"><span lang=\"hu-HU\"><i>Egy\u00e9b:<\/i><\/span><\/span><\/span><\/p>\n<p align=\"JUSTIFY\"><span style=\"color: #000000;font-size: 14pt\"><span style=\"font-family: Georgia,serif\"><span lang=\"hu-HU\">A klinika \u00e1ltal szervezett kongresszusok<\/span><\/span><\/span><\/p>\n<p align=\"JUSTIFY\"><span style=\"color: #000000;font-size: 14pt\">\u2013 <span style=\"font-family: Georgia,serif\"><span lang=\"hu-HU\">Speci\u00e1lis gyakorlatok elt\u00f6lt\u00e9s\u00e9nek lehet\u0151s\u00e9ge k\u00f6tetlen form\u00e1ban: (vizsg\u00e1latok, beavatkoz\u00e1sok, m\u0171t\u00e9tek elsaj\u00e1t\u00edt\u00e1s\u00e1nak lehet\u0151s\u00e9ge).<\/span><\/span><\/span><\/p>\n<h5 align=\"JUSTIFY\"><span style=\"color: #000000;font-size: 14pt\"><span style=\"font-family: Georgia,serif\"><span lang=\"hu-HU\">R\u00e9szv\u00e9tel a Semmelweis Egyetem Tov\u00e1bbk\u00e9pz\u0151 K\u00f6zpont \u00e1ltal szervezett szakir\u00e1ny\u00fa tov\u00e1bbk\u00e9pz\u00e9sben<\/span><\/span><\/span><\/h5>\n<p align=\"JUSTIFY\"><span style=\"color: #000000;font-size: 14pt\"><span style=\"font-family: Georgia,serif\"><span lang=\"hu-HU\">K\u00f6telez\u0151 szinten tart\u00f3 tanfolyamok:<\/span><\/span><\/span><\/p>\n<p align=\"JUSTIFY\"><span style=\"color: #000000;font-size: 14pt\"><span style=\"font-family: Georgia,serif\"><span lang=\"hu-HU\">A F\u00fcl-orr-g\u00e9g\u00e9szeti \u00e9s Fej-nyakseb\u00e9szeti k\u00f6telez\u0151 szinten tart\u00f3 tanfolyamok tematik\u00e1j\u00e1t \u00e9s el\u0151ad\u00f3it az Egyetem F\u00fcl-Orr-G\u00e9g\u00e9szeti \u00e9s Fej-Nyakseb\u00e9szeti Klinik\u00e1j\u00e1nak igazgat\u00f3helyettese \u00e1ll\u00edtja \u00f6ssze, az igazgat\u00f3 j\u00f3v\u00e1hagy\u00e1s\u00e1val. E tanfolyam az 5 \u00e9ves k\u00e9pz\u00e9si peri\u00f3dusokban 3 alkalommal ker\u00fcl megszervez\u00e9sre.<\/span><\/span><\/span><\/p>\n<p align=\"JUSTIFY\"><span style=\"color: #000000;font-size: 14pt\"><span style=\"font-family: Georgia,serif\"><span lang=\"hu-HU\">K\u00f6telez\u0151en \u00e9s szabadon v\u00e1laszhat\u00f3 tanfolyamok:<\/span><\/span><\/span><\/p>\n<p align=\"JUSTIFY\"><span style=\"color: #000000;font-size: 14pt\"><span style=\"font-family: Georgia,serif\"><span lang=\"hu-HU\">Aktu\u00e1lis tanfolyamok tematik\u00e1j\u00e1r\u00f3l, id\u0151pontj\u00e1r\u00f3l, helysz\u00edn\u00e9r\u0151l az OFTEX port\u00e1lon kereszt\u00fcl lehet inform\u00e1ci\u00f3t szerezni. A tanfolyamok megtart\u00e1sa ut\u00e1n az www.oftex.hu port\u00e1lon t\u00f6rt\u00e9nik a jelent\u00e9sek elk\u00fcld\u00e9se \u00e9s a megszerzett pontsz\u00e1mok j\u00f3v\u00e1\u00edr\u00e1sa.<\/span><\/span><\/span><\/p>\n","protected":false},"excerpt":{"rendered":"<p>POSZTGRADU\u00c1LIS K\u00c9PZ\u00c9S Ennek \u00f6t f\u0151 ir\u00e1nya van: Szakorvosk\u00e9pz\u00e9s Szakorvos tov\u00e1bbk\u00e9pz\u00e9s Doktori Iskola Klinikai oktat\u00f3k-nevel\u0151k szakir\u00e1ny\u00fa tov\u00e1bbk\u00e9pz\u00e9se Szakdolgoz\u00f3k tov\u00e1bbk\u00e9pz\u00e9se Szakorvosk\u00e9pz\u00e9s A r\u00e9gi\u00f3 szakorvosk\u00e9pz\u00e9s\u00e9nek egyik k\u00f6zpontja mindig a SE F\u00fcl-Orr-G\u00e9g\u00e9szeti \u00e9s Fej-nyakseb\u00e9szeti Klinika. A f\u00fcl-orr-g\u00e9g\u00e9szeti \u00e9s fej-nyakseb\u00e9szeti szakvizsga, valamint az egy\u00e9b alapszakvizsg\u00e1k \u00e9s r\u00e1\u00e9p\u00edtett szakk\u00e9pes\u00edt\u00e9sek el\u0151\u00edrt f\u00fcl-orr-g\u00e9g\u00e9szeti \u00e9s fej-nyakseb\u00e9szeti gyakorlat\u00e1nak id\u0151tartam\u00e1ra, a klinika minden esetben az adhat\u00f3 &hellip;<\/p>\n","protected":false},"author":101505,"featured_media":0,"parent":185,"menu_order":4,"comment_status":"open","ping_status":"closed","template":"","meta":{"_acf_changed":false,"footnotes":""},"categories":[],"tags":[],"class_list":["post-205","page","type-page","status-publish","hentry"],"acf":[],"_links":{"self":[{"href":"https:\/\/semmelweis.hu\/fulorrgegeszet\/wp-json\/wp\/v2\/pages\/205","targetHints":{"allow":["GET"]}}],"collection":[{"href":"https:\/\/semmelweis.hu\/fulorrgegeszet\/wp-json\/wp\/v2\/pages"}],"about":[{"href":"https:\/\/semmelweis.hu\/fulorrgegeszet\/wp-json\/wp\/v2\/types\/page"}],"author":[{"embeddable":true,"href":"https:\/\/semmelweis.hu\/fulorrgegeszet\/wp-json\/wp\/v2\/users\/101505"}],"replies":[{"embeddable":true,"href":"https:\/\/semmelweis.hu\/fulorrgegeszet\/wp-json\/wp\/v2\/comments?post=205"}],"version-history":[{"count":8,"href":"https:\/\/semmelweis.hu\/fulorrgegeszet\/wp-json\/wp\/v2\/pages\/205\/revisions"}],"predecessor-version":[{"id":2133,"href":"https:\/\/semmelweis.hu\/fulorrgegeszet\/wp-json\/wp\/v2\/pages\/205\/revisions\/2133"}],"up":[{"embeddable":true,"href":"https:\/\/semmelweis.hu\/fulorrgegeszet\/wp-json\/wp\/v2\/pages\/185"}],"wp:attachment":[{"href":"https:\/\/semmelweis.hu\/fulorrgegeszet\/wp-json\/wp\/v2\/media?parent=205"}],"wp:term":[{"taxonomy":"category","embeddable":true,"href":"https:\/\/semmelweis.hu\/fulorrgegeszet\/wp-json\/wp\/v2\/categories?post=205"},{"taxonomy":"post_tag","embeddable":true,"href":"https:\/\/semmelweis.hu\/fulorrgegeszet\/wp-json\/wp\/v2\/tags?post=205"}],"curies":[{"name":"wp","href":"https:\/\/api.w.org\/{rel}","templated":true}]}}