{"id":1893,"date":"2023-04-05T12:43:42","date_gmt":"2023-04-05T10:43:42","guid":{"rendered":"https:\/\/semmelweis.hu\/fulorrgegeszet\/?page_id=1893"},"modified":"2025-05-14T12:30:26","modified_gmt":"2025-05-14T10:30:26","slug":"hno-themenkatalog-zahnmedizin","status":"publish","type":"page","link":"https:\/\/semmelweis.hu\/fulorrgegeszet\/de\/fakultat-fur-zahnmedizin\/hno-themenkatalog-zahnmedizin\/","title":{"rendered":"HNO Themenkatalog (Zahnmedizin)"},"content":{"rendered":"<p style=\"text-align: center\">HNO Themenkatalog (Zahnmedizin)<\/p>\n<p>I.<\/p>\n<p>1. Anatomie und Funktion des H\u00f6rorgans. Funktion der Eustachischen R\u00f6hre.<br \/>\n2. Die Grundlagen der Audio-Physiologie. Untersuchung des H\u00f6rens: Stimmgabel Tests, subjektive Untersuchungsmethoden<br \/>\n3. Objektive Untersuchung des H\u00f6rens: Tympanometrie, Stapediusreflexmessung, otoakustische Emission, Hirnstammaudiometrie.<br \/>\n4. Grunds\u00e4tzliche Untersuchungsmethoden des Vestibularorgans (Neurootologie).<br \/>\n5. Fehlbildungen des Ohres, Erkrankungen der Ohrmuschel und des \u00e4usseren Geh\u00f6rgangs.<br \/>\n6. Komplikationen der Mittelohrentz\u00fcndungen.<br \/>\n7. Akute und chronsiche Mittelohhrentz\u00fcndungen.<br \/>\n8. Otosklerose: klinisches Bild, Diagnostik, Therapiem\u00f6glichkeiten 9. Akute und chronische ser\u00f6se Mittelohrentz\u00fcndung. Anwendung des Paukenr\u00f6hrchens<br \/>\n10. Beschreibung und Typen der Tympanoplastik. Mastoidektomie, Radikalh\u00f6hle<br \/>\n11. Ursachen und Behandlung der akuten und chronischen sensorineuralen H\u00f6rminderungen<br \/>\n12. Angeborene Schwerh\u00f6rigkeit, Taubheit. H\u00f6rscreening des Neugeborenen<br \/>\n13. Arten von h\u00f6rverbessernden Ger\u00e4ten. Indikationen zur Anwendung.<br \/>\n14. Cochlear Implant Versorgung. Implantierbare H\u00f6rger\u00e4te.<br \/>\n15. Klinisches Bild und Behandlung des Lagerungschwindels, der Neuritis vestibularis und der M\u00e9ni\u00e8reschen Krankheit.<br \/>\n16. Tumoren des Aussenohres und des Mittelohres.<br \/>\n17. Gr\u00fcnde und Behandlung der peripheren Fazialisparese<br \/>\n18. Differenzialdiagnose des Ohrschmerzens, zahn\u00e4rztliche Aspekte des Ohrschmerzens.<br \/>\n19. Anatomie und Funktion der Nase und Nasen-Nebenh\u00f6hlen.<br \/>\n20. Erkrankungen der \u00e4u\u00dferen Nase (Verletzungen, Entz\u00fcndungen und Tumoren)<br \/>\n21. Einfache physikalische, endoskopische und moderne bildgebende Untersuchungen der Nase und Nasen-Nebenh\u00f6hlen.<br \/>\n22. Arten der Rhinitis. Riechst\u00f6rugen.<br \/>\n23. Symptomatik, Gr\u00fcnde und Untersuchung des Schlafapnoe Syndroms.<br \/>\n24. Akute und chronische Entz\u00fcndungen der Nasen-Nebenh\u00f6hlen. Komplikationen und Therapiem\u00f6glichkeiten.<br \/>\n25. Blutversorgung des Nasenraums. Gr\u00fcnde und Versorgung des Nasenblutens.<br \/>\n26. Hintergr\u00fcnde der Nasenatmungsbehinderung, Nasenscheidewandverkr\u00fcmmung<br \/>\n27. Verletzungen der Nasen-Nebenh\u00f6hlen, des Mittelgesichtes und der frontobasalen Region<br \/>\n28. Allergische Rhinitis. Diagnostik und Therapiem\u00f6glichkeiten<br \/>\n29. Endoskopische Nasen-Nebenh\u00f6hlen-Chirurgie. Erweiterte Anwendungsm\u00f6glichkeiten.<br \/>\n30. Gut- und b\u00f6sartige Tumoren der Nasen-Nebenh\u00f6hlen. Therapeutische Grundlagen.<br \/>\nHNO Themenkatalog (Zahnmedizin)<br \/>\n31. Therapie der b\u00f6sartigen Tumoren der Nasen-Nebenh\u00f6hlen. Nachsorge und Rehabilitationsm\u00f6glichkeiten &#8211; zahn\u00e4rztliche Aspekte.<br \/>\n32. Differenzialdiagnostik des Gesichtsschmerzens und der Nasen- und Nasen-Nebenh\u00f6hlenentz\u00fcndungen &#8211; zahn\u00e4rztliche Aspekte.<br \/>\n33. Rekonstruktive und plastische Operationen der Nasen- und Nasen-Nebenh\u00f6hlendeformit\u00e4ten<\/p>\n<p>&nbsp;<\/p>\n<p>II.<br \/>\n34. Entz\u00fcndungen der Speicheldr\u00fcsen. Sialadenopathien.<br \/>\n35. Gut- und b\u00f6sartige Tumoren der Speicheldr\u00fcsen.<br \/>\n36. Differenzialdiagnose der Raumforderungen am Hals.<br \/>\n37. Physiologie und Untersuchung des Rachens.<br \/>\n38. Tonsillitiden, Anginas, Mononukleose.<br \/>\n39. Komplikationen der akuten Tonsillitis. Peritonsillarabszess (Diagnostik, Therapie).<br \/>\n40. Gutartige Tumoren und Pr\u00e4kanzerosen der Mundh\u00f6hle und des Rachens.<br \/>\n41. Entz\u00fcndliche Erkrankungen der Mundh\u00f6hle und des Rachens.<br \/>\n42. Fehlbildungen der Mundh\u00f6hle und des Rachens.<br \/>\n43. Diagnostik und Behandlung der Lippen-Kiefer-Gaumenspalte<br \/>\n44. B\u00f6sartige Tumoren der Mundh\u00f6hle, des Rachens. Grundlagen der Therapie.<br \/>\n45. Untersuchung des Kehlkopfes. Symptomatik der Kehlkopfkrankheiten. Gr\u00fcnde und Therapie der Stimmlippenparesen.<br \/>\n46. Akute und chronische Entz\u00fcndungen des Kehlkopfes.<br \/>\n47. Gutartige Tumoren des Kehlkopfes.<br \/>\n48. B\u00f6sartige Tumoren des Kehlkopfes und des Hypopharynx. Therapiem\u00f6glichkeiten.<br \/>\n49. Die Rolle des HPV in den b\u00f6sartigen Krankheiten des Mundrachens.<br \/>\n50. Tracheotomie, Koniotomie.<br \/>\n51. Dyspnoe wegen Erkrankungen der oberen Atemwegen. Fremdk\u00f6rper in den Luftwegen (Diagnostik, Symptomatik, Behandlung)<br \/>\n52. St\u00f6rungen der Stimmbildung (Dysphonie).<br \/>\n53. Halsregione. Dissektion der Halslymphknoten<br \/>\n54. Komplikationen der odontogenen Entz\u00fcndungen (Sinusitis, Halsphlegmone, Abszess)<br \/>\n55. Untersuchung und Erkrankungen der Speiser\u00f6hre. Schluckst\u00f6rungen. Fremdk\u00f6rper in den Speisewegen.<br \/>\n56. Totale Kehlkopfentfernung. M\u00f6glichkeiten zur Sprachrehabilitation nach totaler Laryngektomie.<\/p>\n","protected":false},"excerpt":{"rendered":"<p>HNO Themenkatalog (Zahnmedizin) I. 1. Anatomie und Funktion des H\u00f6rorgans. Funktion der Eustachischen R\u00f6hre. 2. Die Grundlagen der Audio-Physiologie. Untersuchung des H\u00f6rens: Stimmgabel Tests, subjektive Untersuchungsmethoden 3. Objektive Untersuchung des H\u00f6rens: Tympanometrie, Stapediusreflexmessung, otoakustische Emission, Hirnstammaudiometrie. 4. Grunds\u00e4tzliche Untersuchungsmethoden des Vestibularorgans (Neurootologie). 5. Fehlbildungen des Ohres, Erkrankungen der Ohrmuschel und des \u00e4usseren Geh\u00f6rgangs. 6. Komplikationen &hellip;<\/p>\n","protected":false},"author":101505,"featured_media":0,"parent":1890,"menu_order":3,"comment_status":"closed","ping_status":"closed","template":"","meta":{"_acf_changed":false,"footnotes":""},"categories":[],"tags":[],"class_list":["post-1893","page","type-page","status-publish","hentry"],"acf":[],"_links":{"self":[{"href":"https:\/\/semmelweis.hu\/fulorrgegeszet\/wp-json\/wp\/v2\/pages\/1893","targetHints":{"allow":["GET"]}}],"collection":[{"href":"https:\/\/semmelweis.hu\/fulorrgegeszet\/wp-json\/wp\/v2\/pages"}],"about":[{"href":"https:\/\/semmelweis.hu\/fulorrgegeszet\/wp-json\/wp\/v2\/types\/page"}],"author":[{"embeddable":true,"href":"https:\/\/semmelweis.hu\/fulorrgegeszet\/wp-json\/wp\/v2\/users\/101505"}],"replies":[{"embeddable":true,"href":"https:\/\/semmelweis.hu\/fulorrgegeszet\/wp-json\/wp\/v2\/comments?post=1893"}],"version-history":[{"count":1,"href":"https:\/\/semmelweis.hu\/fulorrgegeszet\/wp-json\/wp\/v2\/pages\/1893\/revisions"}],"predecessor-version":[{"id":1894,"href":"https:\/\/semmelweis.hu\/fulorrgegeszet\/wp-json\/wp\/v2\/pages\/1893\/revisions\/1894"}],"up":[{"embeddable":true,"href":"https:\/\/semmelweis.hu\/fulorrgegeszet\/wp-json\/wp\/v2\/pages\/1890"}],"wp:attachment":[{"href":"https:\/\/semmelweis.hu\/fulorrgegeszet\/wp-json\/wp\/v2\/media?parent=1893"}],"wp:term":[{"taxonomy":"category","embeddable":true,"href":"https:\/\/semmelweis.hu\/fulorrgegeszet\/wp-json\/wp\/v2\/categories?post=1893"},{"taxonomy":"post_tag","embeddable":true,"href":"https:\/\/semmelweis.hu\/fulorrgegeszet\/wp-json\/wp\/v2\/tags?post=1893"}],"curies":[{"name":"wp","href":"https:\/\/api.w.org\/{rel}","templated":true}]}}