{"id":1878,"date":"2023-04-05T12:16:26","date_gmt":"2023-04-05T10:16:26","guid":{"rendered":"https:\/\/semmelweis.hu\/fulorrgegeszet\/?page_id=1878"},"modified":"2024-09-20T12:29:23","modified_gmt":"2024-09-20T10:29:23","slug":"hno-themenkathalog","status":"publish","type":"page","link":"https:\/\/semmelweis.hu\/fulorrgegeszet\/de\/fakultat-fur-humanmedizin-2\/hno-themenkathalog\/","title":{"rendered":"HNO Themenkathalog (Humanmedizin)"},"content":{"rendered":"<p style=\"text-align: center\"><a href=\"https:\/\/semmelweis.hu\/fulorrgegeszet\/files\/2024\/09\/HNO-Themenkathalog.pdf\">HNO Themenkathalog<\/a> (I-II) (Allgemein Medizinstudium, Deutsch)<\/p>\n<p>I.<\/p>\n<ol>\n<li>Die Anatomie und physikalische Untersuchung der Ohrmuschel, des \u00e4usseren Geh\u00f6rgangs und des Trommelfells.<\/li>\n<li>Anatomie und Funktion des Mittelohres. Funktion und Untersuchung der Eustachischen R\u00f6hre.<\/li>\n<li>Schwellenaudiometrie, Tympanometrie. Aufz\u00e4hlung der subjektiven und objektiven H\u00f6rtests. Stimmgabel Tests.<\/li>\n<li>Objektive H\u00f6rtests. Tympanometrie, Hirnstammaudiometrie, otoakustische Emission.<\/li>\n<li>Die grunds\u00e4tzlichen Untersuchungsmethoden der Otoneurologie, Symptomatik der periph\u00e4ren und zentralen Gleichgewichtst\u00f6rungen.<\/li>\n<li>Erkrankungen der Ohrmuschel und des \u00e4usseren Geh\u00f6rgangs.<\/li>\n<li>Akute und kronische ser\u00f6se Mittelohrentz\u00fcndung. Anwendung des Pukenr\u00f6hrchens.<\/li>\n<li>Ablauf und Behandlung der akuten eitrigen Mittelohrentz\u00fcndung. Parazentese.<\/li>\n<li>Arten der kronischen Mitterohrentz\u00fcndungen.<\/li>\n<li>Komplikationen der akuten und kronischen eitrigen Mittelohrentz\u00fcndungen.<\/li>\n<li>Differenzierung zwischen der zentralen und periph\u00e4ren Fazialisparese. Differenzialdiagnose und Gr\u00fcnde der periph\u00e4ren Fazialisparese.<\/li>\n<li>Mastoidektomie, Radikale Ohroperation.<\/li>\n<li>Beschreibung und Typen der Tympanoplastik.<\/li>\n<li>Fixation der Geh\u00f6rkn\u00f6chelchen, Tympanosklerose, Otosklerose. Klinisches Bild, Diagnose und Behandlung.<\/li>\n<li>Traumata des \u00e4usseren, Mittel- und Innenohres.<\/li>\n<li>L\u00e4rmsch\u00e4digungen, toxische und infekti\u00f6se L\u00e4sione des Innenohres.<\/li>\n<li>Differenzialdiagnose des Lagerungschwindels, der Neuronitis vestibularis und der M\u00e9ni\u00e8reschen Krankheit.<\/li>\n<li>Akute und kronische sensorineurelle H\u00f6rminderungen.<\/li>\n<li>Symptomatik, Untersuchung und Behandlung des schwerh\u00f6rigen bzw. tauben Kindes. H\u00f6rscreening des Neugeborenen.<\/li>\n<li>Arten von h\u00f6rverbessernden Ger\u00e4ten. Indikationen zur Anwendung. Cochleare Implantation.<\/li>\n<li>Funktionen der Nase. Anatomie und Physiologie der Nase und der Nasen-Nebenh\u00f6hlen.<\/li>\n<li>Einfache physikalische, endoskopische und moderne bildgebende Untersuchungen der Nase und der Nasen-Nebenh\u00f6hlen.<\/li>\n<li>Erkrankungen, Verletzungen, Entz\u00fcndungen und Tumore der \u00e4usseren Nase.<\/li>\n<li>Blutversorgung des Nasenraums. Gr\u00fcnde und Versorgung des Nasenblutens.<\/li>\n<li>Erkrankungen im Hintergrund der Nasenatmungsbehinderung. Nasenscheidewand Verkrummung. Riechst\u00f6rungen.<\/li>\n<li>Arten der Rhinitis.<\/li>\n<li>Akute und kronische Entz\u00fcndungen der Nasen-Nebenh\u00f6hlen. Therapeutische Grundlagen.<\/li>\n<li>Endoskopische Nasen-Nebenh\u00f6hlen-Chirurgie. Erweiterte Anwendungsm\u00f6glichkeiten.<\/li>\n<li>Komplikationen der Nasen-Nebenh\u00f6hlen Entz\u00fcndungen.<\/li>\n<li>Gut- und b\u00f6sartige Tumore der Nasen-Nebenh\u00f6hlen. Therapeutische Grundlagen.<\/li>\n<\/ol>\n<p>II.<\/p>\n<ol start=\"31\">\n<li>Anatomie, Physiologie und Untersuchung des Rachens.<\/li>\n<li>Symptomatik, Gr\u00fcnde und Untersuchung des Schlafapnoe Syndroms.<\/li>\n<li>Erkrankungen im Nasopharynx. Adenoide Hyperplasie und deren Folgen. Nasebrachentumore.<\/li>\n<li>Entz\u00fcndliche Erkrankungen der Mundh\u00f6hle und des Rachens.<\/li>\n<li>Tonsillitiden, Anginas, Mononukleose.<\/li>\n<li>Komplikationen der akuten Tonsillitis. Peritonsillarabszess.<\/li>\n<li>Symptomatik und Diagnose der kronischen Tonsillitiden. M\u00f6gliche Komplikationen der Tonsillektomie.<\/li>\n<li>B\u00f6sartige Tumore der Mundh\u00f6hle, der Zunge und des Rachens.<\/li>\n<li>Anatomie des Halses, Halsregione. Gef\u00e4sse, Nerven und Lymphgef\u00e4sse des Halses.<\/li>\n<li>Entwicklungsanomalien am Hals. Entz\u00fcndungen der Weichteile am Hals.<\/li>\n<li>Differenzialdiagnose der Raumforderungen am Hals.<\/li>\n<li>Entz\u00fcndungen, degenerative und tumor\u00f6se Krankheiten der Schilddr\u00fcse.<\/li>\n<li>Entz\u00fcndungen der Speicheldr\u00fcsen. Sialadenopathien.<\/li>\n<li>Gut- und b\u00f6sartige Tumore der Speicheldr\u00fcsen.<\/li>\n<li>Anatomie und Funktion des Kehlkopfes.<\/li>\n<li>Untersuchung des Kehlkopfes. Symptomatik der Kehlkopfkrankheiten.<\/li>\n<li>Gr\u00fcnde, Symptomatik und Untersuchung der Stimmlippenparesen. Laterofixation.<\/li>\n<li>Tracheotomie, Koniotomie. Indikation und Ausf\u00fchrung der Intubation.<\/li>\n<li>Akute und kronische Entz\u00fcndungen des Kehlkopfes.<\/li>\n<li>Gr\u00fcnde, Symptomatik und Therapie der kronischen Laryngitiden,<\/li>\n<li>B\u00f6sartige Tumore des Kehlkopfes und des Hypopharynx.<\/li>\n<li>Betreuung der Patienten nach Kehlkopfoperationen. M\u00f6glichkeiten zur Sprachrehabilitation bei Patienten nach totaler Laryngektomie.<\/li>\n<li>Erkrankungen der Luftr\u00f6hre. Fremdk\u00f6rper in den Luftwegen. Untersuchung und Erkrankungen der Speiser\u00f6hre. Schluckst\u00f6rungen. Fremdk\u00f6rper in den Speisewegen.<\/li>\n<li>Die Rolle des HPV in den b\u00f6sartigen Krankheiten des Mundrachens.<\/li>\n<li>Halslymphknoten Dissektione.<\/li>\n<li>Partielle Kehlkopfoperationen.<\/li>\n<li>Komplexe Behandlungsm\u00f6glichkeiten der Kopf-Hals Tumore.<\/li>\n<\/ol>\n","protected":false},"excerpt":{"rendered":"<p><a href=\"https:\/\/semmelweis.hu\/fulorrgegeszet\/files\/2024\/09\/HNO-Themenkathalog.pdf\">HNO Themenkathalog<\/a> (I-II) (Allgemein Medizinstudium, Deutsch) I. Die Anatomie und physikalische Untersuchung der Ohrmuschel, des \u00e4usseren Geh\u00f6rgangs und des Trommelfells. Anatomie und Funktion des Mittelohres. Funktion und Untersuchung der Eustachischen R\u00f6hre. Schwellenaudiometrie, Tympanometrie. Aufz\u00e4hlung der subjektiven und objektiven H\u00f6rtests. Stimmgabel Tests. Objektive H\u00f6rtests. Tympanometrie, Hirnstammaudiometrie, otoakustische Emission. Die grunds\u00e4tzlichen Untersuchungsmethoden der Otoneurologie, Symptomatik der periph\u00e4ren und zentralen &hellip;<\/p>\n","protected":false},"author":101505,"featured_media":0,"parent":1866,"menu_order":1,"comment_status":"closed","ping_status":"closed","template":"","meta":{"_acf_changed":false,"footnotes":""},"categories":[],"tags":[],"class_list":["post-1878","page","type-page","status-publish","hentry"],"acf":[],"_links":{"self":[{"href":"https:\/\/semmelweis.hu\/fulorrgegeszet\/wp-json\/wp\/v2\/pages\/1878","targetHints":{"allow":["GET"]}}],"collection":[{"href":"https:\/\/semmelweis.hu\/fulorrgegeszet\/wp-json\/wp\/v2\/pages"}],"about":[{"href":"https:\/\/semmelweis.hu\/fulorrgegeszet\/wp-json\/wp\/v2\/types\/page"}],"author":[{"embeddable":true,"href":"https:\/\/semmelweis.hu\/fulorrgegeszet\/wp-json\/wp\/v2\/users\/101505"}],"replies":[{"embeddable":true,"href":"https:\/\/semmelweis.hu\/fulorrgegeszet\/wp-json\/wp\/v2\/comments?post=1878"}],"version-history":[{"count":5,"href":"https:\/\/semmelweis.hu\/fulorrgegeszet\/wp-json\/wp\/v2\/pages\/1878\/revisions"}],"predecessor-version":[{"id":2219,"href":"https:\/\/semmelweis.hu\/fulorrgegeszet\/wp-json\/wp\/v2\/pages\/1878\/revisions\/2219"}],"up":[{"embeddable":true,"href":"https:\/\/semmelweis.hu\/fulorrgegeszet\/wp-json\/wp\/v2\/pages\/1866"}],"wp:attachment":[{"href":"https:\/\/semmelweis.hu\/fulorrgegeszet\/wp-json\/wp\/v2\/media?parent=1878"}],"wp:term":[{"taxonomy":"category","embeddable":true,"href":"https:\/\/semmelweis.hu\/fulorrgegeszet\/wp-json\/wp\/v2\/categories?post=1878"},{"taxonomy":"post_tag","embeddable":true,"href":"https:\/\/semmelweis.hu\/fulorrgegeszet\/wp-json\/wp\/v2\/tags?post=1878"}],"curies":[{"name":"wp","href":"https:\/\/api.w.org\/{rel}","templated":true}]}}