{"id":130,"date":"2014-10-07T22:06:50","date_gmt":"2014-10-07T20:06:50","guid":{"rendered":"http:\/\/semmelweis.hu\/fulorrgegeszet\/?page_id=130"},"modified":"2024-04-18T11:36:07","modified_gmt":"2024-04-18T09:36:07","slug":"ph-d","status":"publish","type":"page","link":"https:\/\/semmelweis.hu\/fulorrgegeszet\/kutatas\/ph-d\/","title":{"rendered":"Ph.D."},"content":{"rendered":"<h3>Doktori program<\/h3>\n<p style=\"text-align: justify\">2014-ben ker\u00fclt akkredit\u00e1ci\u00f3ra a Semmelweis Egyetemen a F\u00fcl-Orr-G\u00e9g\u00e9szet, Fej-Nyakseb\u00e9szet, mint \u00f6n\u00e1ll\u00f3 doktori program a Klinikai orvostudom\u00e1nyok doktori iskola keretein bel\u00fcl.<\/p>\n<p style=\"text-align: justify\">A program c\u00e9lja a Magyarorsz\u00e1gon nagy hagyom\u00e1nnyal rendelkezo\u030b belso\u030bf\u00fcl-kutat\u00e1s (B\u00e9k\u00e9sy, B\u00e1r\u00e1ny) mellett az orr-, torok-, \u00e9s g\u00e9gebetegs\u00e9gek patofiziol\u00f3gi\u00e1j\u00e1nak, farmako-, illetve seb\u00e9szi ter\u00e1pi\u00e1j\u00e1nak kutat\u00e1sa, tov\u00e1bbfejleszt\u00e9se.\u00a0Kiemelt ter\u00fcletek a fej-nyaki onkol\u00f3gia mellett a fonokirurgia \u00e9s foni\u00e1tria, sz\u00e9d\u00fcl\u00e9ses k\u00f3rk\u00e9pek vizsg\u00e1lata, a sikets\u00e9g \u00e9s nagyothall\u00e1s okainak kutat\u00e1sa, gy\u00f3gy\u00edt\u00e1sa \u00e9s rehabilit\u00e1ci\u00f3ja, a k\u00f6z\u00e9p- \u00e9s belso\u030bf\u00fcl implant\u00e1ci\u00f3 fejleszt\u00e9se valamint a rhinol\u00f3giai kutat\u00e1sok. A program c\u00e9lkitu\u030bz\u00e9sei magukban foglalj\u00e1k alapkutat\u00e1sok klinikai alkalmaz\u00e1s\u00e1t, valamint klinikai vizsg\u00e1latok tervez\u00e9s\u00e9t is.<\/p>\n<div class=\"fontos_div\">\n<p style=\"text-align: justify\">Tov\u00e1bbi r\u00e9szletek, ill. a jelentkez\u00e9s menete a <a href=\"https:\/\/semmelweis.hu\/phd\/\" target=\"_blank\" rel=\"noopener\">Doktori Iskola<\/a>\u00a0honlapj\u00e1n tal\u00e1lhat\u00f3.<\/p>\n<\/div>\n<h4><strong>Az eddig meghirdetett t\u00e9m\u00e1k:<\/strong><\/h4>\n<p><strong>F\u00fcl-orr-g\u00e9g\u00e9szet, foni\u00e1tria (2\/19)<\/strong><br \/>\n<strong>Vezet\u0151: Prof. Dr. Tam\u00e1s L\u00e1szl\u00f3<\/strong><\/p>\n<table style=\"width: 95.0383%;height: 855px\" width=\"645\">\n<tbody>\n<tr>\n<td style=\"width: 37.3832%\" width=\"241\"><strong>Programvezet\u0151\/<\/strong><br \/>\n<strong>T\u00e9mavezet\u0151k<\/strong><\/td>\n<td style=\"width: 123.832%\" width=\"404\"><strong>Kutat\u00e1si t\u00e9ma c\u00edme<\/strong><\/td>\n<\/tr>\n<tr>\n<td style=\"width: 37.3832%;text-align: left\" width=\"241\">\u00a0<strong>Programvezet\u0151: Dr. Tam\u00e1s L\u00e1szl\u00f3<\/strong><\/td>\n<td style=\"width: 123.832%\" width=\"404\">\u00a0<\/td>\n<\/tr>\n<tr>\n<td style=\"width: 37.3832%\" width=\"241\">Dr. \u00c9l\u0151 G\u00e1bor<\/td>\n<td style=\"width: 123.832%\" width=\"404\">Perkut\u00e1n dilat\u00e1ci\u00f3s tracheoszt\u00f3mia (PDT) klinikai, cadaver \u00e9s metaanal\u00edzis vizsg\u00e1lata, a m\u00f3dszer eredm\u00e9nyess\u00e9g\u00e9nek \u00e9s biztons\u00e1goss\u00e1g\u00e1nak fejleszt\u00e9se \u00e9rdek\u00e9ben<\/td>\n<\/tr>\n<tr>\n<td style=\"width: 37.3832%\" width=\"241\">Dr. G\u00e1borj\u00e1n Anita<\/td>\n<td style=\"width: 123.832%\" width=\"404\">A hall\u00e1scs\u00f6kken\u00e9sek megel\u0151z\u00e9se, sz\u0171r\u00e9se, ter\u00e1pi\u00e1ja<\/td>\n<\/tr>\n<tr>\n<td style=\"width: 37.3832%\" width=\"241\">Prof. Dr. Hacki Tam\u00e1s<\/td>\n<td style=\"width: 123.832%\" width=\"404\">A p-anyag sz\u00e9rumszintj\u00e9nek v\u00e1ltoz\u00e1sa fitoterapeutikumok hat\u00e1s\u00e1ra, valamint ennek k\u00f6vetkezm\u00e9nye a nyel\u00e9si reflex lefoly\u00e1s\u00e1ra<\/td>\n<\/tr>\n<tr>\n<td style=\"width: 37.3832%\" width=\"241\">Prof. Dr. Hirschberg Andor<\/td>\n<td style=\"width: 123.832%\" width=\"404\">A kr\u00f3nikus rhinitis \u00e9s rhinosinusitis etiopatogenezis\u00e9nek, valamint az ebben szenved\u0151 betegek \u00e9letmin\u0151s\u00e9g\u00e9t jav\u00edt\u00f3 t\u00e9nyez\u0151k vizsg\u00e1lata<\/td>\n<\/tr>\n<tr>\n<td style=\"width: 37.3832%\">Dr. Kraxner Helga\u00a0<\/td>\n<td style=\"width: 123.832%\" width=\"404\">F\u00fcl-orr-g\u00e9g\u00e9szeti vonatkoz\u00e1s\u00fa allergol\u00f3giai \u00e9s immunol\u00f3giai k\u00f3rk\u00e9pek. Szagl\u00e1s- \u00e9s \u00edz\u00e9rz\u00e9s vizsg\u00e1latok, poszt-COVID ell\u00e1t\u00e1s<\/td>\n<\/tr>\n<tr>\n<td style=\"width: 37.3832%\">Dr. Moln\u00e1r Vikt\u00f3ria<\/td>\n<td style=\"width: 123.832%\" width=\"404\">Az obstrukt\u00edv alv\u00e1si apnoea multidiszciplin\u00e1ris megk\u00f6zel\u00edt\u00e9se, patofiziol\u00f3gi\u00e1j\u00e1nak , valamint diagnosztikai \u00e9s ter\u00e1pi\u00e1s lehet\u0151s\u00e9geinek vizsg\u00e1lata<\/td>\n<\/tr>\n<tr>\n<td style=\"width: 37.3832%\" width=\"241\">Prof. Dr. Szirmai \u00c1gnes<\/td>\n<td style=\"width: 123.832%\" width=\"404\">Egyens\u00falyzavarok okai, vizsg\u00e1lata \u00e9s a rehabilit\u00e1ci\u00f3s lehet\u0151s\u00e9gei<\/td>\n<\/tr>\n<tr>\n<td style=\"width: 37.3832%\" width=\"241\">Dr. Polony G\u00e1bor\u00a0<\/td>\n<td style=\"width: 123.832%\" width=\"404\">A szenzorineur\u00e1lis \u00e9s vezet\u00e9ses hall\u00e1scs\u00f6kken\u00e9sek h\u00e1tter\u00e9nek vizsg\u00e1lata \u00e9s ter\u00e1pi\u00e1ja<\/td>\n<\/tr>\n<tr>\n<td style=\"width: 37.3832%\" width=\"241\">Dr. Polony G\u00e1bor\u00a0<\/td>\n<td style=\"width: 123.832%\" width=\"404\">A fej-nyaki r\u00e9gi\u00f3 gyullad\u00e1sos \u00e9s daganatos betegs\u00e9geinek h\u00e1tter\u00e9ben el\u0151fordul\u00f3 k\u00f3roki t\u00e9nyez\u0151k vizsg\u00e1lata \u00e9s ezen betegs\u00e9gek diagnosztikai lehet\u0151s\u00e9gei<\/td>\n<\/tr>\n<tr>\n<td style=\"width: 37.3832%\" width=\"241\">Prof. Dr. Tam\u00e1s L\u00e1szl\u00f3<\/td>\n<td style=\"width: 123.832%\" width=\"404\">A sz\u00e1j, a garat a g\u00e9ge, orr- \u00e9s mell\u00e9k\u00fcregei betegs\u00e9geinek vizsg\u00e1lata \u00e9s kezel\u00e9si lehet\u0151s\u00e9geinek kutat\u00e1sa<\/td>\n<\/tr>\n<tr>\n<td style=\"width: 37.3832%\">Prof. Dr. Tam\u00e1s L\u00e1szl\u00f3<\/td>\n<td style=\"width: 123.832%\" width=\"404\">A fej-nyaki daganatok progresszi\u00f3s \u00e9s prognosztikai faktorainak vizsg\u00e1lata<\/td>\n<\/tr>\n<tr>\n<td style=\"width: 37.3832%\" width=\"241\">Dr. D\u00e1nos Korn\u00e9l<\/td>\n<td style=\"width: 123.832%\" width=\"404\">A hum\u00e1n papillomav\u00edrusok okozta fej-nyaki megbeteged\u00e9sek patogenezis\u00e9nek \u00e9s klinikai jelent\u0151s\u00e9g\u00e9nek vizsg\u00e1lata\u00a0<\/td>\n<\/tr>\n<\/tbody>\n<\/table>\n<p>&nbsp;<\/p>\n<p>&nbsp;<\/p>\n<p>&nbsp;<\/p>\n<p>&nbsp;<\/p>\n<p>&nbsp;<\/p>\n<p>&nbsp;<\/p>\n<p>&nbsp;<\/p>\n<p>&nbsp;<\/p>\n","protected":false},"excerpt":{"rendered":"<p>Doktori program 2014-ben ker\u00fclt akkredit\u00e1ci\u00f3ra a Semmelweis Egyetemen a F\u00fcl-Orr-G\u00e9g\u00e9szet, Fej-Nyakseb\u00e9szet, mint \u00f6n\u00e1ll\u00f3 doktori program a Klinikai orvostudom\u00e1nyok doktori iskola keretein bel\u00fcl. A program c\u00e9lja a Magyarorsz\u00e1gon nagy hagyom\u00e1nnyal rendelkezo\u030b belso\u030bf\u00fcl-kutat\u00e1s (B\u00e9k\u00e9sy, B\u00e1r\u00e1ny) mellett az orr-, torok-, \u00e9s g\u00e9gebetegs\u00e9gek patofiziol\u00f3gi\u00e1j\u00e1nak, farmako-, illetve seb\u00e9szi ter\u00e1pi\u00e1j\u00e1nak kutat\u00e1sa, tov\u00e1bbfejleszt\u00e9se.\u00a0Kiemelt ter\u00fcletek a fej-nyaki onkol\u00f3gia mellett a fonokirurgia \u00e9s foni\u00e1tria, &hellip;<\/p>\n","protected":false},"author":302,"featured_media":0,"parent":128,"menu_order":2,"comment_status":"open","ping_status":"closed","template":"","meta":{"_acf_changed":false,"footnotes":""},"categories":[],"tags":[],"class_list":["post-130","page","type-page","status-publish","hentry"],"acf":[],"_links":{"self":[{"href":"https:\/\/semmelweis.hu\/fulorrgegeszet\/wp-json\/wp\/v2\/pages\/130","targetHints":{"allow":["GET"]}}],"collection":[{"href":"https:\/\/semmelweis.hu\/fulorrgegeszet\/wp-json\/wp\/v2\/pages"}],"about":[{"href":"https:\/\/semmelweis.hu\/fulorrgegeszet\/wp-json\/wp\/v2\/types\/page"}],"author":[{"embeddable":true,"href":"https:\/\/semmelweis.hu\/fulorrgegeszet\/wp-json\/wp\/v2\/users\/302"}],"replies":[{"embeddable":true,"href":"https:\/\/semmelweis.hu\/fulorrgegeszet\/wp-json\/wp\/v2\/comments?post=130"}],"version-history":[{"count":11,"href":"https:\/\/semmelweis.hu\/fulorrgegeszet\/wp-json\/wp\/v2\/pages\/130\/revisions"}],"predecessor-version":[{"id":2176,"href":"https:\/\/semmelweis.hu\/fulorrgegeszet\/wp-json\/wp\/v2\/pages\/130\/revisions\/2176"}],"up":[{"embeddable":true,"href":"https:\/\/semmelweis.hu\/fulorrgegeszet\/wp-json\/wp\/v2\/pages\/128"}],"wp:attachment":[{"href":"https:\/\/semmelweis.hu\/fulorrgegeszet\/wp-json\/wp\/v2\/media?parent=130"}],"wp:term":[{"taxonomy":"category","embeddable":true,"href":"https:\/\/semmelweis.hu\/fulorrgegeszet\/wp-json\/wp\/v2\/categories?post=130"},{"taxonomy":"post_tag","embeddable":true,"href":"https:\/\/semmelweis.hu\/fulorrgegeszet\/wp-json\/wp\/v2\/tags?post=130"}],"curies":[{"name":"wp","href":"https:\/\/api.w.org\/{rel}","templated":true}]}}