{"id":987,"date":"2014-02-06T14:30:06","date_gmt":"2014-02-06T13:30:06","guid":{"rendered":"http:\/\/semmelweis.hu\/fszoi\/?page_id=987"},"modified":"2026-02-02T11:28:35","modified_gmt":"2026-02-02T10:28:35","slug":"gerostomatologiai-helyreallito-protetikai-osztaly","status":"publish","type":"page","link":"https:\/\/semmelweis.hu\/fszoi\/jarobetegszakrendelesek-ambulanciak\/gerostomatologiai-helyreallito-protetikai-osztaly\/","title":{"rendered":"Gerosztomatol\u00f3giai \u00e9s Maxillo-facialis Protetikai oszt\u00e1ly"},"content":{"rendered":"<div class=\"w-100 keretes\"><strong>A szakrendel\u00e9s neve:<\/strong> <span style=\"color: #ff0000\"><strong>Gerosztomatol\u00f3giai \u00e9s Maxillo-facialis Protetikai oszt\u00e1ly<\/strong><\/span><\/div>\n<p><strong>Helysz\u00edn:<br \/>\n<em>1088 Budapest, Szentkir\u00e1lyi utca 47.<\/em><br \/>\n<\/strong>VII. emelet 710. kezel\u0151<strong><br \/>\n<\/strong><\/p>\n<p><strong>Rendel\u00e9si id\u0151:<br \/>\n<\/strong>H\u00e9tf\u0151: 9.00-11.00 \u00f3r\u00e1ig<br \/>\nSzerda: 9.00-11.00 \u00f3r\u00e1ig<strong><br \/>\n<\/strong><\/p>\n<p><strong>A rendel\u0151 orvosok neve:<\/strong><\/p>\n<p>Dr. Kivovics P\u00e9ter, c. egyetemi tan\u00e1r, f\u0151orvos<\/p>\n<p><strong>Beutal\u00f3, el\u0151jegyz\u00e9si id\u0151pont sz\u00fcks\u00e9ges-e:<\/strong><br \/>\nBeutal\u00f3 nem sz\u00fcks\u00e9ges, el\u0151jegyz\u00e9si id\u0151pont igen<strong><br \/>\n<\/strong>El\u0151jegyz\u00e9s: 06 1\/317-6600; 59084-es mell\u00e9k<strong><br \/>\n<\/strong><\/p>\n<p><strong>Telefonsz\u00e1m:<\/strong> 06 1\/317-6600; <strong>59084<\/strong><em> mell\u00e9k<br \/>\n<\/em><\/p>\n<p><strong>Kapcsolattart\u00e1s a szakrendel\u0151vel<\/strong>: kivovics.peter@semmelweis.hu<\/p>\n","protected":false},"excerpt":{"rendered":"<p>A szakrendel\u00e9s neve: Gerosztomatol\u00f3giai \u00e9s Maxillo-facialis Protetikai oszt\u00e1ly Helysz\u00edn: 1088 Budapest, Szentkir\u00e1lyi utca 47. VII. emelet 710. kezel\u0151 Rendel\u00e9si id\u0151: H\u00e9tf\u0151: 9.00-11.00 \u00f3r\u00e1ig Szerda: 9.00-11.00 \u00f3r\u00e1ig A rendel\u0151 orvosok neve: Dr. Kivovics P\u00e9ter, c. egyetemi tan\u00e1r, f\u0151orvos Beutal\u00f3, el\u0151jegyz\u00e9si id\u0151pont sz\u00fcks\u00e9ges-e: Beutal\u00f3 nem sz\u00fcks\u00e9ges, el\u0151jegyz\u00e9si id\u0151pont igen El\u0151jegyz\u00e9s: 06 1\/317-6600; 59084-es mell\u00e9k Telefonsz\u00e1m: 06 1\/317-6600; &hellip;<\/p>\n","protected":false},"author":188,"featured_media":0,"parent":958,"menu_order":1,"comment_status":"closed","ping_status":"closed","template":"","meta":{"_acf_changed":false,"footnotes":""},"categories":[],"tags":[],"class_list":["post-987","page","type-page","status-publish","hentry"],"acf":[],"_links":{"self":[{"href":"https:\/\/semmelweis.hu\/fszoi\/wp-json\/wp\/v2\/pages\/987","targetHints":{"allow":["GET"]}}],"collection":[{"href":"https:\/\/semmelweis.hu\/fszoi\/wp-json\/wp\/v2\/pages"}],"about":[{"href":"https:\/\/semmelweis.hu\/fszoi\/wp-json\/wp\/v2\/types\/page"}],"author":[{"embeddable":true,"href":"https:\/\/semmelweis.hu\/fszoi\/wp-json\/wp\/v2\/users\/188"}],"replies":[{"embeddable":true,"href":"https:\/\/semmelweis.hu\/fszoi\/wp-json\/wp\/v2\/comments?post=987"}],"version-history":[{"count":11,"href":"https:\/\/semmelweis.hu\/fszoi\/wp-json\/wp\/v2\/pages\/987\/revisions"}],"predecessor-version":[{"id":5591,"href":"https:\/\/semmelweis.hu\/fszoi\/wp-json\/wp\/v2\/pages\/987\/revisions\/5591"}],"up":[{"embeddable":true,"href":"https:\/\/semmelweis.hu\/fszoi\/wp-json\/wp\/v2\/pages\/958"}],"wp:attachment":[{"href":"https:\/\/semmelweis.hu\/fszoi\/wp-json\/wp\/v2\/media?parent=987"}],"wp:term":[{"taxonomy":"category","embeddable":true,"href":"https:\/\/semmelweis.hu\/fszoi\/wp-json\/wp\/v2\/categories?post=987"},{"taxonomy":"post_tag","embeddable":true,"href":"https:\/\/semmelweis.hu\/fszoi\/wp-json\/wp\/v2\/tags?post=987"}],"curies":[{"name":"wp","href":"https:\/\/api.w.org\/{rel}","templated":true}]}}