{"id":979,"date":"2014-02-06T14:22:47","date_gmt":"2014-02-06T13:22:47","guid":{"rendered":"http:\/\/semmelweis.hu\/fszoi\/?page_id=979"},"modified":"2026-02-09T14:19:05","modified_gmt":"2026-02-09T13:19:05","slug":"oralis-medicina","status":"publish","type":"page","link":"https:\/\/semmelweis.hu\/fszoi\/jarobetegszakrendelesek-ambulanciak\/oralis-medicina\/","title":{"rendered":"Or\u00e1lis Medicina oszt\u00e1ly"},"content":{"rendered":"<div class=\"w-100 keretes\"><span style=\"font-size: 18pt\"><strong>A szakrendel\u00e9s neve:<\/strong> <span style=\"color: #ff0000\"><strong>OR\u00c1LIS MEDICINA OSZT\u00c1LY<\/strong><\/span><\/span><\/div>\n<p><strong>Helysz\u00edn: <\/strong><em>1088 Budapest, Szentkir\u00e1lyi utca 47.\u00a0 \u00a0 \u00a0 <\/em><strong>VII. emelet 710. kezel\u0151<br \/>\n<\/strong><\/p>\n<div class=\"keretes w-100\">\n<h4><strong>Rendel\u00e9si id\u0151:<\/strong><\/h4>\n<p>Kedd: 8.00-14.00 \u00f3r\u00e1ig<br \/>\nCs\u00fct\u00f6rt\u00f6k: 8.00-14.00 \u00f3r\u00e1ig<\/p>\n<\/div>\n<h4><strong>A rendel\u0151 orvos neve:<\/strong><\/h4>\n<p>Dr. Uhrin Eszter, szakorvos<\/p>\n<p><strong>Beutal\u00f3, el\u0151jegyz\u00e9si id\u0151pont sz\u00fcks\u00e9ges-e:<br \/>\n<\/strong>Beutal\u00f3 nem sz\u00fcks\u00e9ges, el\u0151jegyz\u00e9si id\u0151pont <strong>IGEN<br \/>\n<\/strong><\/p>\n<p>Telefonsz\u00e1m: +36 1 317-6600; <strong>59084<\/strong><em> mell\u00e9k<br \/>\n<\/em><\/p>\n<p><strong>Kapcsolattart\u00e1s a szakrendel\u0151vel<\/strong>: uhrin.eszter@semmelweis.hu<\/p>\n<h1>Online id\u0151pontfoglal\u00e1s:<\/h1>\n\n<!-- iframe plugin v.4.9 wordpress.org\/plugins\/iframe\/ -->\n<iframe loading=\"lazy\" id=\"iframe\" src=\"https:\/\/elojegyzes.meditime.hu\/38\" frameborder=\"0\" scrolling=\"no\" width=\"100%\" height=\"500\" class=\"iframe-class\"><\/iframe>\n\n","protected":false},"excerpt":{"rendered":"<p>A szakrendel\u00e9s neve: OR\u00c1LIS MEDICINA OSZT\u00c1LY Helysz\u00edn: 1088 Budapest, Szentkir\u00e1lyi utca 47.\u00a0 \u00a0 \u00a0 VII. emelet 710. kezel\u0151 Rendel\u00e9si id\u0151: Kedd: 8.00-14.00 \u00f3r\u00e1ig Cs\u00fct\u00f6rt\u00f6k: 8.00-14.00 \u00f3r\u00e1ig A rendel\u0151 orvos neve: Dr. Uhrin Eszter, szakorvos Beutal\u00f3, el\u0151jegyz\u00e9si id\u0151pont sz\u00fcks\u00e9ges-e: Beutal\u00f3 nem sz\u00fcks\u00e9ges, el\u0151jegyz\u00e9si id\u0151pont IGEN Telefonsz\u00e1m: +36 1 317-6600; 59084 mell\u00e9k Kapcsolattart\u00e1s a szakrendel\u0151vel: uhrin.eszter@semmelweis.hu Online &hellip;<\/p>\n","protected":false},"author":188,"featured_media":0,"parent":958,"menu_order":1,"comment_status":"closed","ping_status":"closed","template":"","meta":{"_acf_changed":false,"footnotes":""},"categories":[],"tags":[],"class_list":["post-979","page","type-page","status-publish","hentry"],"acf":[],"_links":{"self":[{"href":"https:\/\/semmelweis.hu\/fszoi\/wp-json\/wp\/v2\/pages\/979","targetHints":{"allow":["GET"]}}],"collection":[{"href":"https:\/\/semmelweis.hu\/fszoi\/wp-json\/wp\/v2\/pages"}],"about":[{"href":"https:\/\/semmelweis.hu\/fszoi\/wp-json\/wp\/v2\/types\/page"}],"author":[{"embeddable":true,"href":"https:\/\/semmelweis.hu\/fszoi\/wp-json\/wp\/v2\/users\/188"}],"replies":[{"embeddable":true,"href":"https:\/\/semmelweis.hu\/fszoi\/wp-json\/wp\/v2\/comments?post=979"}],"version-history":[{"count":12,"href":"https:\/\/semmelweis.hu\/fszoi\/wp-json\/wp\/v2\/pages\/979\/revisions"}],"predecessor-version":[{"id":5634,"href":"https:\/\/semmelweis.hu\/fszoi\/wp-json\/wp\/v2\/pages\/979\/revisions\/5634"}],"up":[{"embeddable":true,"href":"https:\/\/semmelweis.hu\/fszoi\/wp-json\/wp\/v2\/pages\/958"}],"wp:attachment":[{"href":"https:\/\/semmelweis.hu\/fszoi\/wp-json\/wp\/v2\/media?parent=979"}],"wp:term":[{"taxonomy":"category","embeddable":true,"href":"https:\/\/semmelweis.hu\/fszoi\/wp-json\/wp\/v2\/categories?post=979"},{"taxonomy":"post_tag","embeddable":true,"href":"https:\/\/semmelweis.hu\/fszoi\/wp-json\/wp\/v2\/tags?post=979"}],"curies":[{"name":"wp","href":"https:\/\/api.w.org\/{rel}","templated":true}]}}