{"id":934,"date":"2014-02-06T12:11:58","date_gmt":"2014-02-06T11:11:58","guid":{"rendered":"http:\/\/semmelweis.hu\/fszoi\/?page_id=934"},"modified":"2017-06-26T15:16:19","modified_gmt":"2017-06-26T13:16:19","slug":"dr-tokai-eva-szakmai-oneletrajz","status":"publish","type":"page","link":"https:\/\/semmelweis.hu\/fszoi\/munkatarsak\/dr-tokai-eva-szakmai-oneletrajz\/","title":{"rendered":"dr. Tokai \u00c9va &#8211; szakmai \u00f6n\u00e9letrajz"},"content":{"rendered":"<p><!--[if gte mso 9]&gt;--><\/p>\n<p class=\"MsoNormal\"><a href=\"https:\/\/semmelweis.hu\/fszoi\/files\/2014\/02\/image0013-e1391685310795.jpg\"><img loading=\"lazy\" decoding=\"async\" class=\"alignright  wp-image-932\" alt=\"dr. Tokai \u00c9va\" src=\"https:\/\/semmelweis.hu\/fszoi\/files\/2014\/02\/image0013-e1391685310795.jpg\" width=\"144\" height=\"218\" \/><\/a><b><\/b><\/p>\n<p class=\"MsoNormal\"><b>Szem\u00e9lyi adatok<\/b><\/p>\n<p class=\"MsoNormal\"><em><strong>N\u00e9v:<\/strong><\/em> dr. Tokai \u00c9va<br \/>\n<em><strong>Sz\u00fclet\u00e9si hely \u00e9s id\u0151:<\/strong><\/em> Kisv\u00e1rda, 1985. november 10.<\/p>\n<p>&nbsp;<\/p>\n<p>&nbsp;<\/p>\n<p><strong>Tanulm\u00e1nyok<\/strong><\/p>\n<p class=\"MsoNormal\"><strong>2004\u20132011<\/strong><span>\u00a0\u00a0\u00a0 <\/span>Semmelweis Egyetem, Fogorvostudom\u00e1nyi Kar, Budapest<br \/>\n<strong>2000\u20132004<\/strong><span>\u00a0\u00a0\u00a0 <\/span>Debreceni Reform\u00e1tus Koll\u00e9gium Gimn\u00e1ziuma, Debrecen<br \/>\n<strong>1992\u20132000<\/strong><span>\u00a0\u00a0\u00a0 <\/span>Kod\u00e1ly Zolt\u00e1n \u00c1ltal\u00e1nos Iskola, Kisv\u00e1rda<\/p>\n<p class=\"MsoNormal\"><b>\u00a0<\/b><\/p>\n<p class=\"MsoNormal\"><b>Tudom\u00e1nyos tev\u00e9kenys\u00e9g<\/b><\/p>\n<p class=\"MsoNormal\"><strong>2007\u20132009<\/strong><span><strong>\u00a0<\/strong>\u00a0\u00a0\u00a0\u00a0\u00a0\u00a0\u00a0\u00a0 <\/span><em><strong>TDK munka<\/strong><\/em><br \/>\nPengeimplant\u00e1tumok ut\u00f3vizsg\u00e1lata klinikai beteganyagon<br \/>\nT\u00e9mavezet\u0151: Prof. Divinyi Tam\u00e1s, Arc- \u00c1llcsont- Sz\u00e1jseb\u00e9szeti \u00e9s Fog\u00e1szati Klinika<\/p>\n<p class=\"MsoNormal\"><strong>2008\u20132009<\/strong><span>\u00a0\u00a0\u00a0\u00a0\u00a0\u00a0\u00a0\u00a0\u00a0 <\/span><strong><em>Rektori p\u00e1ly\u00e1zat<\/em><\/strong><br \/>\nPraecancerosus laesiok \u00e9s \u00e1llapotok<br \/>\nKonzulens: Prof. Orosz Mih\u00e1ly, Arc- \u00c1llcsont- Sz\u00e1jseb\u00e9szeti \u00e9s Fog\u00e1szati Klinika<\/p>\n<p class=\"MsoNormal\"><strong>2010\u20132011<\/strong><span>\u00a0\u00a0\u00a0\u00a0\u00a0\u00a0\u00a0\u00a0\u00a0 <\/span><strong><em>Szakdolgozat<\/em><\/strong><br \/>\nExog\u00e9n \u00e9s endog\u00e9n t\u00e9nyez\u0151k szerepe a sz\u00e1j\u00fcregi praecancerosus laesiok kialakul\u00e1s\u00e1ban<br \/>\nKonzulens: Prof. Orosz Mih\u00e1ly, Arc- \u00c1llcsont- Sz\u00e1jseb\u00e9szeti \u00e9s Fog\u00e1szati Klinika<br \/>\nMin\u0151s\u00edt\u00e9s: jeles<\/p>\n<p class=\"MsoNormal\"><b><br \/>\nSzakmai tapasztalat<\/b><\/p>\n<p class=\"MsoNormal\"><strong>2011<\/strong>\u2013<span>\u00a0\u00a0\u00a0 <\/span>Semmelweis Egyetem Fog\u00e1szati \u00e9s Sz\u00e1jseb\u00e9szeti Oktat\u00f3 Int\u00e9zet Fogszab\u00e1lyoz\u00e1si<br \/>\nOszt\u00e1ly, <span>\u00a0<\/span>Rezidens;<span><br \/>\n<\/span>\u00a0\u00a0\u00a0\u00a0\u00a0\u00a0\u00a0\u00a0\u00a0\u00a0\u00a0\u00a0\u00a0\u00a0\u00a0 R\u00e9szmunkaid\u0151s alkalmazott mag\u00e1nrendel\u00e9sen<br \/>\n<strong>2009<\/strong><span>\u00a0\u00a0\u00a0\u00a0\u00a0 <\/span>Konzerv\u00e1l\u00f3 fog\u00e1szat \u00e9s fogp\u00f3tl\u00e1stan gyakorlat, K\u00f6zponti Stomatol\u00f3giai Int\u00e9zet<br \/>\n<strong>2008<\/strong><span>\u00a0\u00a0\u00a0\u00a0\u00a0 <\/span>Extrakci\u00f3s gyakorlat, K\u00f6zponti Stomatol\u00f3giai Int\u00e9zet<br \/>\n<strong>2008\u20132009<\/strong><span><strong>\u00a0\u00a0<\/strong>\u00a0 <\/span>Hallgat\u00f3k\u00e9nt gyakornok egy fogorvosi praxisban<\/p>\n<p class=\"MsoNormal\"><b><br \/>\nSzervezeti tags\u00e1gok<\/b><\/p>\n<p class=\"MsoNormal\"><strong>2011\u20132014<\/strong><span><strong>\u00a0<\/strong>\u00a0\u00a0\u00a0\u00a0\u00a0\u00a0\u00a0\u00a0 <\/span>Magyar Orvosi Kamara tagja<br \/>\n<strong>2012\u20132014<\/strong><span>\u00a0\u00a0\u00a0\u00a0\u00a0\u00a0\u00a0\u00a0\u00a0 <\/span>Magyar Orthodontus T\u00e1rsas\u00e1g tagja<br \/>\n<strong>2013\u20132014<\/strong><span><strong>\u00a0\u00a0<\/strong>\u00a0\u00a0\u00a0\u00a0\u00a0\u00a0\u00a0 <\/span>European Orthodontic Society tagja<\/p>\n<p class=\"MsoNormal\"><b>\u00a0<\/b><\/p>\n<p class=\"MsoNormal\"><b>Szakmai tov\u00e1bbk\u00e9pz\u00e9sek<\/b><\/p>\n<p class=\"MsoNormal\"><strong>2013.12.06\u201307<\/strong><span><strong>\u00a0<\/strong>\u00a0 <\/span>9th International Vienna Orthodontic Symphosium, B\u00e9cs<br \/>\n<strong>2013.11.29\u201330<\/strong><span>\u00a0\u00a0 <\/span>Dr. Guido Sampermans: A II. \u00e9s III. oszt\u00e1ly\u00fa esetek diagn\u00f3zisa \u00e9s<br \/>\nkezel\u00e9si lehet\u0151s\u00e9gei<br \/>\n<strong>2013.11.08\u201309<\/strong><span>\u00a0\u00a0 <\/span>Dr.Christoph Peter Bourauel: Biomechanika fogszab\u00e1lyoz\u00e1sban,<br \/>\nBudapest<br \/>\n<strong>2013.09.13\u201314<\/strong><span>\u00a0\u00a0 <\/span>Dr.Horv\u00e1th J\u00e1nos: Hagyom\u00e1nyos elj\u00e1r\u00e1sok \u00e9s \u00faj fejleszt\u00e9sek a fix<br \/>\nk\u00e9sz\u00fcl\u00e9kes fogszab\u00e1lyoz\u00e1sban<br \/>\n<strong>2013.06.26\u201329\u00a0\u00a0 <\/strong>89th Congress of the European Orthodontic Society, Reykjavik, Izland<br \/>\n<strong>2013.05.31\u201306.01<\/strong><span>\u00a0 <\/span>Dr. Horv\u00e1th J\u00e1nos: A modern k\u00e9tf\u00e1zisos orthodoncia elm\u00e9lete \u00e9s<br \/>\ngyakorlata<br \/>\n<strong>2013.02.15\u201316<\/strong><span>\u00a0\u00a0 <\/span>Dr. Raffele Spena: Orthodoncia a parodontol\u00f3gia szolg\u00e1lat\u00e1ban \u00e9s<br \/>\nparodontol\u00f3gi\u00e1val seg\u00edtett orthodoncia<br \/>\n<strong>2013.01.26<\/strong><span><strong>\u00a0\u00a0<\/strong>\u00a0\u00a0\u00a0\u00a0\u00a0\u00a0\u00a0 <\/span>Dr.Cesare Luzi: Minicsavarok szerepe a modern orthodonci\u00e1ban,<br \/>\nBudapest<\/p>\n<p class=\"MsoNormal\"><b>\u00a0<\/b><\/p>\n<p class=\"MsoNormal\"><b>Nyelvismeret<\/b><\/p>\n<p class=\"MsoNormal\"><strong>Angol<\/strong><span><strong>\u00a0<\/strong>\u00a0\u00a0 <\/span>k\u00f6z\u00e9pfok\u00fa &#8222;C&#8221; t\u00edpus\u00fa nyelvvizsga<br \/>\n<strong>N\u00e9met<\/strong>nyelvb\u0151l egyetemi z\u00e1r\u00f3vizsga<\/p>\n<p class=\"MsoNormal\"><b>\u00a0<\/b><\/p>\n<p class=\"MsoNormal\"><b>T\u00e1rsas k\u00e9szs\u00e9gek \u00e9s kompetenci\u00e1k<\/b><\/p>\n<p class=\"MsoNormal\"><strong><em>2009\u20132010 Au-pair , InterExchange, New York City<\/em><\/strong><\/p>\n<p class=\"MsoNormal\">Az \u00f6t\u00f6d\u00e9v megkezd\u00e9se el\u0151tt az Egyes\u00fclt \u00c1llamokba utaztam, hogy angol nyelvtud\u00e1somat a mindennapi \u00e9letben haszn\u00e1lva csiszoljam. Az ott elt\u00f6lt\u00f6tt id\u0151 alatt tanultam meg k\u00fcl\u00f6nf\u00e9le helyzeteket \u00e9s embert\u00edpusokat kezelni. Au-pairk\u00e9nt gyerekekkel t\u00f6lt\u00f6ttem az id\u0151m nagy r\u00e9sz\u00e9t. Megismertem vil\u00e1gukat, gondolkod\u00e1sm\u00f3djukat. Bizalmukat k\u00f6nnyen siker\u00fcl elnyernem.<br \/>\nA sok tapasztalatszerz\u00e9s mellett \u00fagy \u00e9rzem emocion\u00e1lis k\u00e9szs\u00e9gem \u00e9s stressz-t\u0171r\u0151 k\u00e9pess\u00e9gem fejl\u0151d\u00f6tt.<br \/>\nA kint gy\u0171jt\u00f6tt \u00e9lm\u00e9nyek seg\u00edtettek abban a d\u00f6nt\u00e9sben, hogy els\u0151sorban gyermekekkel \u00e9s fiatal feln\u0151ttekkel dolgozzam, ez\u00e9rt v\u00e1lasztottam a fogszab\u00e1lyoz\u00e1s szakir\u00e1nyt.<\/p>\n","protected":false},"excerpt":{"rendered":"<p><a href=\"https:\/\/semmelweis.hu\/fszoi\/files\/2014\/02\/image0013-e1391685310795.jpg\"><\/a> Szem\u00e9lyi adatok N\u00e9v: dr. Tokai \u00c9va Sz\u00fclet\u00e9si hely \u00e9s id\u0151: Kisv\u00e1rda, 1985. november 10. &nbsp; &nbsp; Tanulm\u00e1nyok 2004\u20132011\u00a0\u00a0\u00a0 Semmelweis Egyetem, Fogorvostudom\u00e1nyi Kar, Budapest 2000\u20132004\u00a0\u00a0\u00a0 Debreceni Reform\u00e1tus Koll\u00e9gium Gimn\u00e1ziuma, Debrecen 1992\u20132000\u00a0\u00a0\u00a0 Kod\u00e1ly Zolt\u00e1n \u00c1ltal\u00e1nos Iskola, Kisv\u00e1rda \u00a0 Tudom\u00e1nyos tev\u00e9kenys\u00e9g 2007\u20132009\u00a0\u00a0\u00a0\u00a0\u00a0\u00a0\u00a0\u00a0\u00a0 TDK munka Pengeimplant\u00e1tumok ut\u00f3vizsg\u00e1lata klinikai beteganyagon T\u00e9mavezet\u0151: Prof. Divinyi Tam\u00e1s, Arc- \u00c1llcsont- Sz\u00e1jseb\u00e9szeti \u00e9s Fog\u00e1szati Klinika &hellip;<\/p>\n","protected":false},"author":188,"featured_media":0,"parent":78,"menu_order":0,"comment_status":"closed","ping_status":"closed","template":"","meta":{"_acf_changed":false,"footnotes":""},"categories":[],"tags":[],"class_list":["post-934","page","type-page","status-publish","hentry"],"acf":[],"_links":{"self":[{"href":"https:\/\/semmelweis.hu\/fszoi\/wp-json\/wp\/v2\/pages\/934","targetHints":{"allow":["GET"]}}],"collection":[{"href":"https:\/\/semmelweis.hu\/fszoi\/wp-json\/wp\/v2\/pages"}],"about":[{"href":"https:\/\/semmelweis.hu\/fszoi\/wp-json\/wp\/v2\/types\/page"}],"author":[{"embeddable":true,"href":"https:\/\/semmelweis.hu\/fszoi\/wp-json\/wp\/v2\/users\/188"}],"replies":[{"embeddable":true,"href":"https:\/\/semmelweis.hu\/fszoi\/wp-json\/wp\/v2\/comments?post=934"}],"version-history":[{"count":11,"href":"https:\/\/semmelweis.hu\/fszoi\/wp-json\/wp\/v2\/pages\/934\/revisions"}],"predecessor-version":[{"id":947,"href":"https:\/\/semmelweis.hu\/fszoi\/wp-json\/wp\/v2\/pages\/934\/revisions\/947"}],"up":[{"embeddable":true,"href":"https:\/\/semmelweis.hu\/fszoi\/wp-json\/wp\/v2\/pages\/78"}],"wp:attachment":[{"href":"https:\/\/semmelweis.hu\/fszoi\/wp-json\/wp\/v2\/media?parent=934"}],"wp:term":[{"taxonomy":"category","embeddable":true,"href":"https:\/\/semmelweis.hu\/fszoi\/wp-json\/wp\/v2\/categories?post=934"},{"taxonomy":"post_tag","embeddable":true,"href":"https:\/\/semmelweis.hu\/fszoi\/wp-json\/wp\/v2\/tags?post=934"}],"curies":[{"name":"wp","href":"https:\/\/api.w.org\/{rel}","templated":true}]}}