{"id":5331,"date":"2025-02-24T22:16:05","date_gmt":"2025-02-24T21:16:05","guid":{"rendered":"https:\/\/semmelweis.hu\/fszoi\/?page_id=5331"},"modified":"2026-02-09T14:38:38","modified_gmt":"2026-02-09T13:38:38","slug":"koltozes","status":"publish","type":"page","link":"https:\/\/semmelweis.hu\/fszoi\/koltozes\/","title":{"rendered":"K\u00f6lt\u00f6z\u00e9s"},"content":{"rendered":"<div class=\"w-100 keretes\">2025. m\u00e1rcius 1-t\u0151l a Fog\u00e1szati \u00e9s Sz\u00e1jseb\u00e9szeti Oktat\u00f3 Int\u00e9zet betegell\u00e1t\u00e1sa az Int\u00e9zet fel\u00faj\u00edt\u00e1sa miatt az al\u00e1bbi <strong>helysz\u00edneken<\/strong> \u00e9s <strong>id\u0151pontokban<\/strong> t\u00f6rt\u00e9nik:<\/div>\n<p><span style=\"color: #ff0000\"><strong>FOG\u00c1SZATI \u00dcGYELETI ELL\u00c1T\u00c1S<br \/>\n<\/strong><\/span><strong><br \/>\n<\/strong><strong><u>H\u00c9TK\u00d6ZNAP:<\/u><\/strong> \u00a0<span style=\"color: #333399\"><em>Szentkir\u00e1lyi utca 47.<\/em>\u00a0\u00a0\u00a0<\/span>\u00a0\u00a0\u00a0\u00a0\u00a0\u00a0 <br \/>\n<strong>7.30-13.30<\/strong> \u00f3r\u00e1ig, <strong>13.30-19.30<\/strong> \u00f3r\u00e1ig<\/p>\n<p><strong><u>H\u00c9TV\u00c9GE:<\/u><\/strong>\u00a0 <span style=\"color: #000080\"><em>M\u00e1ria utca 52.<\/em>\u00a0\u00a0<\/span>\u00a0\u00a0\u00a0\u00a0\u00a0\u00a0\u00a0\u00a0\u00a0\u00a0\u00a0\u00a0\u00a0\u00a0\u00a0\u00a0\u00a0 <br \/>\n<strong>7:30-<\/strong><strong>19.30<\/strong> \u00f3r\u00e1ig<\/p>\n<p><strong><u>\u00c9JSZAKA:<\/u><\/strong> \u00a0 <span style=\"color: #000080\"><em>M\u00e1ria utca 52.<\/em>\u00a0\u00a0\u00a0\u00a0<\/span>\u00a0\u00a0\u00a0\u00a0\u00a0\u00a0\u00a0\u00a0\u00a0\u00a0\u00a0\u00a0\u00a0\u00a0\u00a0 <br \/>\n<strong>19.30-7.30<\/strong> \u00f3r\u00e1ig\u00a0<\/p>\n<p>\u00a0<br \/>\n<strong><span style=\"color: #ff0000\">SZ\u00c1JSEB\u00c9SZETI ELL\u00c1T\u00c1S (CSAK BEUTAL\u00d3VAL)<\/span><\/p>\n<p><\/strong><strong><u>H\u00c9TK\u00d6ZNAP:<\/u><\/strong>\u00a0 <span style=\"color: #000080\"><em>M\u00e1ria utca 52.<\/em>\u00a0<\/span>\u00a0\u00a0\u00a0\u00a0\u00a0\u00a0\u00a0\u00a0\u00a0\u00a0\u00a0\u00a0\u00a0\u00a0\u00a0\u00a0\u00a0 <br \/>\n<strong>7.30-13.30<\/strong> \u00f3r\u00e1ig, <strong>13.30-19.30<\/strong> \u00f3r\u00e1ig<\/p>\n<p><strong>\u00a0<br \/>\n<\/strong><strong><span style=\"color: #ff0000\">TOV\u00c1BBI FOGORVOSI ELL\u00c1T\u00c1S<\/span><\/p>\n<p><\/strong><strong><u>H\u00c9TK\u00d6ZNAP:<\/u><\/strong> \u00a0<span style=\"color: #000080\"><em>Szentkir\u00e1lyi utca 47.<\/em>\u00a0\u00a0\u00a0<\/span>\u00a0\u00a0\u00a0\u00a0\u00a0\u00a0 <br \/>\n<strong>7.30-13.30<\/strong> \u00f3r\u00e1ig, <strong>13.30-19.30<\/strong> \u00f3r\u00e1ig<\/p>\n<div class=\"w-100 keretes\">A pontos ell\u00e1t\u00e1sok helysz\u00edn\u00e9t itt tal\u00e1lj\u00e1k: <a href=\"https:\/\/semmelweis.hu\/fszoi\/files\/2025\/04\/Altalanos-tajekoztatas.pdf\"><strong>Betegell\u00e1t\u00e1s helysz\u00ednei<\/strong><\/a><\/div>\n<p>&nbsp;<\/p>\n","protected":false},"excerpt":{"rendered":"<p>2025. m\u00e1rcius 1-t\u0151l a Fog\u00e1szati \u00e9s Sz\u00e1jseb\u00e9szeti Oktat\u00f3 Int\u00e9zet betegell\u00e1t\u00e1sa az Int\u00e9zet fel\u00faj\u00edt\u00e1sa miatt az al\u00e1bbi helysz\u00edneken \u00e9s id\u0151pontokban t\u00f6rt\u00e9nik: FOG\u00c1SZATI \u00dcGYELETI ELL\u00c1T\u00c1S H\u00c9TK\u00d6ZNAP: \u00a0Szentkir\u00e1lyi utca 47.\u00a0\u00a0\u00a0\u00a0\u00a0\u00a0\u00a0\u00a0\u00a0 7.30-13.30 \u00f3r\u00e1ig, 13.30-19.30 \u00f3r\u00e1ig H\u00c9TV\u00c9GE:\u00a0 M\u00e1ria utca 52.\u00a0\u00a0\u00a0\u00a0\u00a0\u00a0\u00a0\u00a0\u00a0\u00a0\u00a0\u00a0\u00a0\u00a0\u00a0\u00a0\u00a0\u00a0\u00a0 7:30-19.30 \u00f3r\u00e1ig \u00c9JSZAKA: \u00a0 M\u00e1ria utca 52.\u00a0\u00a0\u00a0\u00a0\u00a0\u00a0\u00a0\u00a0\u00a0\u00a0\u00a0\u00a0\u00a0\u00a0\u00a0\u00a0\u00a0\u00a0\u00a0 19.30-7.30 \u00f3r\u00e1ig\u00a0 \u00a0 SZ\u00c1JSEB\u00c9SZETI ELL\u00c1T\u00c1S (CSAK BEUTAL\u00d3VAL) H\u00c9TK\u00d6ZNAP:\u00a0 M\u00e1ria utca 52.\u00a0\u00a0\u00a0\u00a0\u00a0\u00a0\u00a0\u00a0\u00a0\u00a0\u00a0\u00a0\u00a0\u00a0\u00a0\u00a0\u00a0\u00a0 7.30-13.30 \u00f3r\u00e1ig, &hellip;<\/p>\n","protected":false},"author":102174,"featured_media":0,"parent":0,"menu_order":0,"comment_status":"closed","ping_status":"closed","template":"","meta":{"_acf_changed":false,"footnotes":""},"categories":[],"tags":[],"class_list":["post-5331","page","type-page","status-publish","hentry"],"acf":[],"_links":{"self":[{"href":"https:\/\/semmelweis.hu\/fszoi\/wp-json\/wp\/v2\/pages\/5331","targetHints":{"allow":["GET"]}}],"collection":[{"href":"https:\/\/semmelweis.hu\/fszoi\/wp-json\/wp\/v2\/pages"}],"about":[{"href":"https:\/\/semmelweis.hu\/fszoi\/wp-json\/wp\/v2\/types\/page"}],"author":[{"embeddable":true,"href":"https:\/\/semmelweis.hu\/fszoi\/wp-json\/wp\/v2\/users\/102174"}],"replies":[{"embeddable":true,"href":"https:\/\/semmelweis.hu\/fszoi\/wp-json\/wp\/v2\/comments?post=5331"}],"version-history":[{"count":10,"href":"https:\/\/semmelweis.hu\/fszoi\/wp-json\/wp\/v2\/pages\/5331\/revisions"}],"predecessor-version":[{"id":5641,"href":"https:\/\/semmelweis.hu\/fszoi\/wp-json\/wp\/v2\/pages\/5331\/revisions\/5641"}],"wp:attachment":[{"href":"https:\/\/semmelweis.hu\/fszoi\/wp-json\/wp\/v2\/media?parent=5331"}],"wp:term":[{"taxonomy":"category","embeddable":true,"href":"https:\/\/semmelweis.hu\/fszoi\/wp-json\/wp\/v2\/categories?post=5331"},{"taxonomy":"post_tag","embeddable":true,"href":"https:\/\/semmelweis.hu\/fszoi\/wp-json\/wp\/v2\/tags?post=5331"}],"curies":[{"name":"wp","href":"https:\/\/api.w.org\/{rel}","templated":true}]}}