{"id":4633,"date":"2022-04-12T16:31:47","date_gmt":"2022-04-12T14:31:47","guid":{"rendered":"https:\/\/semmelweis.hu\/fszoi\/?page_id=4633"},"modified":"2026-02-05T13:50:42","modified_gmt":"2026-02-05T12:50:42","slug":"adatkezeles-adatvedelem","status":"publish","type":"page","link":"https:\/\/semmelweis.hu\/fszoi\/altalanos-informaciok\/adatkezeles-adatvedelem\/","title":{"rendered":"Adatkezel\u00e9s, adatv\u00e9delem"},"content":{"rendered":"<p><b>A FOG\u00c1SZATI \u00c9S SZ\u00c1JSEB\u00c9SZETI OKTAT\u00d3 INT\u00c9ZET\u00a0 <\/b><strong>\u00c1LTAL V\u00c9GZETT SZEM\u00c9LYES ADATKEZEL\u00c9SSEL KAPCSOLATOS INFORM\u00c1CI\u00d3K EL\u00c9RHET\u0150S\u00c9GE<\/strong><\/p>\n<p>&nbsp;<\/p>\n<p><strong>Fog\u00e1szati \u00e9s Sz\u00e1jseb\u00e9szeti Oktat\u00f3 Int\u00e9zet<\/strong> \u2013 adatkezel\u00e9si t\u00e1j\u00e9koztat\u00f3ja:<br \/>\n<a href=\"https:\/\/semmelweis.hu\/fszoi\/files\/2022\/05\/adatkezelesi-tajekoztato_FSZOI_2022.pdf\">Erre a linkre kattintva t\u00f6lthet\u0151 le<\/a><\/p>\n<p>1.1. Az adatkezel\u0151nek\u00a0<strong>a j\u00e1r\u00f3beteg ell\u00e1t\u00e1ssal kapcsolatos <\/strong>feladataival \u00f6sszef\u00fcgg\u0151 adatkezel\u00e9sekkel kapcsolatos inform\u00e1ci\u00f3k el\u00e9rhet\u0151s\u00e9ge:<br \/>\n<a href=\"https:\/\/semmelweis.hu\/fszoi\/files\/2022\/05\/adatkezelesi_nyilvantartas_jarobeteg_FSZOI_2022.pdf\">Erre a linkre kattintva let\u00f6lthet\u0151<\/a><\/p>\n<p>1.2. Az adatkezel\u0151<strong> tudom\u00e1nyos kutat\u00e1si\u00a0<\/strong>feladataival \u00f6sszef\u00fcgg\u0151 adatkezel\u00e9sekkel kapcsolatos inform\u00e1ci\u00f3k el\u00e9rhet\u0151s\u00e9ge:<br \/>\n<a href=\"https:\/\/semmelweis.hu\/fszoi\/files\/2026\/02\/Adatkezelesi-nyilvantartas-2026-FSZOI-tudomanyos-kutatas.pdf\">Erre a linkre kattintva let\u00f6lthet\u0151 a 2026-os t\u00e1bl\u00e1zat<\/a><br \/>\n<a href=\"https:\/\/semmelweis.hu\/fszoi\/files\/2025\/07\/tudomanyos_kutatasi_adatkezeles_2025ok.pdf\">Erre a linkre kattintva let\u00f6lthet\u0151 a 2025-\u00f6s t\u00e1bl\u00e1zat<\/a><br \/>\n<a href=\"https:\/\/semmelweis.hu\/fszoi\/files\/2022\/05\/adatkezelesi_nyilvantartas_tudomanyos_kutatas_FSZOI_2022.pdf\">Erre a linkre kattintva let\u00f6lthet\u0151 <span data-olk-copy-source=\"MessageBody\">2022-2024-es t\u00e1bl\u00e1zat<\/span><\/a><\/p>\n<p>1.3. Az adatkezel\u0151\u00a0<strong>munkajogi \u00e9s adminisztr\u00e1ci\u00f3s <\/strong>feladataival \u00f6sszef\u00fcgg\u0151 adatkezel\u00e9sekkel kapcsolatos inform\u00e1ci\u00f3k el\u00e9rhet\u0151s\u00e9ge:<br \/>\nAz al\u00e1bbi linkekr\u0151l t\u00f6lthet\u0151ek le:<\/p>\n<p><a href=\"https:\/\/semmelweis.hu\/fszoi\/files\/2022\/05\/adatkezelesi_nyilvantartas_munkaugy_FSZOI_2022.pdf\">adatkezel\u00e9si nyilv\u00e1ntart\u00e1s &#8211; munka\u00fcgy<\/a><br \/>\n<a href=\"https:\/\/semmelweis.hu\/fszoi\/files\/2022\/05\/adatkezelesi_nyilvantartas_penzugy_FSZOI_2022.pdf\">adatkezel\u00e9si nyilv\u00e1ntart\u00e1s &#8211; p\u00e9nz\u00fcgy<\/a><br \/>\n<a href=\"https:\/\/semmelweis.hu\/fszoi\/files\/2022\/05\/adatkezelesi_nyilvantartas_titkarsag_FSZOI_2022.pdf\">adatkezel\u00e9si nyilv\u00e1ntart\u00e1s &#8211; titk\u00e1rs\u00e1g<\/a><br \/>\n<a href=\"https:\/\/semmelweis.hu\/fszoi\/files\/2022\/05\/adatkezelesi_nyilvantartas_eu_szolg_FSZOI_2022.pdf\">adatkezel\u00e9si nyilv\u00e1ntart\u00e1s &#8211; e\u00fc. szolg\u00e1lat<\/a><\/p>\n","protected":false},"excerpt":{"rendered":"<p>A FOG\u00c1SZATI \u00c9S SZ\u00c1JSEB\u00c9SZETI OKTAT\u00d3 INT\u00c9ZET\u00a0 \u00c1LTAL V\u00c9GZETT SZEM\u00c9LYES ADATKEZEL\u00c9SSEL KAPCSOLATOS INFORM\u00c1CI\u00d3K EL\u00c9RHET\u0150S\u00c9GE &nbsp; Fog\u00e1szati \u00e9s Sz\u00e1jseb\u00e9szeti Oktat\u00f3 Int\u00e9zet \u2013 adatkezel\u00e9si t\u00e1j\u00e9koztat\u00f3ja: <a href=\"https:\/\/semmelweis.hu\/fszoi\/files\/2022\/05\/adatkezelesi-tajekoztato_FSZOI_2022.pdf\">Erre a linkre kattintva t\u00f6lthet\u0151 le<\/a> 1.1. Az adatkezel\u0151nek\u00a0a j\u00e1r\u00f3beteg ell\u00e1t\u00e1ssal kapcsolatos feladataival \u00f6sszef\u00fcgg\u0151 adatkezel\u00e9sekkel kapcsolatos inform\u00e1ci\u00f3k el\u00e9rhet\u0151s\u00e9ge: <a href=\"https:\/\/semmelweis.hu\/fszoi\/files\/2022\/05\/adatkezelesi_nyilvantartas_jarobeteg_FSZOI_2022.pdf\">Erre a linkre kattintva let\u00f6lthet\u0151<\/a> 1.2. Az adatkezel\u0151 tudom\u00e1nyos kutat\u00e1si\u00a0feladataival \u00f6sszef\u00fcgg\u0151 adatkezel\u00e9sekkel kapcsolatos inform\u00e1ci\u00f3k el\u00e9rhet\u0151s\u00e9ge: <a href=\"https:\/\/semmelweis.hu\/fszoi\/files\/2026\/02\/Adatkezelesi-nyilvantartas-2026-FSZOI-tudomanyos-kutatas.pdf\">Erre a linkre kattintva let\u00f6lthet\u0151 a 2026-os t\u00e1bl\u00e1zat<\/a> <a href=\"https:\/\/semmelweis.hu\/fszoi\/files\/2025\/07\/tudomanyos_kutatasi_adatkezeles_2025ok.pdf\">Erre a linkre kattintva let\u00f6lthet\u0151 a 2025-\u00f6s t\u00e1bl\u00e1zat<\/a> <a href=\"https:\/\/semmelweis.hu\/fszoi\/files\/2022\/05\/adatkezelesi_nyilvantartas_tudomanyos_kutatas_FSZOI_2022.pdf\">Erre a linkre kattintva let\u00f6lthet\u0151 2022-2024-es t\u00e1bl\u00e1zat<\/a> 1.3. Az adatkezel\u0151\u00a0munkajogi \u00e9s adminisztr\u00e1ci\u00f3s feladataival \u00f6sszef\u00fcgg\u0151 adatkezel\u00e9sekkel kapcsolatos inform\u00e1ci\u00f3k el\u00e9rhet\u0151s\u00e9ge: &hellip;<\/p>\n","protected":false},"author":101228,"featured_media":0,"parent":13,"menu_order":0,"comment_status":"closed","ping_status":"closed","template":"","meta":{"_acf_changed":false,"footnotes":""},"categories":[],"tags":[],"class_list":["post-4633","page","type-page","status-publish","hentry"],"acf":[],"_links":{"self":[{"href":"https:\/\/semmelweis.hu\/fszoi\/wp-json\/wp\/v2\/pages\/4633","targetHints":{"allow":["GET"]}}],"collection":[{"href":"https:\/\/semmelweis.hu\/fszoi\/wp-json\/wp\/v2\/pages"}],"about":[{"href":"https:\/\/semmelweis.hu\/fszoi\/wp-json\/wp\/v2\/types\/page"}],"author":[{"embeddable":true,"href":"https:\/\/semmelweis.hu\/fszoi\/wp-json\/wp\/v2\/users\/101228"}],"replies":[{"embeddable":true,"href":"https:\/\/semmelweis.hu\/fszoi\/wp-json\/wp\/v2\/comments?post=4633"}],"version-history":[{"count":10,"href":"https:\/\/semmelweis.hu\/fszoi\/wp-json\/wp\/v2\/pages\/4633\/revisions"}],"predecessor-version":[{"id":5627,"href":"https:\/\/semmelweis.hu\/fszoi\/wp-json\/wp\/v2\/pages\/4633\/revisions\/5627"}],"up":[{"embeddable":true,"href":"https:\/\/semmelweis.hu\/fszoi\/wp-json\/wp\/v2\/pages\/13"}],"wp:attachment":[{"href":"https:\/\/semmelweis.hu\/fszoi\/wp-json\/wp\/v2\/media?parent=4633"}],"wp:term":[{"taxonomy":"category","embeddable":true,"href":"https:\/\/semmelweis.hu\/fszoi\/wp-json\/wp\/v2\/categories?post=4633"},{"taxonomy":"post_tag","embeddable":true,"href":"https:\/\/semmelweis.hu\/fszoi\/wp-json\/wp\/v2\/tags?post=4633"}],"curies":[{"name":"wp","href":"https:\/\/api.w.org\/{rel}","templated":true}]}}