{"id":4290,"date":"2020-09-28T14:40:28","date_gmt":"2020-09-28T12:40:28","guid":{"rendered":"https:\/\/semmelweis.hu\/fszoi\/?page_id=4290"},"modified":"2020-09-30T14:43:45","modified_gmt":"2020-09-30T12:43:45","slug":"az-intezet-multja","status":"publish","type":"page","link":"https:\/\/semmelweis.hu\/fszoi\/altalanos-informaciok\/az-intezet-multja\/","title":{"rendered":"Az Int\u00e9zet m\u00faltja"},"content":{"rendered":"<p><strong>Az Int\u00e9zet m\u00faltja<\/strong><\/p>\n<p>A Fog\u00e1szati \u00e9s Sz\u00e1jseb\u00e9szeti Oktat\u00f3 Int\u00e9zet jogel\u0151dje a m\u00e9lt\u00e1n nagy m\u00falt\u00fa K\u00f6zponti Stomatol\u00f3giai Int\u00e9zet. Kende J\u00e1nos kezdem\u00e9nyez\u00e9s\u00e9re 1951. j\u00falius 1-j\u00e9vel Budapesten a Szentkir\u00e1lyi u. 40. sz. alatt fel\u00e1ll\u00edtott\u00e1k a K\u00f6zponti Fog\u00e1szati Rendel\u0151 \u00e9s Tov\u00e1bbk\u00e9pz\u0151 Int\u00e9zetet. Az itt dolgoz\u00f3 orvosok a II. vil\u00e1gh\u00e1bor\u00fat lez\u00e1r\u00f3an a fog\u00e1szati betegell\u00e1t\u00e1s sz\u00ednvonal\u00e1nak emel\u00e9se c\u00e9lj\u00e1b\u00f3l megalakult Csengery utcai Fog\u00e1szatai Oszt\u00e1ly tanrendel\u00e9s\u00e9r\u0151l ker\u00fcltek \u00e1t. N\u00e9gy \u00e9v m\u00falva kiadott miniszteri utas\u00edt\u00e1s alapj\u00e1n orsz\u00e1gos szint\u0171 szakmai \u00e9s szakfel\u00fcgyel\u0151i feladatokkal ruh\u00e1zt\u00e1k fel az Int\u00e9zetet, ami a K\u00f6zponti Stomatol\u00f3giai Int\u00e9zet nevet kapta. Az 1954-ben megjelent Eg\u00e9szs\u00e9g\u00fcgyi Miniszteri utas\u00edt\u00e1s k\u00f6telez\u0151v\u00e9 tette az orsz\u00e1gban dolgoz\u00f3 fogorvosok k\u00f6telez\u0151 3 \u00e9venk\u00e9nti tov\u00e1bbk\u00e9pz\u00e9s\u00e9t, mellyel az Int\u00e9zetet, azaz Kende professzort b\u00edzt\u00e1k meg. Ekkor m\u00e1r \u00f6n\u00e1ll\u00f3 fogorvosi karr\u00f3l ker\u00fcltek ki a fogorvosok. 1955-ben m\u00e1r t\u00f6bb mint 100 hallgat\u00f3 tov\u00e1bbk\u00e9pz\u00e9s\u00e9t bonyol\u00edtotta az Int\u00e9zet. Ezt k\u00f6vet\u0151en r\u00f6vid ideig dr. Ber\u00e9nyi B\u00e9la professzor kapott megb\u00edz\u00e1st az Int\u00e9zet vezet\u00e9s\u00e9re. Dr. Ors\u00f3s S\u00e1ndor, aki 1969-t\u0151l l\u00e1tta el az igazgat\u00f3i feladatokat, az \u00fajonnan megalakult Stomatol\u00f3giai Tansz\u00e9ket vezette. Mind szakmailag, mind szerkezetileg \u00fajj\u00e1szervezte \u00e9s \u00e1talak\u00edtotta a szakfel\u00fcgyel\u0151i rendszert. A magyar fogorvosi ell\u00e1t\u00f3 h\u00e1l\u00f3zat nemzetk\u00f6zi elismer\u00e9s\u00e9t neki \u00e9s munkat\u00e1rsainak siker\u00fclt kiv\u00edvnia. Ors\u00f3s professzor hal\u00e1la ut\u00e1n dr. V\u00e1g\u00f3 P\u00e9ter \u00e9s dr. Bod\u00f3 L\u00e1szl\u00f3 vett\u00e9k \u00e1t az Int\u00e9zet ir\u00e1ny\u00edt\u00e1s\u00e1t. Az Int\u00e9zet kezdetben a F\u0151v\u00e1rosi Tan\u00e1csi majd F\u0151v\u00e1rosi \u00d6nkorm\u00e1nyzati, ezt k\u00f6vet\u0151en a Gy\u00f3gyszer\u00e9szeti \u00e9s Eg\u00e9szs\u00e9g\u00fcgyi Min\u0151s\u00e9g- \u00e9s Szervezetfejleszt\u00e9si Int\u00e9zet (a mai \u00c1EEK) kezel\u00e9s\u00e9ben volt.<\/p>\n<p>2012 augusztus\u00e1ban a Gy\u00f3gyszer\u00e9szeti \u00e9s Eg\u00e9szs\u00e9g\u00fcgyi Min\u0151s\u00e9g- \u00e9s Szervezetfejleszt\u00e9si Int\u00e9zet (GYEMSZI) \u00e1ltal m\u0171k\u00f6dtetett K\u00f6zponti Stomatol\u00f3giai Int\u00e9zet f\u0151igazgat\u00f3i p\u00e1ly\u00e1zat nyertese az akkori fog\u00e1szati \u00e9s sz\u00e1jseb\u00e9szeti orsz\u00e1gos szakfel\u00fcgyel\u0151 f\u0151orvosa, Dr. Kivovics P\u00e9ter lett. \u00cdgy az Int\u00e9zet \u00e9s a Szakfel\u00fcgyelet ir\u00e1ny\u00edt\u00e1sa ism\u00e9telten egys\u00e9gess\u00e9 v\u00e1lt. Az utols\u00f3k\u00e9nt fennmaradt Orsz\u00e1gos Int\u00e9zet 2012. december 31-\u00e9n megsz\u0171nt, feladat\u00e1t a tov\u00e1bbiakban a Szakfel\u00fcgyelet l\u00e1tta el. Majd negyed\u00e9vvel k\u00e9s\u0151bb m\u00e1rcius 31-\u00e9n a K\u00f6zponti Stomatol\u00f3giai Int\u00e9zet az 1992. \u00e9vi XXXIII. t\u00f6rv\u00e9ny 25. \u00a7-a alapj\u00e1n az Emberi Er\u0151forr\u00e1sok Miniszt\u00e9riuma d\u00f6nt\u00e9se \u00e9rtelm\u00e9ben jogut\u00f3dl\u00e1ssal megsz\u0171nt, \u00e9s a Semmelweis Egyetem szervezet\u00e9be integr\u00e1l\u00f3dott, mint Fog\u00e1szati \u00e9s Sz\u00e1jseb\u00e9szeti Oktat\u00f3 Int\u00e9zet. Megb\u00edzott igazgat\u00f3 a megsz\u0171nt KSI f\u0151igazgat\u00f3ja, dr. Kivovics P\u00e9ter c. egyetemi tan\u00e1r lett. Tev\u00e9kenys\u00e9ge f\u0151 c\u00e9lj\u00e1nak az Int\u00e9zet Semmelweis Egyetem Fogorvostudom\u00e1nyi Kar\u00e1hoz val\u00f3 hozz\u00e1csatol\u00e1s\u00e1t tekintette, melyet rekordid\u0151 \u2013 9 h\u00f3nap \u2013 alatt v\u00e9ghezvitt. H\u00e1romnegyed \u00e9v el\u00e9g id\u0151 volt arra, hogy az el\u0151dje \u00e1ltal felhalmozott 300 milli\u00f3 forintos ad\u00f3ss\u00e1got ledolgozza \u00e9s nullszalad\u00f3ss\u00e1 tette az Int\u00e9zetet. Munk\u00e1ja sor\u00e1n elk\u00e9pzel\u00e9seit k\u00f6vetve a Fog\u00e1szati \u00e9s Sz\u00e1jseb\u00e9szeti Oktat\u00f3 Int\u00e9zet egy n\u00e9peg\u00e9szs\u00e9g\u00fcgyi fog\u00e1szati centrumm\u00e1 v\u00e1lt, ahol a prevenci\u00f3t\u00f3l, a s\u00fcrg\u0151ss\u00e9gi ell\u00e1t\u00e1son \u00e1t az implant\u00e1ci\u00f3s kezel\u00e9sekig folyik ell\u00e1t\u00e1s.<\/p>\n<p>&nbsp;<\/p>\n","protected":false},"excerpt":{"rendered":"<p>Az Int\u00e9zet m\u00faltja A Fog\u00e1szati \u00e9s Sz\u00e1jseb\u00e9szeti Oktat\u00f3 Int\u00e9zet jogel\u0151dje a m\u00e9lt\u00e1n nagy m\u00falt\u00fa K\u00f6zponti Stomatol\u00f3giai Int\u00e9zet. Kende J\u00e1nos kezdem\u00e9nyez\u00e9s\u00e9re 1951. j\u00falius 1-j\u00e9vel Budapesten a Szentkir\u00e1lyi u. 40. sz. alatt fel\u00e1ll\u00edtott\u00e1k a K\u00f6zponti Fog\u00e1szati Rendel\u0151 \u00e9s Tov\u00e1bbk\u00e9pz\u0151 Int\u00e9zetet. Az itt dolgoz\u00f3 orvosok a II. vil\u00e1gh\u00e1bor\u00fat lez\u00e1r\u00f3an a fog\u00e1szati betegell\u00e1t\u00e1s sz\u00ednvonal\u00e1nak emel\u00e9se c\u00e9lj\u00e1b\u00f3l megalakult Csengery utcai &hellip;<\/p>\n","protected":false},"author":101228,"featured_media":0,"parent":13,"menu_order":4,"comment_status":"closed","ping_status":"closed","template":"","meta":{"_acf_changed":false,"footnotes":""},"categories":[],"tags":[],"class_list":["post-4290","page","type-page","status-publish","hentry"],"acf":[],"_links":{"self":[{"href":"https:\/\/semmelweis.hu\/fszoi\/wp-json\/wp\/v2\/pages\/4290","targetHints":{"allow":["GET"]}}],"collection":[{"href":"https:\/\/semmelweis.hu\/fszoi\/wp-json\/wp\/v2\/pages"}],"about":[{"href":"https:\/\/semmelweis.hu\/fszoi\/wp-json\/wp\/v2\/types\/page"}],"author":[{"embeddable":true,"href":"https:\/\/semmelweis.hu\/fszoi\/wp-json\/wp\/v2\/users\/101228"}],"replies":[{"embeddable":true,"href":"https:\/\/semmelweis.hu\/fszoi\/wp-json\/wp\/v2\/comments?post=4290"}],"version-history":[{"count":1,"href":"https:\/\/semmelweis.hu\/fszoi\/wp-json\/wp\/v2\/pages\/4290\/revisions"}],"predecessor-version":[{"id":4291,"href":"https:\/\/semmelweis.hu\/fszoi\/wp-json\/wp\/v2\/pages\/4290\/revisions\/4291"}],"up":[{"embeddable":true,"href":"https:\/\/semmelweis.hu\/fszoi\/wp-json\/wp\/v2\/pages\/13"}],"wp:attachment":[{"href":"https:\/\/semmelweis.hu\/fszoi\/wp-json\/wp\/v2\/media?parent=4290"}],"wp:term":[{"taxonomy":"category","embeddable":true,"href":"https:\/\/semmelweis.hu\/fszoi\/wp-json\/wp\/v2\/categories?post=4290"},{"taxonomy":"post_tag","embeddable":true,"href":"https:\/\/semmelweis.hu\/fszoi\/wp-json\/wp\/v2\/tags?post=4290"}],"curies":[{"name":"wp","href":"https:\/\/api.w.org\/{rel}","templated":true}]}}