{"id":3865,"date":"2019-06-03T15:17:14","date_gmt":"2019-06-03T13:17:14","guid":{"rendered":"http:\/\/semmelweis.hu\/fszoi\/?page_id=3865"},"modified":"2021-01-11T13:39:56","modified_gmt":"2021-01-11T12:39:56","slug":"dr-struhar-gabriella-szakmai-oneletrajz","status":"publish","type":"page","link":"https:\/\/semmelweis.hu\/fszoi\/munkatarsak\/dr-struhar-gabriella-szakmai-oneletrajz\/","title":{"rendered":"dr. Struh\u00e1r Gabriella &#8211; szakmai \u00f6n\u00e9letrajz"},"content":{"rendered":"<p><strong>Szem\u00e9lyi adatok<\/strong><\/p>\n<p><strong><u>N\u00e9v:<\/u><\/strong> <br \/>\ndr. Struh\u00e1r Gabriella<\/p>\n<p><strong><u>Sz\u00fclet\u00e9si hely \u00e9s id\u0151:<\/u><\/strong> <br \/>\nGy\u0151r 1986.02.05.<\/p>\n<p><strong><u>Tanulm\u00e1nyok:<br \/>\n<\/u><\/strong> v\u00e9gz\u00e9s \u00e9ve 2009. Semmelweis Egyetem Fogorvostudom\u00e1nyi Kar, summa cum laude<\/p>\n<p><strong><u>Tudom\u00e1nyos tev\u00e9kenys\u00e9g:<\/u><\/strong> <br \/>\n2008 \u2013 TDK konferencia I. hely<\/p>\n<p><strong><u>Klinikai \u00e9s egy\u00e9b el\u0151menetel:<br \/>\n<\/u><\/strong> fogszab\u00e1lyoz\u00e1s szakorvos<\/p>\n<p><strong><u>Szakmai tapasztalat:<br \/>\n<\/u><\/strong> 2012 \u2013 fogszab\u00e1lyoz\u00e1s szakvizsga, kiv\u00e1l\u00f3an megfelelt<\/p>\n<p><strong><u>Nyelvismeret:<br \/>\n<\/u><\/strong> angol C t\u00edpus\u00fa k\u00f6z\u00e9pfok\u00fa nyelvvizsga<br \/>\nn\u00e9met C t\u00edpus\u00fa k\u00f6z\u00e9pfok\u00fa nyelvvizsga<\/p>\n<p><strong><u>Szervezeti tags\u00e1gok:<\/u><\/strong> <br \/>\nMagyar Orvosi Kamara<\/p>\n<p><strong><u>Publik\u00e1ci\u00f3k:<\/u><\/strong> <br \/>\n2012 \u2013 t\u00e1rsszerz\u0151 a Fogorvosi Szeml\u00e9ben k\u00f6z\u00f6lt cikkben: Fogorvosi Szemle 105.\u00e9vf.1.sz.2012. dr. Kucsera \u00c1gnes, dr. Struh\u00e1r Gabriella: Az occlusio \u00e9s az extrakci\u00f3 szerepe a fogszab\u00e1lyoz\u00e1sban T\u00f6rt\u00e9nelmi \u00e1ttekint\u00e9s<\/p>\n<p><strong><u>Szakmai tov\u00e1bbk\u00e9pz\u00e9sek:<\/u><\/strong><\/p>\n<p>-Dr.Ralf J. Radlanski: Harmony in function of the occlusion and the temporomandibular joint<\/p>\n<p>-Dr.Borb\u00e9ly P\u00e9ter: Multiband kezel\u00e9s l\u00e9p\u00e9sei<\/p>\n<p>-Dr.Chritophe Gualano: Lingualjet system<\/p>\n<p>-Dr.Horv\u00e1th J\u00e1nos: Kivehet\u0151 k\u00e9sz\u00fcl\u00e9kek tervez\u00e9se<\/p>\n<p>-Dr.Daniel Rollet: Bioprogressz\u00edv kezel\u00e9s tervez\u00e9se<\/p>\n<p>-Dr.Horv\u00e1th J\u00e1nos: A modern k\u00e9tf\u00e1zisos ortodonciai kezel\u00e9s elm\u00e9lete \u00e9s gyakorlata<\/p>\n<p>-Dr.Horv\u00e1th J\u00e1nos: Hagyom\u00e1nyos elj\u00e1r\u00e1sok \u00e9s \u00faj fejleszt\u00e9sek a fix k\u00e9sz\u00fcl\u00e9kes fogszab\u00e1lyoz\u00e1sban<\/p>\n<p>-Dr.Christoph Peter Bourauel: Biomechanika a fogszab\u00e1lyoz\u00e1sban, anyagismeret<\/p>\n<p>-Dr.Guido Sampermans: A II. \u00e9s III. oszt\u00e1ly\u00fa esetek diagn\u00f3zisa \u00e9s kezel\u00e9si lehet\u0151s\u00e9gei<\/p>\n<p>-Dr.Rudolf Slavicek: Gnatol\u00f3gia a fogszab\u00e1lyoz\u00e1sban, avagy mit\u0151l f\u00e1jhat az \u00edz\u00fclet?<\/p>\n<p>-Dr.Horv\u00e1th J\u00e1nos: Bevezet\u00e9s az egyenes\u00edves technik\u00e1ba<\/p>\n<p>-Dr.Rolf K\u00fchnert: Bevezet\u00e9s az Onyxceph ki\u00e9rt\u00e9kel\u00e9si rendszer\u00e9be<\/p>\n<p>-Dr.Daniel Rollet: Glob\u00e1lis szeml\u00e9let a fogszab\u00e1lyoz\u00e1sban<\/p>\n<p>-Dr.Raffaele Spena: The CCO system<\/p>\n<p>-Dr.Horv\u00e1th J\u00e1nos: Kivehet\u0151 k\u00e9sz\u00fcl\u00e9kek haszn\u00e1lata a jelenkori fogszab\u00e1lyoz\u00e1sban<\/p>\n<p>-Dr.Domingo Martin: Aktu\u00e1lis k\u00e9rd\u00e9sek a modern fogszab\u00e1lyoz\u00e1sban<\/p>\n<p>-Dr.Horv\u00e1th J\u00e1nos, Dr.Borb\u00e9ly P\u00e9ter: A szemfogak k\u00fcl\u00f6nleges jelent\u0151s\u00e9ge a fogszab\u00e1lyoz\u00e1sban<\/p>\n<p>-Dr.Lisa Alvetro, Dr.Jos\u00e9 Chaques Asensi: Complex cases- Hat\u00e9kony feln\u0151ttkori kezel\u00e9s<\/p>\n<p>-Dr.Thomas Lietz: Tomas System<\/p>\n<p>-Dr.Stefano Troiani, Dr.Turi Bassarelli: Orthodoncia: C\u00e9lok \u2013 Evidenci\u00e1k \u2013 Kezel\u00e9s, GET<\/p>\n","protected":false},"excerpt":{"rendered":"<p>Szem\u00e9lyi adatok N\u00e9v: dr. Struh\u00e1r Gabriella Sz\u00fclet\u00e9si hely \u00e9s id\u0151: Gy\u0151r 1986.02.05. Tanulm\u00e1nyok: v\u00e9gz\u00e9s \u00e9ve 2009. Semmelweis Egyetem Fogorvostudom\u00e1nyi Kar, summa cum laude Tudom\u00e1nyos tev\u00e9kenys\u00e9g: 2008 \u2013 TDK konferencia I. hely Klinikai \u00e9s egy\u00e9b el\u0151menetel: fogszab\u00e1lyoz\u00e1s szakorvos Szakmai tapasztalat: 2012 \u2013 fogszab\u00e1lyoz\u00e1s szakvizsga, kiv\u00e1l\u00f3an megfelelt Nyelvismeret: angol C t\u00edpus\u00fa k\u00f6z\u00e9pfok\u00fa nyelvvizsga n\u00e9met C t\u00edpus\u00fa k\u00f6z\u00e9pfok\u00fa &hellip;<\/p>\n","protected":false},"author":101228,"featured_media":0,"parent":78,"menu_order":0,"comment_status":"closed","ping_status":"closed","template":"","meta":{"_acf_changed":false,"footnotes":""},"categories":[],"tags":[],"class_list":["post-3865","page","type-page","status-publish","hentry"],"acf":[],"_links":{"self":[{"href":"https:\/\/semmelweis.hu\/fszoi\/wp-json\/wp\/v2\/pages\/3865","targetHints":{"allow":["GET"]}}],"collection":[{"href":"https:\/\/semmelweis.hu\/fszoi\/wp-json\/wp\/v2\/pages"}],"about":[{"href":"https:\/\/semmelweis.hu\/fszoi\/wp-json\/wp\/v2\/types\/page"}],"author":[{"embeddable":true,"href":"https:\/\/semmelweis.hu\/fszoi\/wp-json\/wp\/v2\/users\/101228"}],"replies":[{"embeddable":true,"href":"https:\/\/semmelweis.hu\/fszoi\/wp-json\/wp\/v2\/comments?post=3865"}],"version-history":[{"count":1,"href":"https:\/\/semmelweis.hu\/fszoi\/wp-json\/wp\/v2\/pages\/3865\/revisions"}],"predecessor-version":[{"id":3866,"href":"https:\/\/semmelweis.hu\/fszoi\/wp-json\/wp\/v2\/pages\/3865\/revisions\/3866"}],"up":[{"embeddable":true,"href":"https:\/\/semmelweis.hu\/fszoi\/wp-json\/wp\/v2\/pages\/78"}],"wp:attachment":[{"href":"https:\/\/semmelweis.hu\/fszoi\/wp-json\/wp\/v2\/media?parent=3865"}],"wp:term":[{"taxonomy":"category","embeddable":true,"href":"https:\/\/semmelweis.hu\/fszoi\/wp-json\/wp\/v2\/categories?post=3865"},{"taxonomy":"post_tag","embeddable":true,"href":"https:\/\/semmelweis.hu\/fszoi\/wp-json\/wp\/v2\/tags?post=3865"}],"curies":[{"name":"wp","href":"https:\/\/api.w.org\/{rel}","templated":true}]}}

dr. Struhár Gabriella &#8211; szakmai önéletrajz

<p><strong>Személyi adatok</strong></p>
<p><strong><u>Név:</u></strong> <br />
dr. Struhár Gabriella</p>
<p><strong><u>Születési hely és idő:</u></strong> <br />
Győr 1986.02.05.</p>
<p><strong><u>Tanulmányok:<br />
</u></strong> végzés éve 2009. Semmelweis Egyetem Fogorvostudományi Kar, summa cum laude</p>
<p><strong><u>Tudományos tevékenység:</u></strong> <br />
2008 – TDK konferencia I. hely</p>
<p><strong><u>Klinikai és egyéb előmenetel:<br />
</u></strong> fogszabályozás szakorvos</p>
<p><strong><u>Szakmai tapasztalat:<br />
</u></strong> 2012 – fogszabályozás szakvizsga, kiválóan megfelelt</p>
<p><strong><u>Nyelvismeret:<br />
</u></strong> angol C típusú középfokú nyelvvizsga<br />
német C típusú középfokú nyelvvizsga</p>
<p><strong><u>Szervezeti tagságok:</u></strong> <br />
Magyar Orvosi Kamara</p>
<p><strong><u>Publikációk:</u></strong> <br />
2012 – társszerző a Fogorvosi Szemlében közölt cikkben: Fogorvosi Szemle 105.évf.1.sz.2012. dr. Kucsera Ágnes, dr. Struhár Gabriella: Az occlusio és az extrakció szerepe a fogszabályozásban Történelmi áttekintés</p>
<p><strong><u>Szakmai továbbképzések:</u></strong></p>
<p>-Dr.Ralf J. Radlanski: Harmony in function of the occlusion and the temporomandibular joint</p>
<p>-Dr.Borbély Péter: Multiband kezelés lépései</p>
<p>-Dr.Chritophe Gualano: Lingualjet system</p>
<p>-Dr.Horváth János: Kivehető készülékek tervezése</p>
<p>-Dr.Daniel Rollet: Bioprogresszív kezelés tervezése</p>
<p>-Dr.Horváth János: A modern kétfázisos ortodonciai kezelés elmélete és gyakorlata</p>
<p>-Dr.Horváth János: Hagyományos eljárások és új fejlesztések a fix készülékes fogszabályozásban</p>
<p>-Dr.Christoph Peter Bourauel: Biomechanika a fogszabályozásban, anyagismeret</p>
<p>-Dr.Guido Sampermans: A II. és III. osztályú esetek diagnózisa és kezelési lehetőségei</p>
<p>-Dr.Rudolf Slavicek: Gnatológia a fogszabályozásban, avagy mitől fájhat az ízület?</p>
<p>-Dr.Horváth János: Bevezetés az egyenesíves technikába</p>
<p>-Dr.Rolf Kühnert: Bevezetés az Onyxceph kiértékelési rendszerébe</p>
<p>-Dr.Daniel Rollet: Globális szemlélet a fogszabályozásban</p>
<p>-Dr.Raffaele Spena: The CCO system</p>
<p>-Dr.Horváth János: Kivehető készülékek használata a jelenkori fogszabályozásban</p>
<p>-Dr.Domingo Martin: Aktuális kérdések a modern fogszabályozásban</p>
<p>-Dr.Horváth János, Dr.Borbély Péter: A szemfogak különleges jelentősége a fogszabályozásban</p>
<p>-Dr.Lisa Alvetro, Dr.José Chaques Asensi: Complex cases- Hatékony felnőttkori kezelés</p>
<p>-Dr.Thomas Lietz: Tomas System</p>
<p>-Dr.Stefano Troiani, Dr.Turi Bassarelli: Orthodoncia: Célok – Evidenciák – Kezelés, GET</p>

<p>Személyi adatok Név: dr. Struhár Gabriella Születési hely és idő: Győr 1986.02.05. Tanulmányok: végzés éve 2009. Semmelweis Egyetem Fogorvostudományi Kar, summa cum laude Tudományos tevékenység: 2008 – TDK konferencia I. hely Klinikai és egyéb előmenetel: fogszabályozás szakorvos Szakmai tapasztalat: 2012 – fogszabályozás szakvizsga, kiválóan megfelelt Nyelvismeret: angol C típusú középfokú nyelvvizsga német C típusú középfokú &hellip;</p>
