{"id":3728,"date":"2019-02-13T11:22:47","date_gmt":"2019-02-13T10:22:47","guid":{"rendered":"http:\/\/semmelweis.hu\/fszoi\/?page_id=3728"},"modified":"2019-02-13T11:22:47","modified_gmt":"2019-02-13T10:22:47","slug":"dr-kivovics-marton-szakmai-oneletrajz","status":"publish","type":"page","link":"https:\/\/semmelweis.hu\/fszoi\/en\/dr-kivovics-marton-szakmai-oneletrajz\/","title":{"rendered":"dr. Kivovics M\u00e1rton &#8211; szakmai \u00f6n\u00e9letrajz"},"content":{"rendered":"<p><strong>Szem\u00e9lyi adatok<\/strong><\/p>\n<p>N\u00e9v: Dr. Kivovics M\u00e1rton<\/p>\n<p>Sz\u00fclet\u00e9si hely \u00e9s id\u0151: Budapest, 1985.09.13.<\/p>\n<p><strong>Tanulm\u00e1nyok<\/strong><\/p>\n<p>2010-2018.\u00a0\u00a0\u00a0\u00a0\u00a0\u00a0\u00a0\u00a0\u00a0\u00a0\u00a0\u00a0\u00a0\u00a0\u00a0\u00a0\u00a0\u00a0\u00a0\u00a0\u00a0\u00a0\u00a0\u00a0\u00a0 Semmelweis Egyetem, Doktori Iskola, Ph.D. fokozat, <em>summa cum laude<\/em> min\u0151s\u00edt\u00e9ssel<\/p>\n<p>2009-2012. \u00a0\u00a0\u00a0\u00a0\u00a0\u00a0\u00a0\u00a0\u00a0\u00a0\u00a0\u00a0\u00a0\u00a0\u00a0\u00a0\u00a0\u00a0\u00a0\u00a0\u00a0\u00a0\u00a0 Semmelweis Egyetem, Or\u00e1lis Diagnosztika Tansz\u00e9k, dento-alveol\u00e1ris seb\u00e9sz szakvizsga<\/p>\n<p>2004-2009.\u00a0\u00a0\u00a0\u00a0\u00a0\u00a0\u00a0\u00a0\u00a0\u00a0\u00a0\u00a0\u00a0\u00a0\u00a0\u00a0\u00a0\u00a0\u00a0\u00a0\u00a0\u00a0\u00a0\u00a0\u00a0 Semmelweis Egyetem, Fogorvostudom\u00e1nyi Kar, fogorvosdoktori diploma <em>summa cum laude<\/em> min\u0151s\u00edt\u00e9ssel<\/p>\n<p>1992-2004. \u00a0\u00a0\u00a0\u00a0\u00a0\u00a0\u00a0\u00a0\u00a0\u00a0\u00a0\u00a0\u00a0\u00a0\u00a0\u00a0\u00a0\u00a0\u00a0\u00a0\u00a0\u00a0\u00a0 Fazekas Mih\u00e1ly F\u0151v\u00e1rosi Gyakorl\u00f3 Iskola \u00e9s Gimn\u00e1zium<\/p>\n<p><strong>Tudom\u00e1nyos tev\u00e9kenys\u00e9g<\/strong><\/p>\n<p>2018.\u00a0 \u00a0 \u00a0 \u00a0 \u00a0 \u00a0 \u00a0 \u00a0 \u00a0 \u00a0 \u00a0 \u00a0 \u00a0 \u00a0 \u00a0 \u00a0 \u00a0 \u00a0Ph.D. fokozat megszerz\u00e9se: \u201eBioanyagok felhaszn\u00e1l\u00e1sa az arc- \u00e1llcsont- \u00e9s sz\u00e1jk\u00e9pletek seb\u00e9szi helyre\u00e1ll\u00edt\u00e1s\u00e1ban\u201d<\/p>\n<p><strong>Klinikai \u00e9s egy\u00e9b el\u0151menetel<\/strong><\/p>\n<p>2012-2014. klinikai szakorvos<\/p>\n<p>2014-2018. egyetemi tan\u00e1rseg\u00e9d<\/p>\n<p>2018- egyetemi adjunktus<\/p>\n<p><strong>Szakmai tapasztalat<\/strong><\/p>\n<p>2014-2018.<strong>\u00a0\u00a0\u00a0\u00a0\u00a0\u00a0\u00a0\u00a0\u00a0 <\/strong>Semmelweis Egyetem, Fog\u00e1szati \u00e9s Sz\u00e1jseb\u00e9szeti Oktat\u00f3 Int\u00e9zet, Sz\u00e1jseb\u00e9szeti Oszt\u00e1ly &#8211; oszt\u00e1lyvezet\u0151 f\u0151orvos, egyetemi tan\u00e1rseg\u00e9d<\/p>\n<p>2012\u2013 2014. \u00a0\u00a0\u00a0\u00a0\u00a0 Semmelweis Egyetem, Or\u00e1lis Diagnosztika Tansz\u00e9k, klinikai szakorvos<\/p>\n<p><strong>Nyelvismeret<\/strong><\/p>\n<p>Angol<\/p>\n<p>Olasz<\/p>\n<p><strong>Szervezeti tags\u00e1gok<\/strong><\/p>\n<p>\u00cdrorsz\u00e1gi Orvosi Regiszter<\/p>\n<p>Magyar Orvosi Kamara<\/p>\n<p>Magyar Fogorvosok Egyes\u00fclete<\/p>\n<p>ITI (International Team for Implantology) tag<\/p>\n<p>MA\u00c1SZT (Magyar Arc-, \u00c1llcsont- \u00e9s Sz\u00e1jseb\u00e9szeti T\u00e1rsas\u00e1g) tag\u00a0<\/p>\n<p>MPFT (Magyar Prevent\u00edv Fog\u00e1szati T\u00e1rsas\u00e1g) p\u00e9nzt\u00e1ros<\/p>\n<p>&nbsp;<\/p>\n<p><strong>Publik\u00e1ci\u00f3k<\/strong><\/p>\n<ol>\n<li>Kivovics M, Mih\u00e1lyi Sz, Suba Zs, Gyulai-Ga\u00e1l Sz. S\u00f6vettani vizsg\u00e1latok az ambul\u00e1ns sz\u00e1jseb\u00e9szeti gyakorlatban. Fogorv Szemle, 2012. 9-12.<\/li>\n<li>Kivovics M. (2013) \u201eOsteobiol\u201d \u00e9s a Magyarorsz\u00e1gon alkalmazott csontp\u00f3tl\u00f3 anyagok (irodalmi \u00f6sszefoglal\u00e1s). Fogorv Szemle, 106:33-38.<\/li>\n<li>N\u00e9meth O, Kivovics M, Garami MI. Late Oral Consequences of Chemotherapy in Children Cancer Survivors. J Dent Res, 2013. 92: Paper 55.<\/li>\n<li>Nemeth O, Kivovics M, Pinke I, Marton K, Kivovics P, Garami M. Late effects of multiagent chemotherapy on salivary secretion in children cancer survivors. J Am Coll Nutr, 2014. 33:(3):186-9.<\/li>\n<li>Strasser-Solti F, Makra D, Kivovics M, Kivovics P. Cystasz\u0171k\u00edt\u0151 k\u00e9sz\u00fcl\u00e9kek form\u00e1i \u00e9s alkalmaz\u00e1si lehet\u0151s\u00e9gei. Magyar Fogorvos, 2016. (6): 298-300.<\/li>\n<li>B\u00e9cser J, Kiss D, Kivovics M. Parodontitis \u00e9s periimplantitis diagnosztiz\u00e1l\u00e1sa az aktiv\u00e1lt m\u00e1trix-metalloprotein\u00e1z-8 (aMMP-8) kimutat\u00e1s\u00e1ra alkalmazott teszt seg\u00edts\u00e9g\u00e9vel, \u00e9s ennek n\u00e9peg\u00e9szs\u00e9g\u00fcgyi jelent\u0151s\u00e9ge. Magyar Fogorvos, 2016. 25:(3) 142-144.<\/li>\n<li>Kivovics M, Szab\u00f3 B T, N\u00e9meth O, Tari N, D\u0151ri F, Nagy P, Dob\u00f3-Nagy C, Szab\u00f3 G. (2017) Microarchitectural study of the augmented bone following ridge preservation with a porcine xenograft and a collagen membrane: preliminary report of a prospective clinical, histological, and micro-computed tomography analysis. Int J Oral Maxillofac Surg, 46(2):250-260.<\/li>\n<li>G\u00e1ng\u00f3 J, Vad\u00f3cz R, Derd\u00e1k D, N\u00e9meth O, Kivovics M. (2017) Prev\u00e4lenz der periimplant\u00e4ren Entz\u00fcndungen und ihre Behandlung. Implantologie Journal, 4:49-53.<\/li>\n<li>Szab\u00f3 B T, Kivovics M. Micromorphometrical analysis of the augmented bone following ridge preservation: prospective histological and micro-computed tomography analysis. Oral presentation presented at The 21st International Congress of Dental and Maxillo-Facial Radiography; 2017 April 26-29; Koahsiung, Taiwan.<\/li>\n<li>Kivovics M, Szab\u00f3 B T, N\u00e9meth O, D\u0151ri F, Dob\u00f3-Nagy C, Nagy P, Cs\u00f6nge L, Lacza Z, Szab\u00f3 G. Microarchitectural study of the augmented bone following sinus elevation with an albumin coated demineralized freeze-dried bone allograft (BoneAlbumin): Preliminary report of a prospective clinical, histological, and micro-computed tomography analysis. Poster session presented at International team for implantology World Symposium; 2017 May 4-6; Basel, Switzerland. .<\/li>\n<li>\u00a0Nikoli R, Kivovics M. Cardiovascul\u00e1risan kompromitt\u00e1lt betegek ambul\u00e1ns sz\u00e1jseb\u00e9szeti ell\u00e1t\u00e1sa. Magyar Fogorvos, 2017. 26:(4): 162-168.<\/li>\n<li>Kivovics M, Szab\u00f3 BT, N\u00e9meth O, Czink\u00f3czky B, D\u0151ri F, Nagy P, Dob\u00f3-Nagy C, Cs\u00f6nge L, Lacza Z, Mijiritsky E, Szab\u00f3 G. Microarchitecture of the Augmented Bone Following Sinus Elevation with an Albumin Impregnated Demineralized Freeze-Dried Bone Allograft (BoneAlbumin) versus Anorganic Bovine Bone Mineral: A Randomized Prospective Clinical, Histomorphometric, and Micro-Computed Tomography Study. Materials, 2018. 11:(2) Paper 202. 14 p.<\/li>\n<li>G\u00e1ng\u00f3 J, Simon F, N\u00e9meth O. Kivovics M. Air abrasive cleaning an widening the keratinized gingiva with e-ctg during surgical peri-implantitis treatment. Poster session presented at Europerio 9; 2018 June 20-23; Amsterdam, The Netherlands.<\/li>\n<li>Simon F, G\u00e1ng\u00f3 J, Kivovics M, N\u00e9meth O. A parodont\u00e1lis k\u00f3rk\u00e9pek \u00faj oszt\u00e1lyoz\u00e1sa. Magyar Fogorvos 2018. 2. 138-143.<\/li>\n<li>Kivovics M, Szab\u00f3 B, T. A csontp\u00f3tolt ter\u00fclet microarchitectur\u00e1lis vizsg\u00e1lata histomorphometriai \u00e9s micro CT m\u00f3dszerekkel arc\u00fcreg augment\u00e1ci\u00f3t k\u00f6vet\u0151en el\u0151ad\u00e1s a Magyar Arc-, \u00c1llcsont-, Sz\u00e1jseb\u00e9szeti T\u00e1rsas\u00e1g XXII. Kongresszus\u00e1n 2018. Szeptember 28-30., Szeged, Magyarorsz\u00e1g<\/li>\n<\/ol>\n<p>&nbsp;<\/p>\n<p><strong>\u00a0<\/strong><\/p>\n","protected":false},"excerpt":{"rendered":"<p>Szem\u00e9lyi adatok N\u00e9v: Dr. Kivovics M\u00e1rton Sz\u00fclet\u00e9si hely \u00e9s id\u0151: Budapest, 1985.09.13. Tanulm\u00e1nyok 2010-2018.\u00a0\u00a0\u00a0\u00a0\u00a0\u00a0\u00a0\u00a0\u00a0\u00a0\u00a0\u00a0\u00a0\u00a0\u00a0\u00a0\u00a0\u00a0\u00a0\u00a0\u00a0\u00a0\u00a0\u00a0\u00a0 Semmelweis Egyetem, Doktori Iskola, Ph.D. fokozat, summa cum laude min\u0151s\u00edt\u00e9ssel 2009-2012. \u00a0\u00a0\u00a0\u00a0\u00a0\u00a0\u00a0\u00a0\u00a0\u00a0\u00a0\u00a0\u00a0\u00a0\u00a0\u00a0\u00a0\u00a0\u00a0\u00a0\u00a0\u00a0\u00a0 Semmelweis Egyetem, Or\u00e1lis Diagnosztika Tansz\u00e9k, dento-alveol\u00e1ris seb\u00e9sz szakvizsga 2004-2009.\u00a0\u00a0\u00a0\u00a0\u00a0\u00a0\u00a0\u00a0\u00a0\u00a0\u00a0\u00a0\u00a0\u00a0\u00a0\u00a0\u00a0\u00a0\u00a0\u00a0\u00a0\u00a0\u00a0\u00a0\u00a0 Semmelweis Egyetem, Fogorvostudom\u00e1nyi Kar, fogorvosdoktori diploma summa cum laude min\u0151s\u00edt\u00e9ssel 1992-2004. \u00a0\u00a0\u00a0\u00a0\u00a0\u00a0\u00a0\u00a0\u00a0\u00a0\u00a0\u00a0\u00a0\u00a0\u00a0\u00a0\u00a0\u00a0\u00a0\u00a0\u00a0\u00a0\u00a0 Fazekas Mih\u00e1ly F\u0151v\u00e1rosi Gyakorl\u00f3 Iskola \u00e9s Gimn\u00e1zium Tudom\u00e1nyos &hellip;<\/p>\n","protected":false},"author":101228,"featured_media":0,"parent":0,"menu_order":0,"comment_status":"closed","ping_status":"closed","template":"","meta":{"_acf_changed":false,"footnotes":""},"categories":[],"tags":[],"class_list":["post-3728","page","type-page","status-publish","hentry"],"acf":[],"_links":{"self":[{"href":"https:\/\/semmelweis.hu\/fszoi\/wp-json\/wp\/v2\/pages\/3728","targetHints":{"allow":["GET"]}}],"collection":[{"href":"https:\/\/semmelweis.hu\/fszoi\/wp-json\/wp\/v2\/pages"}],"about":[{"href":"https:\/\/semmelweis.hu\/fszoi\/wp-json\/wp\/v2\/types\/page"}],"author":[{"embeddable":true,"href":"https:\/\/semmelweis.hu\/fszoi\/wp-json\/wp\/v2\/users\/101228"}],"replies":[{"embeddable":true,"href":"https:\/\/semmelweis.hu\/fszoi\/wp-json\/wp\/v2\/comments?post=3728"}],"version-history":[{"count":1,"href":"https:\/\/semmelweis.hu\/fszoi\/wp-json\/wp\/v2\/pages\/3728\/revisions"}],"predecessor-version":[{"id":3729,"href":"https:\/\/semmelweis.hu\/fszoi\/wp-json\/wp\/v2\/pages\/3728\/revisions\/3729"}],"wp:attachment":[{"href":"https:\/\/semmelweis.hu\/fszoi\/wp-json\/wp\/v2\/media?parent=3728"}],"wp:term":[{"taxonomy":"category","embeddable":true,"href":"https:\/\/semmelweis.hu\/fszoi\/wp-json\/wp\/v2\/categories?post=3728"},{"taxonomy":"post_tag","embeddable":true,"href":"https:\/\/semmelweis.hu\/fszoi\/wp-json\/wp\/v2\/tags?post=3728"}],"curies":[{"name":"wp","href":"https:\/\/api.w.org\/{rel}","templated":true}]}}